{"id":1326,"date":"2019-11-13T21:29:11","date_gmt":"2019-11-13T20:29:11","guid":{"rendered":"https:\/\/agora.xtec.cat\/esc-merce-pla\/?page_id=1326"},"modified":"2020-03-24T19:19:59","modified_gmt":"2020-03-24T18:19:59","slug":"erasmus","status":"publish","type":"page","link":"https:\/\/agora.xtec.cat\/esc-merce-pla\/erasmus\/","title":{"rendered":"Erasmus +"},"content":{"rendered":"<p>&nbsp;<\/p>\n<p><a href=\"https:\/\/agora.xtec.cat\/esc-merce-pla\/wp-content\/uploads\/usu552\/2019\/08\/cap_erasmus.jpg\"><img loading=\"lazy\" decoding=\"async\" class=\"alignnone size-large wp-image-673\" src=\"https:\/\/agora.xtec.cat\/esc-merce-pla\/wp-content\/uploads\/usu552\/2019\/08\/cap_erasmus-1024x93.jpg\" alt=\"\" width=\"1024\" height=\"93\" srcset=\"https:\/\/agora.xtec.cat\/esc-merce-pla\/wp-content\/uploads\/usu552\/2019\/08\/cap_erasmus-1024x93.jpg 1024w, https:\/\/agora.xtec.cat\/esc-merce-pla\/wp-content\/uploads\/usu552\/2019\/08\/cap_erasmus-300x27.jpg 300w, https:\/\/agora.xtec.cat\/esc-merce-pla\/wp-content\/uploads\/usu552\/2019\/08\/cap_erasmus-768x70.jpg 768w, https:\/\/agora.xtec.cat\/esc-merce-pla\/wp-content\/uploads\/usu552\/2019\/08\/cap_erasmus.jpg 1223w\" sizes=\"auto, (max-width: 1024px) 100vw, 1024px\" \/><\/a><\/p>\n<p><a href=\"https:\/\/ec.europa.eu\/programmes\/erasmus-plus\/node_es\">Erasmus +<\/a> \u00e9s el programa de la UE en els \u00e0mbits de l\u2019educaci\u00f3, la formaci\u00f3, la joventut i l\u2019esport per al per\u00edode 2014-2020\u00a0 i dona suport a l\u2019aplicaci\u00f3 de l\u2019Agenda Pol\u00edtica Europea destinada al creixement, l\u2019ocupaci\u00f3, l\u2019equitat i inclusi\u00f3.<\/p>\n<p>El projecte en que participarem s\u2019enmarca en l\u2019acci\u00f3 clau 2 del programa Erasmus+ que promou la cooperaci\u00f3 per a la innovaci\u00f3 i l\u2019intercanvi de bones pr\u00e0ctiques. La proposta planteja una associaci\u00f3 bilateral que reuneixi dues escoles d\u2019educaci\u00f3 especial per compartir pr\u00e0ctiques que ens ajudin a identificar i superar les dificultats amb que topen els joves amb NEE en la transici\u00f3 de l\u2019escola a l\u2019edat adulta. Analitzarem com es pot desenvolupar la resili\u00e8ncia emocional per gestionar el canvi, les noves experi\u00e8ncies i les expectatives dels altres i explorarem diferents enfocaments en els contextos del Regne Unit i Espanya.<\/p>\n<p>Aix\u00ed en els propers dos cursos treballarem conjuntament amb\u00a0<a href=\"http:\/\/www.eastsilc.org\/page\/john-jamieson-school\">East SILC John Jamieson<\/a>, una escola d\u2019educaci\u00f3 especial situada a l\u2019est de la ciutat de Leeds, en una zona que mostra proced\u00e8ncies socials i econ\u00f2miques molt contrastades. Durant el per\u00edode tenim previst realitzar diferents visites, sobre les quals ja us anirem informant properament.<\/p>\n<h2 style=\"text-align: center;\"><a href=\"https:\/\/agora.xtec.cat\/esc-merce-pla\/categoria\/erasmus\/\">Bloc de l&#8217;Erasmus+<\/a><\/h2>\n<p><a href=\"https:\/\/ec.europa.eu\/programmes\/erasmus-plus\/node_es\">Erasmus +<\/a>\u00a0is the EU program in the fields of education, training, youth and sport for the period 2014-2020 and supports the implementation of the European Political Agenda for growth, employment, equity and inclusion.<\/p>\n<p>The project in which we participate is part of the key action 2 of the Erasmus + program that promotes cooperation for innovation and the exchange of good practices. The proposal raises a bilateral association that brings together two schools of special education to share practices that help us identify and overcome the difficulties that young people with NEE encounter in the transition from school to adulthood. We will analyze how emotional resilience can be developed to manage change, new experiences and the expectations of others, and explore different approaches in the contexts of the United Kingdom and Spain.<\/p>\n<p>Thus, in the next two years, we will work together with\u00a0<a href=\"http:\/\/www.eastsilc.org\/page\/john-jamieson-school\">East SILC John Jamieson<\/a>, a special education school located east of the city of Leeds. During the period we plan to make different visits, on which we will inform you soon.<\/p>\n<h2 style=\"text-align: center;\"><a href=\"https:\/\/agora.xtec.cat\/esc-merce-pla\/categoria\/erasmus\/erasmusen\/\">Eramus+ blog<\/a><\/h2>\n<p>&nbsp;<\/p>\n","protected":false},"excerpt":{"rendered":"<p>&nbsp;<br \/>\n<a href=\"https:\/\/agora.xtec.cat\/esc-merce-pla\/wp-content\/uploads\/usu552\/2019\/08\/cap_erasmus.jpg\"><\/a><br \/>\n<a href=\"https:\/\/ec.europa.eu\/programmes\/erasmus-plus\/node_es\">Erasmus +<\/a> \u00e9s el programa de la UE en els \u00e0mbits de l\u2019educaci\u00f3, la formaci\u00f3, la joventut i l\u2019esport per al per\u00edode 2014-2020\u00a0 i dona suport a l\u2019aplicaci\u00f3 de l\u2019Agenda Pol\u00edtica Europea destinada al creixement, l\u2019ocupaci\u00f3, l\u2019equitat i inclusi\u00f3.<br \/>\nEl projecte en que participarem&hellip;  <a href=\"https:\/\/agora.xtec.cat\/esc-merce-pla\/erasmus\/\" title=\"Read Erasmus +\">Llegeix m\u00e9s\u00bb<\/a><\/p>\n","protected":false},"author":1,"featured_media":0,"parent":0,"menu_order":0,"comment_status":"closed","ping_status":"closed","template":"page-templates\/side-menu.php","meta":{"_bbp_topic_count":0,"_bbp_reply_count":0,"_bbp_total_topic_count":0,"_bbp_total_reply_count":0,"_bbp_voice_count":0,"_bbp_anonymous_reply_count":0,"_bbp_topic_count_hidden":0,"_bbp_reply_count_hidden":0,"_bbp_forum_subforum_count":0,"footnotes":""},"class_list":["post-1326","page","type-page","status-publish","hentry"],"post_mailing_queue_ids":[],"_links":{"self":[{"href":"https:\/\/agora.xtec.cat\/esc-merce-pla\/wp-json\/wp\/v2\/pages\/1326","targetHints":{"allow":["GET"]}}],"collection":[{"href":"https:\/\/agora.xtec.cat\/esc-merce-pla\/wp-json\/wp\/v2\/pages"}],"about":[{"href":"https:\/\/agora.xtec.cat\/esc-merce-pla\/wp-json\/wp\/v2\/types\/page"}],"author":[{"embeddable":true,"href":"https:\/\/agora.xtec.cat\/esc-merce-pla\/wp-json\/wp\/v2\/users\/1"}],"replies":[{"embeddable":true,"href":"https:\/\/agora.xtec.cat\/esc-merce-pla\/wp-json\/wp\/v2\/comments?post=1326"}],"version-history":[{"count":3,"href":"https:\/\/agora.xtec.cat\/esc-merce-pla\/wp-json\/wp\/v2\/pages\/1326\/revisions"}],"predecessor-version":[{"id":2283,"href":"https:\/\/agora.xtec.cat\/esc-merce-pla\/wp-json\/wp\/v2\/pages\/1326\/revisions\/2283"}],"wp:attachment":[{"href":"https:\/\/agora.xtec.cat\/esc-merce-pla\/wp-json\/wp\/v2\/media?parent=1326"}],"curies":[{"name":"wp","href":"https:\/\/api.w.org\/{rel}","templated":true}]}}