{"id":1273,"date":"2019-11-13T12:30:10","date_gmt":"2019-11-13T11:30:10","guid":{"rendered":"https:\/\/agora.xtec.cat\/esc-merce-pla\/?page_id=1273"},"modified":"2025-09-12T12:59:12","modified_gmt":"2025-09-12T10:59:12","slug":"menjador","status":"publish","type":"page","link":"https:\/\/agora.xtec.cat\/esc-merce-pla\/serveis\/menjador\/","title":{"rendered":"Menjador"},"content":{"rendered":"<p style=\"text-align: center;\"><strong>CONSULTEU ELS MEN\u00daS DE L&#8217;ESCOLA<\/strong><\/p>\n<p style=\"text-align: center;\"><strong>Menu Hivern<\/strong><\/p>\n<p style=\"text-align: center;\"><a href=\"https:\/\/drive.google.com\/drive\/folders\/1_7CaDgjVO0rhIaX1ufVUMrZlBTOMRxyP\" target=\"_blank\" rel=\"noopener\"><strong>Menu Estiu<\/strong><\/a><\/p>\n<p>&nbsp;<\/p>\n<p style=\"text-align: justify;\"><span style=\"font-weight: 400;\">El menjador escolar \u00e9s un espai educatiu on s\u2019interv\u00e9 de manera global en els h\u00e0bits i la socialitzaci\u00f3 de l\u2019alumnat. S\u2019aposta pel foment dels h\u00e0bits alimentaris saludables i les activitats de lleure educatives. L\u2019escola ofereix aquest servei a tots\/es els\/les alumnes del centre.<\/span><\/p>\n<p style=\"text-align: justify;\">\u00a0 \u00a0 \u00a0 \u00a0 \u00a0 \u00a0 \u00a0 \u00a0 \u00a0 \u00a0 \u00a0 \u00a0 \u00a0 \u00a0 \u00a0 \u00a0 \u00a0 \u00a0 \u00a0 \u00a0<a href=\"https:\/\/agora.xtec.cat\/esc-merce-pla\/wp-content\/uploads\/usu552\/2020\/10\/IMG_20200929_151327.jpg\"><img loading=\"lazy\" decoding=\"async\" class=\"alignnone size-medium wp-image-3075\" src=\"https:\/\/agora.xtec.cat\/esc-merce-pla\/wp-content\/uploads\/usu552\/2020\/10\/IMG_20200929_151327-300x225.jpg\" alt=\"\" width=\"300\" height=\"225\" srcset=\"https:\/\/agora.xtec.cat\/esc-merce-pla\/wp-content\/uploads\/usu552\/2020\/10\/IMG_20200929_151327-300x225.jpg 300w, https:\/\/agora.xtec.cat\/esc-merce-pla\/wp-content\/uploads\/usu552\/2020\/10\/IMG_20200929_151327-768x576.jpg 768w, https:\/\/agora.xtec.cat\/esc-merce-pla\/wp-content\/uploads\/usu552\/2020\/10\/IMG_20200929_151327-1024x768.jpg 1024w, https:\/\/agora.xtec.cat\/esc-merce-pla\/wp-content\/uploads\/usu552\/2020\/10\/IMG_20200929_151327-200x150.jpg 200w\" sizes=\"auto, (max-width: 300px) 100vw, 300px\" \/><\/a> \u00a0 \u00a0 \u00a0 \u00a0 \u00a0 \u00a0 \u00a0 \u00a0 <a href=\"https:\/\/agora.xtec.cat\/esc-merce-pla\/wp-content\/uploads\/usu552\/2020\/10\/IMG_20200929_151354.jpg\"><img loading=\"lazy\" decoding=\"async\" class=\"alignnone size-medium wp-image-3076\" src=\"https:\/\/agora.xtec.cat\/esc-merce-pla\/wp-content\/uploads\/usu552\/2020\/10\/IMG_20200929_151354-300x225.jpg\" alt=\"\" width=\"300\" height=\"225\" srcset=\"https:\/\/agora.xtec.cat\/esc-merce-pla\/wp-content\/uploads\/usu552\/2020\/10\/IMG_20200929_151354-300x225.jpg 300w, https:\/\/agora.xtec.cat\/esc-merce-pla\/wp-content\/uploads\/usu552\/2020\/10\/IMG_20200929_151354-768x576.jpg 768w, https:\/\/agora.xtec.cat\/esc-merce-pla\/wp-content\/uploads\/usu552\/2020\/10\/IMG_20200929_151354-1024x768.jpg 1024w, https:\/\/agora.xtec.cat\/esc-merce-pla\/wp-content\/uploads\/usu552\/2020\/10\/IMG_20200929_151354-200x150.jpg 200w\" sizes=\"auto, (max-width: 300px) 100vw, 300px\" \/><\/a><\/p>\n<p style=\"text-align: justify;\"><span style=\"font-weight: 400;\">El men\u00fa l\u2019elabora per la dietista de la Fundaci\u00f3 Merc\u00e8 Pla, a la qual pertanyem, i es prepara al c\u00e0tering de l\u2019Entitat. Tot respectant les dietes per al\u00b7l\u00e8rgies, intoler\u00e0ncies i els canvis de dieta per necessitats espec\u00edfiques.<\/span><\/p>\n<p style=\"text-align: justify;\"><span style=\"font-weight: 400;\">El servei de menjador est\u00e0 a c\u00e0rrec de la Fundaci\u00f3 Pere Tarr\u00e9s. Aquesta, formada per un equip de monitors\/es \u00e9s l\u2019encarregada de realitzar l\u2019activitat d\u2019higiene, menjar i esbarjo de l\u2019alumnat en horari de migdia de les 13:00 h fins a les 15:00 h.<\/span><\/p>\n<p style=\"text-align: justify;\"><span style=\"font-weight: 400;\">Es fan dos torns de menjador, el primer a les 13:00 h i el segon a les 14:00 h. El servei de cuina i neteja el realitza l\u2019encarregada de menjador, juntament amb dos treballadors del Centre Especial de Treball (CET) de la pr\u00f2pia Fundaci\u00f3.<\/span><\/p>\n<p style=\"text-align: justify;\"><span style=\"font-weight: 400;\">Disposem de diversos men\u00fas adaptats a cada necessitat: normal, triturat, sense gl\u00faten, sense lactosa, sense carn. Podeu consultar-los en aquest document.\u00a0<\/span><\/p>\n<ul>\n<li style=\"list-style-type: none;\">\n<p style=\"text-align: center;\">\n<\/li>\n<\/ul>\n","protected":false},"excerpt":{"rendered":"<p>CONSULTEU ELS MEN\u00daS DE L&#8217;ESCOLA<br \/>\nMenu Hivern<br \/>\n<a href=\"https:\/\/drive.google.com\/drive\/folders\/1_7CaDgjVO0rhIaX1ufVUMrZlBTOMRxyP\" target=\"_blank\" rel=\"noopener\">Menu Estiu<\/a><br \/>\n&nbsp;<br \/>\nEl menjador escolar \u00e9s un espai educatiu on s\u2019interv\u00e9 de manera global en els h\u00e0bits i la socialitzaci\u00f3 de l\u2019alumnat. S\u2019aposta pel foment dels h\u00e0bits alimentaris saludables i les activitats de lleure educatives. L\u2019escola ofereix aquest&hellip;  <a href=\"https:\/\/agora.xtec.cat\/esc-merce-pla\/serveis\/menjador\/\" title=\"Read Menjador\">Llegeix m\u00e9s\u00bb<\/a><\/p>\n","protected":false},"author":1,"featured_media":0,"parent":1231,"menu_order":0,"comment_status":"closed","ping_status":"closed","template":"","meta":{"_bbp_topic_count":0,"_bbp_reply_count":0,"_bbp_total_topic_count":0,"_bbp_total_reply_count":0,"_bbp_voice_count":0,"_bbp_anonymous_reply_count":0,"_bbp_topic_count_hidden":0,"_bbp_reply_count_hidden":0,"_bbp_forum_subforum_count":0,"footnotes":""},"class_list":["post-1273","page","type-page","status-publish","hentry"],"post_mailing_queue_ids":[],"_links":{"self":[{"href":"https:\/\/agora.xtec.cat\/esc-merce-pla\/wp-json\/wp\/v2\/pages\/1273","targetHints":{"allow":["GET"]}}],"collection":[{"href":"https:\/\/agora.xtec.cat\/esc-merce-pla\/wp-json\/wp\/v2\/pages"}],"about":[{"href":"https:\/\/agora.xtec.cat\/esc-merce-pla\/wp-json\/wp\/v2\/types\/page"}],"author":[{"embeddable":true,"href":"https:\/\/agora.xtec.cat\/esc-merce-pla\/wp-json\/wp\/v2\/users\/1"}],"replies":[{"embeddable":true,"href":"https:\/\/agora.xtec.cat\/esc-merce-pla\/wp-json\/wp\/v2\/comments?post=1273"}],"version-history":[{"count":8,"href":"https:\/\/agora.xtec.cat\/esc-merce-pla\/wp-json\/wp\/v2\/pages\/1273\/revisions"}],"predecessor-version":[{"id":14262,"href":"https:\/\/agora.xtec.cat\/esc-merce-pla\/wp-json\/wp\/v2\/pages\/1273\/revisions\/14262"}],"up":[{"embeddable":true,"href":"https:\/\/agora.xtec.cat\/esc-merce-pla\/wp-json\/wp\/v2\/pages\/1231"}],"wp:attachment":[{"href":"https:\/\/agora.xtec.cat\/esc-merce-pla\/wp-json\/wp\/v2\/media?parent=1273"}],"curies":[{"name":"wp","href":"https:\/\/api.w.org\/{rel}","templated":true}]}}