{"id":38,"date":"2014-09-18T12:34:08","date_gmt":"2014-09-18T10:34:08","guid":{"rendered":"http:\/\/agora.xtec.cat\/esc-medipineda\/?page_id=38"},"modified":"2017-09-10T00:21:12","modified_gmt":"2017-09-09T22:21:12","slug":"salut","status":"publish","type":"page","link":"https:\/\/agora.xtec.cat\/esc-medipineda\/lescola\/salut\/","title":{"rendered":"Salut"},"content":{"rendered":"<p>Si el vostre fill\/lla necessita prendre medicaci\u00f3 en horari escolar, cal que porteu l&#8217;autoritzaci\u00f3 signada a l&#8217;agenda juntament amb la recepta del metge on indiqui la dosi que ha de prendre.<\/p>\n<p>Per tots aquells alumnes que pateixin una al\u00b7l\u00e8rgia o intoler\u00e0ncia cal comunicar-ho al tutor\/a portant el certificat m\u00e8dic corresponent.<\/p>\n<p>INFORMACI\u00d3 QUE CAL SABER SOBRE ELS POLLS:<\/p>\n<p>Per prevenir-los:<\/p>\n<ul>\n<li>Revisar els caps dels vostres fills\/es.<\/li>\n<li>Mantenir les pintes i raspalls ben nets i recordeu que han de ser d&#8217;\u00fas personal.<\/li>\n<li>S&#8217;ha d&#8217;informar adequadament del contagi al qual estan exposats els alumnes i que no es poden intercanviar gorres, bufandes, adorns de cabell, etc.<\/li>\n<\/ul>\n<p>Per tractar-los:<\/p>\n<p>Els tractaments m\u00e9s efica\u00e7os es realitzen mitjan\u00e7ant una loci\u00f3 antipar\u00e0sita o b\u00e9 podem mullar tot el cap amb alcohol i embolicar-lo amb una bossa de pl\u00e0stic durant tota la nit.<\/p>\n<p>Es recomana repetir el tractament al dia seg\u00fcent i als set dies.<\/p>\n<p>Es recomanable que els alumnes afectats no assisteixin a l&#8217;escola fins que no s&#8217;hagin sotm\u00e8s al tractament i hagin eliminat totes ll\u00e9menes.<\/p>\n<p>&nbsp;<\/p>\n<p>&nbsp;<\/p>\n<p>&nbsp;<\/p>\n<p>&nbsp;<\/p>\n<p>&nbsp;<\/p>\n<p>&nbsp;<\/p>\n<p>&nbsp;<\/p>\n","protected":false},"excerpt":{"rendered":"<p>Si el vostre fill\/lla necessita prendre medicaci\u00f3 en horari escolar, cal que porteu l&#8217;autoritzaci\u00f3 signada a l&#8217;agenda juntament amb la recepta del metge on indiqui la dosi que ha de prendre. Per tots aquells alumnes que pateixin una al\u00b7l\u00e8rgia o intoler\u00e0ncia cal comunicar-ho al tutor\/a portant el certificat m\u00e8dic corresponent. INFORMACI\u00d3 QUE CAL SABER SOBRE [&hellip;]<\/p>\n","protected":false},"author":1,"featured_media":0,"parent":22,"menu_order":9,"comment_status":"closed","ping_status":"closed","template":"page-templates\/side-menu.php","meta":{"_bbp_topic_count":0,"_bbp_reply_count":0,"_bbp_total_topic_count":0,"_bbp_total_reply_count":0,"_bbp_voice_count":0,"_bbp_anonymous_reply_count":0,"_bbp_topic_count_hidden":0,"_bbp_reply_count_hidden":0,"_bbp_forum_subforum_count":0,"site-sidebar-layout":"default","site-content-layout":"","ast-site-content-layout":"","site-content-style":"default","site-sidebar-style":"default","ast-global-header-display":"","ast-banner-title-visibility":"","ast-main-header-display":"","ast-hfb-above-header-display":"","ast-hfb-below-header-display":"","ast-hfb-mobile-header-display":"","site-post-title":"","ast-breadcrumbs-content":"","ast-featured-img":"","footer-sml-layout":"","theme-transparent-header-meta":"","adv-header-id-meta":"","stick-header-meta":"","header-above-stick-meta":"","header-main-stick-meta":"","header-below-stick-meta":"","astra-migrate-meta-layouts":"default","ast-page-background-enabled":"default","ast-page-background-meta":{"desktop":{"background-color":"var(--ast-global-color-4)","background-image":"","background-repeat":"repeat","background-position":"center center","background-size":"auto","background-attachment":"scroll","background-type":"","background-media":"","overlay-type":"","overlay-color":"","overlay-opacity":"","overlay-gradient":""},"tablet":{"background-color":"","background-image":"","background-repeat":"repeat","background-position":"center center","background-size":"auto","background-attachment":"scroll","background-type":"","background-media":"","overlay-type":"","overlay-color":"","overlay-opacity":"","overlay-gradient":""},"mobile":{"background-color":"","background-image":"","background-repeat":"repeat","background-position":"center center","background-size":"auto","background-attachment":"scroll","background-type":"","background-media":"","overlay-type":"","overlay-color":"","overlay-opacity":"","overlay-gradient":""}},"ast-content-background-meta":{"desktop":{"background-color":"var(--ast-global-color-5)","background-image":"","background-repeat":"repeat","background-position":"center center","background-size":"auto","background-attachment":"scroll","background-type":"","background-media":"","overlay-type":"","overlay-color":"","overlay-opacity":"","overlay-gradient":""},"tablet":{"background-color":"var(--ast-global-color-5)","background-image":"","background-repeat":"repeat","background-position":"center center","background-size":"auto","background-attachment":"scroll","background-type":"","background-media":"","overlay-type":"","overlay-color":"","overlay-opacity":"","overlay-gradient":""},"mobile":{"background-color":"var(--ast-global-color-5)","background-image":"","background-repeat":"repeat","background-position":"center center","background-size":"auto","background-attachment":"scroll","background-type":"","background-media":"","overlay-type":"","overlay-color":"","overlay-opacity":"","overlay-gradient":""}},"footnotes":""},"class_list":["post-38","page","type-page","status-publish","hentry"],"post_mailing_queue_ids":[],"_links":{"self":[{"href":"https:\/\/agora.xtec.cat\/esc-medipineda\/wp-json\/wp\/v2\/pages\/38","targetHints":{"allow":["GET"]}}],"collection":[{"href":"https:\/\/agora.xtec.cat\/esc-medipineda\/wp-json\/wp\/v2\/pages"}],"about":[{"href":"https:\/\/agora.xtec.cat\/esc-medipineda\/wp-json\/wp\/v2\/types\/page"}],"author":[{"embeddable":true,"href":"https:\/\/agora.xtec.cat\/esc-medipineda\/wp-json\/wp\/v2\/users\/1"}],"replies":[{"embeddable":true,"href":"https:\/\/agora.xtec.cat\/esc-medipineda\/wp-json\/wp\/v2\/comments?post=38"}],"version-history":[{"count":3,"href":"https:\/\/agora.xtec.cat\/esc-medipineda\/wp-json\/wp\/v2\/pages\/38\/revisions"}],"predecessor-version":[{"id":818,"href":"https:\/\/agora.xtec.cat\/esc-medipineda\/wp-json\/wp\/v2\/pages\/38\/revisions\/818"}],"up":[{"embeddable":true,"href":"https:\/\/agora.xtec.cat\/esc-medipineda\/wp-json\/wp\/v2\/pages\/22"}],"wp:attachment":[{"href":"https:\/\/agora.xtec.cat\/esc-medipineda\/wp-json\/wp\/v2\/media?parent=38"}],"curies":[{"name":"wp","href":"https:\/\/api.w.org\/{rel}","templated":true}]}}