{"id":552,"date":"2019-07-02T13:02:34","date_gmt":"2019-07-02T11:02:34","guid":{"rendered":"https:\/\/agora.xtec.cat\/esc-mdmuntanya\/?page_id=552"},"modified":"2019-07-04T10:57:16","modified_gmt":"2019-07-04T08:57:16","slug":"padrins-de-lectura","status":"publish","type":"page","link":"https:\/\/agora.xtec.cat\/esc-mdmuntanya\/projecte-educatiu\/padrins-de-lectura\/","title":{"rendered":"Padrins de lectura"},"content":{"rendered":"<p>Tots estem d\u2019acord amb l\u2019afirmaci\u00f3 que <strong>el domini de la lectura \u00e9s molt important per assolir un bon aprenentatge<\/strong>. Per tant, \u00e9s un objectiu prioritari que tota escola ha de treballar. El claustre vam pensar iniciar aquesta activitat per refor\u00e7ar la lectura, assegurar-la i en definitiva, millorar-la. Vol\u00edem engegar una activitat que fos engrescadora i que al mateix temps represent\u00e9s un al\u00b7licient per a l\u2019alumnat m\u00e9s gran.<\/p>\n<p>Grans i petits s\u2019agrupen per <strong>parelles<\/strong> i conviuen setmanalment en una <strong>sessi\u00f3 de 45 minuts<\/strong>. Cada sessi\u00f3 comparteixen una, i al finalitzar cada trobada, el padr\u00ed omple el carnet lector amb una <strong>valoraci\u00f3 constructiva de la lectura<\/strong> que ha fet el fillol.<\/p>\n<p><a href=\"https:\/\/agora.xtec.cat\/esc-mdmuntanya\/wp-content\/uploads\/usu526\/2019\/07\/Alex-F-padrins.jpg\"><img loading=\"lazy\" decoding=\"async\" class=\"size-full wp-image-683 aligncenter\" src=\"https:\/\/agora.xtec.cat\/esc-mdmuntanya\/wp-content\/uploads\/usu526\/2019\/07\/Alex-F-padrins.jpg\" alt=\"\" width=\"640\" height=\"480\" srcset=\"https:\/\/agora.xtec.cat\/esc-mdmuntanya\/wp-content\/uploads\/usu526\/2019\/07\/Alex-F-padrins.jpg 640w, https:\/\/agora.xtec.cat\/esc-mdmuntanya\/wp-content\/uploads\/usu526\/2019\/07\/Alex-F-padrins-300x225.jpg 300w, https:\/\/agora.xtec.cat\/esc-mdmuntanya\/wp-content\/uploads\/usu526\/2019\/07\/Alex-F-padrins-200x150.jpg 200w\" sizes=\"auto, (max-width: 640px) 100vw, 640px\" \/><\/a><\/p>\n","protected":false},"excerpt":{"rendered":"<p>Tots estem d\u2019acord amb l\u2019afirmaci\u00f3 que el domini de la lectura \u00e9s molt important per assolir un bon aprenentatge. Per tant, \u00e9s un objectiu prioritari que tota escola ha de treballar. El claustre vam pensar iniciar aquesta activitat per refor\u00e7ar la lectura, assegurar-la i en&hellip;  <a href=\"https:\/\/agora.xtec.cat\/esc-mdmuntanya\/projecte-educatiu\/padrins-de-lectura\/\" title=\"Read Padrins de lectura\">Llegeix m\u00e9s\u00bb<\/a><\/p>\n","protected":false},"author":1,"featured_media":0,"parent":64,"menu_order":0,"comment_status":"closed","ping_status":"closed","template":"page-templates\/side-menu.php","meta":{"_bbp_topic_count":0,"_bbp_reply_count":0,"_bbp_total_topic_count":0,"_bbp_total_reply_count":0,"_bbp_voice_count":0,"_bbp_anonymous_reply_count":0,"_bbp_topic_count_hidden":0,"_bbp_reply_count_hidden":0,"_bbp_forum_subforum_count":0,"footnotes":""},"class_list":["post-552","page","type-page","status-publish","hentry"],"post_mailing_queue_ids":[],"_links":{"self":[{"href":"https:\/\/agora.xtec.cat\/esc-mdmuntanya\/wp-json\/wp\/v2\/pages\/552","targetHints":{"allow":["GET"]}}],"collection":[{"href":"https:\/\/agora.xtec.cat\/esc-mdmuntanya\/wp-json\/wp\/v2\/pages"}],"about":[{"href":"https:\/\/agora.xtec.cat\/esc-mdmuntanya\/wp-json\/wp\/v2\/types\/page"}],"author":[{"embeddable":true,"href":"https:\/\/agora.xtec.cat\/esc-mdmuntanya\/wp-json\/wp\/v2\/users\/1"}],"replies":[{"embeddable":true,"href":"https:\/\/agora.xtec.cat\/esc-mdmuntanya\/wp-json\/wp\/v2\/comments?post=552"}],"version-history":[{"count":2,"href":"https:\/\/agora.xtec.cat\/esc-mdmuntanya\/wp-json\/wp\/v2\/pages\/552\/revisions"}],"predecessor-version":[{"id":684,"href":"https:\/\/agora.xtec.cat\/esc-mdmuntanya\/wp-json\/wp\/v2\/pages\/552\/revisions\/684"}],"up":[{"embeddable":true,"href":"https:\/\/agora.xtec.cat\/esc-mdmuntanya\/wp-json\/wp\/v2\/pages\/64"}],"wp:attachment":[{"href":"https:\/\/agora.xtec.cat\/esc-mdmuntanya\/wp-json\/wp\/v2\/media?parent=552"}],"curies":[{"name":"wp","href":"https:\/\/api.w.org\/{rel}","templated":true}]}}