{"id":26,"date":"2014-09-18T12:24:32","date_gmt":"2014-09-18T11:24:32","guid":{"rendered":"http:\/\/agora.xtec.cat\/esc-mdmuntanya\/?page_id=26"},"modified":"2019-09-16T16:15:55","modified_gmt":"2019-09-16T14:15:55","slug":"historia","status":"publish","type":"page","link":"https:\/\/agora.xtec.cat\/esc-mdmuntanya\/lescola\/historia\/","title":{"rendered":"Hist\u00f2ria"},"content":{"rendered":"<p>En <strong>Francesc Maci\u00e0<\/strong>, president de la Generalitat republicana, inaugura, el <strong>6 de desembre de 1931<\/strong> l&#8217;escola &#8220;Verge de la Muntanya&#8221;, en presencia de les autoritats de l&#8217;\u00e8poca i acompanyats per tota la poblaci\u00f3 d&#8217;<strong>Esparreguera<\/strong>.<\/p>\n<p>Les obres de construcci\u00f3 es van iniciar en els terrenys d&#8217;un antic escorxador..La construcci\u00f3 dels &#8220;<strong>Col\u00b7legis Nous<\/strong>&#8220;, que era com popularment s&#8217;anomenava a la nostra escola, va suposar una fita pel poble: per primera vegada s&#8217;aconseguia una escola p\u00fablica com cal.<a href=\"https:\/\/agora.xtec.cat\/esc-mdmuntanya\/wp-content\/uploads\/usu526\/2019\/07\/Hist\u00f2ria4.jpg\"><img loading=\"lazy\" decoding=\"async\" class=\"aligncenter wp-image-510\" src=\"https:\/\/agora.xtec.cat\/esc-mdmuntanya\/wp-content\/uploads\/usu526\/2019\/07\/Hist\u00f2ria4-300x225.jpg\" alt=\"\" width=\"421\" height=\"316\" srcset=\"https:\/\/agora.xtec.cat\/esc-mdmuntanya\/wp-content\/uploads\/usu526\/2019\/07\/Hist\u00f2ria4-300x225.jpg 300w, https:\/\/agora.xtec.cat\/esc-mdmuntanya\/wp-content\/uploads\/usu526\/2019\/07\/Hist\u00f2ria4-768x576.jpg 768w, https:\/\/agora.xtec.cat\/esc-mdmuntanya\/wp-content\/uploads\/usu526\/2019\/07\/Hist\u00f2ria4-1024x768.jpg 1024w, https:\/\/agora.xtec.cat\/esc-mdmuntanya\/wp-content\/uploads\/usu526\/2019\/07\/Hist\u00f2ria4-200x150.jpg 200w, https:\/\/agora.xtec.cat\/esc-mdmuntanya\/wp-content\/uploads\/usu526\/2019\/07\/Hist\u00f2ria4.jpg 1600w\" sizes=\"auto, (max-width: 421px) 100vw, 421px\" \/><\/a>L&#8217;escola tenia sis aules, tres per a nenes i tres per a nens, ubicades en una planta i en un primer pis. Amb una fa\u00e7ana dre\u00e7ada entre migjorn i ponent, gaudien d&#8217;una gran lluminositat. La llengua catalana era present amb absoluta normalitat en les activitats del centre.<\/p>\n<p><a href=\"https:\/\/agora.xtec.cat\/esc-mdmuntanya\/wp-content\/uploads\/usu526\/2019\/07\/Hist\u00f2ria3.jpg\"><img loading=\"lazy\" decoding=\"async\" class=\"aligncenter wp-image-515\" src=\"https:\/\/agora.xtec.cat\/esc-mdmuntanya\/wp-content\/uploads\/usu526\/2019\/07\/Hist\u00f2ria3.jpg\" alt=\"\" width=\"511\" height=\"367\" srcset=\"https:\/\/agora.xtec.cat\/esc-mdmuntanya\/wp-content\/uploads\/usu526\/2019\/07\/Hist\u00f2ria3.jpg 640w, https:\/\/agora.xtec.cat\/esc-mdmuntanya\/wp-content\/uploads\/usu526\/2019\/07\/Hist\u00f2ria3-300x215.jpg 300w\" sizes=\"auto, (max-width: 511px) 100vw, 511px\" \/><\/a><\/p>\n<p>Amb la postguerra, la imposici\u00f3, l&#8217;autoritarisme, el desarrelament, la impersonalitat i la repressi\u00f3 que marcava a la societat, tamb\u00e9 arriba a l&#8217;escola. Passa a anomenar-se &#8220;<strong>Virgen de la Monta\u00f1a<\/strong>&#8220;.<\/p>\n<p>Vers les darreries dels anys seixanta, la vila i, conseq\u00fcentment l&#8217;escola, reb\u00e9 un fort corrent migratori, que cre\u00e0 problemes d&#8217;arrelament i d&#8217;identitat.<\/p>\n<div>\n<p>L&#8217;any 1970, un ministre del general Franco, Villar Palas\u00ed, permet introduir millores dins les escoles. \u00c9s aix\u00ed com neix la primera APA (associaci\u00f3 de pares d&#8217;alumnes) i s&#8217;inicien les primeres classes de catal\u00e0.<\/p>\n<p><a href=\"https:\/\/agora.xtec.cat\/esc-mdmuntanya\/wp-content\/uploads\/usu526\/2019\/07\/Hist\u00f2ria5.jpg\"><img loading=\"lazy\" decoding=\"async\" class=\" wp-image-517 aligncenter\" src=\"https:\/\/agora.xtec.cat\/esc-mdmuntanya\/wp-content\/uploads\/usu526\/2019\/07\/Hist\u00f2ria5.jpg\" alt=\"\" width=\"396\" height=\"345\" srcset=\"https:\/\/agora.xtec.cat\/esc-mdmuntanya\/wp-content\/uploads\/usu526\/2019\/07\/Hist\u00f2ria5.jpg 815w, https:\/\/agora.xtec.cat\/esc-mdmuntanya\/wp-content\/uploads\/usu526\/2019\/07\/Hist\u00f2ria5-300x261.jpg 300w, https:\/\/agora.xtec.cat\/esc-mdmuntanya\/wp-content\/uploads\/usu526\/2019\/07\/Hist\u00f2ria5-768x668.jpg 768w\" sizes=\"auto, (max-width: 396px) 100vw, 396px\" \/><\/a><\/p>\n<p>Al 1982 es fan les obres d\u2019ampliaci\u00f3 de la segona planta, unes torres laterals que van permetre disposar de nous espais.<\/p>\n<p>Amb l&#8217;arribada de la democr\u00e0cia es catalanitza altre cop el nom de l&#8217;escola, arriben nous mestres formats en llengua catalana i les pares i mares s&#8217;organitzen i formen l&#8217;AMPA (associaci\u00f3 de mares i pares d&#8217;alumnes).<\/p>\n<p>M\u00e9s endavant, ja \u00e9s la Generalitat que aporta els mitjans per modernitzar el centre: calefacci\u00f3, cuina, dues aules m\u00e9s, nou sistema el\u00e8ctric,&#8230;<\/p>\n<p><a href=\"https:\/\/agora.xtec.cat\/esc-mdmuntanya\/wp-content\/uploads\/usu526\/2019\/07\/Hist\u00f2ria6.jpg\"><img loading=\"lazy\" decoding=\"async\" class=\" wp-image-518 aligncenter\" src=\"https:\/\/agora.xtec.cat\/esc-mdmuntanya\/wp-content\/uploads\/usu526\/2019\/07\/Hist\u00f2ria6.jpg\" alt=\"\" width=\"600\" height=\"372\" srcset=\"https:\/\/agora.xtec.cat\/esc-mdmuntanya\/wp-content\/uploads\/usu526\/2019\/07\/Hist\u00f2ria6.jpg 640w, https:\/\/agora.xtec.cat\/esc-mdmuntanya\/wp-content\/uploads\/usu526\/2019\/07\/Hist\u00f2ria6-300x186.jpg 300w\" sizes=\"auto, (max-width: 600px) 100vw, 600px\" \/><\/a><\/p>\n<p>Es creen tallers de teatre, inform\u00e0tica, cuina, dansa, dibuix i pintura, esport,&#8230; Durant el curs 1984-85 es comencen les Col\u00f2nies Escolars. El curs 1986-87, l&#8217;escola s&#8217;incorpora definitivament al projecte d&#8217;immersi\u00f3 ling\u00fc\u00edstica: des d&#8217;aleshores la llengua vehicular i d&#8217;aprenentatge \u00e9s el catal\u00e0.<\/p>\n<\/div>\n<p><a href=\"https:\/\/agora.xtec.cat\/esc-mdmuntanya\/wp-content\/uploads\/usu526\/2019\/07\/Hist\u00f2ria7.jpg\"><img loading=\"lazy\" decoding=\"async\" class=\" wp-image-519 aligncenter\" src=\"https:\/\/agora.xtec.cat\/esc-mdmuntanya\/wp-content\/uploads\/usu526\/2019\/07\/Hist\u00f2ria7.jpg\" alt=\"\" width=\"531\" height=\"377\" srcset=\"https:\/\/agora.xtec.cat\/esc-mdmuntanya\/wp-content\/uploads\/usu526\/2019\/07\/Hist\u00f2ria7.jpg 640w, https:\/\/agora.xtec.cat\/esc-mdmuntanya\/wp-content\/uploads\/usu526\/2019\/07\/Hist\u00f2ria7-300x213.jpg 300w\" sizes=\"auto, (max-width: 531px) 100vw, 531px\" \/><\/a><\/p>\n<p>El <strong>curs 2010-11<\/strong>, l&#8217;escola es transforma fruit d&#8217;una <strong>nova remodelaci\u00f3<\/strong> (m\u00e9s aviat, una nova construcci\u00f3) per guanyar nous espais i oferir millors serveis: gimn\u00e0s, vestuaris, cuina, menjador, aula d&#8217;inform\u00e0tica, m\u00fasica, audiovisuals, tutories, biblioteca, &#8230;<\/p>\n<p><a href=\"https:\/\/agora.xtec.cat\/esc-mdmuntanya\/wp-content\/uploads\/usu526\/2019\/07\/Hist\u00f2ria8.jpg\"><img loading=\"lazy\" decoding=\"async\" class=\"wp-image-520 aligncenter\" src=\"https:\/\/agora.xtec.cat\/esc-mdmuntanya\/wp-content\/uploads\/usu526\/2019\/07\/Hist\u00f2ria8.jpg\" alt=\"\" width=\"837\" height=\"280\" srcset=\"https:\/\/agora.xtec.cat\/esc-mdmuntanya\/wp-content\/uploads\/usu526\/2019\/07\/Hist\u00f2ria8.jpg 640w, https:\/\/agora.xtec.cat\/esc-mdmuntanya\/wp-content\/uploads\/usu526\/2019\/07\/Hist\u00f2ria8-300x100.jpg 300w\" sizes=\"auto, (max-width: 837px) 100vw, 837px\" \/><\/a><\/p>\n<p style=\"text-align: right;\">\n","protected":false},"excerpt":{"rendered":"<p>En Francesc Maci\u00e0, president de la Generalitat republicana, inaugura, el 6 de desembre de 1931 l&#8217;escola &#8220;Verge de la Muntanya&#8221;, en presencia de les autoritats de l&#8217;\u00e8poca i acompanyats per tota la poblaci\u00f3 d&#8217;Esparreguera.<br \/>\nLes obres de construcci\u00f3 es van iniciar en els terrenys d&#8217;un antic&hellip;  <a href=\"https:\/\/agora.xtec.cat\/esc-mdmuntanya\/lescola\/historia\/\" title=\"Read Hist\u00f2ria\">Llegeix m\u00e9s\u00bb<\/a><\/p>\n","protected":false},"author":1,"featured_media":0,"parent":22,"menu_order":20,"comment_status":"closed","ping_status":"closed","template":"page-templates\/side-menu.php","meta":{"_bbp_topic_count":0,"_bbp_reply_count":0,"_bbp_total_topic_count":0,"_bbp_total_reply_count":0,"_bbp_voice_count":0,"_bbp_anonymous_reply_count":0,"_bbp_topic_count_hidden":0,"_bbp_reply_count_hidden":0,"_bbp_forum_subforum_count":0,"footnotes":""},"class_list":["post-26","page","type-page","status-publish","hentry"],"post_mailing_queue_ids":[],"_links":{"self":[{"href":"https:\/\/agora.xtec.cat\/esc-mdmuntanya\/wp-json\/wp\/v2\/pages\/26","targetHints":{"allow":["GET"]}}],"collection":[{"href":"https:\/\/agora.xtec.cat\/esc-mdmuntanya\/wp-json\/wp\/v2\/pages"}],"about":[{"href":"https:\/\/agora.xtec.cat\/esc-mdmuntanya\/wp-json\/wp\/v2\/types\/page"}],"author":[{"embeddable":true,"href":"https:\/\/agora.xtec.cat\/esc-mdmuntanya\/wp-json\/wp\/v2\/users\/1"}],"replies":[{"embeddable":true,"href":"https:\/\/agora.xtec.cat\/esc-mdmuntanya\/wp-json\/wp\/v2\/comments?post=26"}],"version-history":[{"count":4,"href":"https:\/\/agora.xtec.cat\/esc-mdmuntanya\/wp-json\/wp\/v2\/pages\/26\/revisions"}],"predecessor-version":[{"id":917,"href":"https:\/\/agora.xtec.cat\/esc-mdmuntanya\/wp-json\/wp\/v2\/pages\/26\/revisions\/917"}],"up":[{"embeddable":true,"href":"https:\/\/agora.xtec.cat\/esc-mdmuntanya\/wp-json\/wp\/v2\/pages\/22"}],"wp:attachment":[{"href":"https:\/\/agora.xtec.cat\/esc-mdmuntanya\/wp-json\/wp\/v2\/media?parent=26"}],"curies":[{"name":"wp","href":"https:\/\/api.w.org\/{rel}","templated":true}]}}