{"id":22,"date":"2014-09-18T12:19:57","date_gmt":"2014-09-18T11:19:57","guid":{"rendered":"http:\/\/agora.xtec.cat\/esc-mdmuntanya\/?page_id=22"},"modified":"2019-09-17T13:48:49","modified_gmt":"2019-09-17T11:48:49","slug":"lescola","status":"publish","type":"page","link":"https:\/\/agora.xtec.cat\/esc-mdmuntanya\/lescola\/","title":{"rendered":"L&#8217;escola"},"content":{"rendered":"<p>La nostra escola es troba <strong>al bell mig d\u2019Esparreguera<\/strong>, \u00e9s d\u2019acc\u00e9s f\u00e0cil i es troba propera a la majoria de barris de la nostra poblaci\u00f3.<\/p>\n<p>Per aquesta escola hi han passat al llarg dels seus <strong>setanta-cinc anys d\u2019hist\u00f2ria<\/strong>, milers i milers de nens i nenes, nascuts a Esparreguera o vinguts d\u2019altres llocs molt diversos, que han deixat les seves empremtes i que s\u2019han emportat el caliu d\u2019una escola petita i acollidora que els ha acompanyat en els seus primers anys d\u2019experi\u00e8ncies i d\u2019aprenentatges.<\/p>\n<div style=\"text-align: left;\">\n<div><a href=\"https:\/\/agora.xtec.cat\/esc-mdmuntanya\/wp-content\/uploads\/usu526\/2019\/07\/Fenster-CEIP-Mare-de-Deu-de-la-Montanya-Esparreguera-general1.jpg\"><img loading=\"lazy\" decoding=\"async\" class=\" wp-image-620 aligncenter\" src=\"https:\/\/agora.xtec.cat\/esc-mdmuntanya\/wp-content\/uploads\/usu526\/2019\/07\/Fenster-CEIP-Mare-de-Deu-de-la-Montanya-Esparreguera-general1.jpg\" alt=\"\" width=\"516\" height=\"318\" srcset=\"https:\/\/agora.xtec.cat\/esc-mdmuntanya\/wp-content\/uploads\/usu526\/2019\/07\/Fenster-CEIP-Mare-de-Deu-de-la-Montanya-Esparreguera-general1.jpg 591w, https:\/\/agora.xtec.cat\/esc-mdmuntanya\/wp-content\/uploads\/usu526\/2019\/07\/Fenster-CEIP-Mare-de-Deu-de-la-Montanya-Esparreguera-general1-300x185.jpg 300w\" sizes=\"auto, (max-width: 516px) 100vw, 516px\" \/><\/a><\/div>\n<div><\/div>\n<p style=\"text-align: center;\">\n<\/div>\n","protected":false},"excerpt":{"rendered":"<p>La nostra escola es troba al bell mig d\u2019Esparreguera, \u00e9s d\u2019acc\u00e9s f\u00e0cil i es troba propera a la majoria de barris de la nostra poblaci\u00f3.<br \/>\nPer aquesta escola hi han passat al llarg dels seus setanta-cinc anys d\u2019hist\u00f2ria, milers i milers de nens i nenes, nascuts&hellip;  <a href=\"https:\/\/agora.xtec.cat\/esc-mdmuntanya\/lescola\/\" title=\"Read L&#8217;escola\">Llegeix m\u00e9s\u00bb<\/a><\/p>\n","protected":false},"author":1,"featured_media":0,"parent":0,"menu_order":0,"comment_status":"closed","ping_status":"closed","template":"page-templates\/side-menu.php","meta":{"_bbp_topic_count":0,"_bbp_reply_count":0,"_bbp_total_topic_count":0,"_bbp_total_reply_count":0,"_bbp_voice_count":0,"_bbp_anonymous_reply_count":0,"_bbp_topic_count_hidden":0,"_bbp_reply_count_hidden":0,"_bbp_forum_subforum_count":0,"footnotes":""},"class_list":["post-22","page","type-page","status-publish","hentry"],"post_mailing_queue_ids":[],"_links":{"self":[{"href":"https:\/\/agora.xtec.cat\/esc-mdmuntanya\/wp-json\/wp\/v2\/pages\/22","targetHints":{"allow":["GET"]}}],"collection":[{"href":"https:\/\/agora.xtec.cat\/esc-mdmuntanya\/wp-json\/wp\/v2\/pages"}],"about":[{"href":"https:\/\/agora.xtec.cat\/esc-mdmuntanya\/wp-json\/wp\/v2\/types\/page"}],"author":[{"embeddable":true,"href":"https:\/\/agora.xtec.cat\/esc-mdmuntanya\/wp-json\/wp\/v2\/users\/1"}],"replies":[{"embeddable":true,"href":"https:\/\/agora.xtec.cat\/esc-mdmuntanya\/wp-json\/wp\/v2\/comments?post=22"}],"version-history":[{"count":3,"href":"https:\/\/agora.xtec.cat\/esc-mdmuntanya\/wp-json\/wp\/v2\/pages\/22\/revisions"}],"predecessor-version":[{"id":928,"href":"https:\/\/agora.xtec.cat\/esc-mdmuntanya\/wp-json\/wp\/v2\/pages\/22\/revisions\/928"}],"wp:attachment":[{"href":"https:\/\/agora.xtec.cat\/esc-mdmuntanya\/wp-json\/wp\/v2\/media?parent=22"}],"curies":[{"name":"wp","href":"https:\/\/api.w.org\/{rel}","templated":true}]}}