{"id":1024,"date":"2019-10-01T11:20:54","date_gmt":"2019-10-01T09:20:54","guid":{"rendered":"https:\/\/agora.xtec.cat\/esc-mdmuntanya\/?page_id=1024"},"modified":"2020-07-20T18:28:12","modified_gmt":"2020-07-20T16:28:12","slug":"nofc-normes-dorganitzacio-i-funcionament-de-centre","status":"publish","type":"page","link":"https:\/\/agora.xtec.cat\/esc-mdmuntanya\/lescola\/documents\/nofc-normes-dorganitzacio-i-funcionament-de-centre\/","title":{"rendered":"NOFC (Normes d&#8217;Organitzaci\u00f3 i funcionament de Centre)"},"content":{"rendered":"<p>Els centres educatius han d\u2019elaborar les <strong>normes d\u2019organitzaci\u00f3 i funcionament<\/strong> d\u2019acord amb el que s\u2019estableix al Decret 102\/2010, d\u2019autonomia dels centres educatius. Les NOFC han de contenir elements relacionats amb l\u2019<strong>estructura organitzativa del centre<\/strong>, han de regular aspectes relacionats amb la<strong> participaci\u00f3 de la comunitat escolar en la vida del centre<\/strong>, han de concretar les <strong>normes de conviv\u00e8ncia del centre<\/strong> i l\u2019aplicaci\u00f3 de <strong>mesures per a la promoci\u00f3 de la conviv\u00e8ncia<\/strong> i dels <strong>mecanismes de mediaci\u00f3<\/strong>, i la definici\u00f3 de les faltes lleus dels alumnes i l\u2019<strong>establiment de mesures correctores i sancionadores<\/strong>.<a href=\"https:\/\/agora.xtec.cat\/esc-mdmuntanya\/wp-content\/uploads\/usu526\/2019\/10\/nofc.jpg\"><img loading=\"lazy\" decoding=\"async\" class=\"alignright wp-image-995\" src=\"https:\/\/agora.xtec.cat\/esc-mdmuntanya\/wp-content\/uploads\/usu526\/2019\/10\/nofc-300x211.jpg\" sizes=\"auto, (max-width: 294px) 100vw, 294px\" srcset=\"https:\/\/agora.xtec.cat\/esc-mdmuntanya\/wp-content\/uploads\/usu526\/2019\/10\/nofc-300x211.jpg 300w, https:\/\/agora.xtec.cat\/esc-mdmuntanya\/wp-content\/uploads\/usu526\/2019\/10\/nofc.jpg 497w\" alt=\"\" width=\"294\" height=\"207\" \/><\/a><\/p>\n<p>A m\u00e9s, els <strong>projectes<\/strong> i <strong>programes d\u2019innovaci\u00f3<\/strong> que el centre desenvolupa, entesos com a motors de canvi i de millora de la qualitat, han de quedar recollits en les normes d\u2019organitzaci\u00f3 i funcionament i, espec\u00edficament, les concrecions organitzatives i els processos que es duran a terme per possibilitar l\u2019aplicaci\u00f3, la implementaci\u00f3, el seguiment i l\u2019avaluaci\u00f3 corresponent. El director o directora del centre impulsa l\u2019elaboraci\u00f3 de les NOFC, amb la participaci\u00f3 del claustre, i de les successives adequacions d\u2019acord amb les necessitats del projecte educatiu del centre, les aprova \u2013pr\u00e8via consulta preceptiva al consell escolar\u2013 i vetlla perqu\u00e8 s\u2019apliquin.<\/p>\n<ol>\n<li><strong>Introducci\u00f3-normativa <a href=\"https:\/\/agora.xtec.cat\/esc-mdmuntanya\/wp-content\/uploads\/usu526\/2020\/07\/1.-1.-Introducci\u00f3.pdf\">1.1 Introducci\u00f3<\/a> <a href=\"https:\/\/agora.xtec.cat\/esc-mdmuntanya\/wp-content\/uploads\/usu526\/2020\/07\/1.-2.-Previsions-PEC.pdf\">1. 2 Previsions PEC<\/a><\/strong><\/li>\n<li><strong>Estructura organitzativa <a href=\"https:\/\/agora.xtec.cat\/esc-mdmuntanya\/lescola\/documents\/nofc-normes-dorganitzacio-i-funcionament-de-centre\/attachment\/2-1-organigrama\/\" rel=\"attachment wp-att-3492\">2.1 Organigrama<\/a> \u00a0<a href=\"https:\/\/agora.xtec.cat\/esc-mdmuntanya\/lescola\/documents\/nofc-normes-dorganitzacio-i-funcionament-de-centre\/attachment\/2-2-organs-collegiats\/\" rel=\"attachment wp-att-3491\">2.2 \u00d2rgans col\u00b7legiats<\/a> \u00a0<a href=\"https:\/\/agora.xtec.cat\/esc-mdmuntanya\/lescola\/documents\/nofc-normes-dorganitzacio-i-funcionament-de-centre\/attachment\/2-3-organs-unipersonals-de-govern\/\" rel=\"attachment wp-att-3490\">2.3 \u00d2rgans unipersonals de govern<\/a> \u00a0<a href=\"https:\/\/agora.xtec.cat\/esc-mdmuntanya\/lescola\/documents\/nofc-normes-dorganitzacio-i-funcionament-de-centre\/attachment\/2-4-organs-unipersonals-de-coordinacio\/\" rel=\"attachment wp-att-3489\">2.4 \u00d2rgans unipersonals de coordinaci\u00f3<\/a><\/strong><\/li>\n<li><strong>Organitzaci\u00f3 pedag\u00f2gica <a href=\"https:\/\/agora.xtec.cat\/esc-mdmuntanya\/lescola\/documents\/nofc-normes-dorganitzacio-i-funcionament-de-centre\/attachment\/3-1-organitzacio-del-professorat\/\" rel=\"attachment wp-att-3495\">3.1 Organitzaci\u00f3 del professorat<\/a> \u00a0<a href=\"https:\/\/agora.xtec.cat\/esc-mdmuntanya\/lescola\/documents\/nofc-normes-dorganitzacio-i-funcionament-de-centre\/attachment\/3-2-organitzacio-de-lalumnat\/\" rel=\"attachment wp-att-3494\">3.2 Organitzaci\u00f3 de l&#8217;alumnat <\/a><a href=\"https:\/\/agora.xtec.cat\/esc-mdmuntanya\/lescola\/documents\/nofc-normes-dorganitzacio-i-funcionament-de-centre\/attachment\/3-3-personal-extern-que-interve-al-centre\/\" rel=\"attachment wp-att-3493\">3.3 Personal extern que interv\u00e9 al centre<\/a><\/strong><\/li>\n<li><strong>Col\u00b7laboracio i participaci\u00f3 dels sectors de la comunitat <a href=\"https:\/\/agora.xtec.cat\/esc-mdmuntanya\/lescola\/documents\/nofc-normes-dorganitzacio-i-funcionament-de-centre\/attachment\/4-1-carta-de-compromis\/\" rel=\"attachment wp-att-3498\">4.1 Carta de comprom\u00eds<\/a> \u00a0<a href=\"https:\/\/agora.xtec.cat\/esc-mdmuntanya\/lescola\/documents\/nofc-normes-dorganitzacio-i-funcionament-de-centre\/attachment\/4-2-informacio-a-les-families\/\" rel=\"attachment wp-att-3497\">4.2 Informaci\u00f3 a les fam\u00edlies<\/a> \u00a0<a href=\"https:\/\/agora.xtec.cat\/esc-mdmuntanya\/lescola\/documents\/nofc-normes-dorganitzacio-i-funcionament-de-centre\/attachment\/4-3-participacio-de-les-families-i-alumnes\/\" rel=\"attachment wp-att-3496\">4.3 Participaci\u00f3 de les fam\u00edlies i alumnes<\/a><\/strong><\/li>\n<li><strong>Funcionament del centre <a href=\"https:\/\/agora.xtec.cat\/esc-mdmuntanya\/lescola\/documents\/nofc-normes-dorganitzacio-i-funcionament-de-centre\/attachment\/5-1-horaris-entrades-i-sortides\/\" rel=\"attachment wp-att-3506\">5.1 Horaris entrades i sortides<\/a> \u00a0\u00a0<a href=\"https:\/\/agora.xtec.cat\/esc-mdmuntanya\/lescola\/documents\/nofc-normes-dorganitzacio-i-funcionament-de-centre\/attachment\/5-2-us-dels-espais\/\" rel=\"attachment wp-att-3505\">5.2 \u00das dels espais \u00a0 <\/a><a href=\"https:\/\/agora.xtec.cat\/esc-mdmuntanya\/lescola\/documents\/nofc-normes-dorganitzacio-i-funcionament-de-centre\/attachment\/5-3-activitats-complementaris-i-serveis-escolars\/\" rel=\"attachment wp-att-3504\">5.3 Activitats complement\u00e0ris i serveis escolars<\/a><a href=\"https:\/\/agora.xtec.cat\/esc-mdmuntanya\/lescola\/documents\/nofc-normes-dorganitzacio-i-funcionament-de-centre\/attachment\/5-2-us-dels-espais\/\" rel=\"attachment wp-att-3505\"> \u00a0 <\/a><a href=\"https:\/\/agora.xtec.cat\/esc-mdmuntanya\/lescola\/documents\/nofc-normes-dorganitzacio-i-funcionament-de-centre\/attachment\/5-4-absencies-alumnat\/\" rel=\"attachment wp-att-3503\">5.4 Abs\u00e8ncies alumnat\u00a0 \u00a0 <\/a><a href=\"https:\/\/agora.xtec.cat\/esc-mdmuntanya\/lescola\/documents\/nofc-normes-dorganitzacio-i-funcionament-de-centre\/attachment\/5-5-material-socialitzat\/\" rel=\"attachment wp-att-3502\">5.5 Material socialitzat\u00a0 <\/a><a href=\"https:\/\/agora.xtec.cat\/esc-mdmuntanya\/lescola\/documents\/nofc-normes-dorganitzacio-i-funcionament-de-centre\/attachment\/5-6-actuacio-discrepancies-entre-progenitors\/\" rel=\"attachment wp-att-3501\">5.6 Actuaci\u00f3 discrep\u00e0ncies entre progenitors \u00a0 <\/a><a href=\"https:\/\/agora.xtec.cat\/esc-mdmuntanya\/lescola\/documents\/nofc-normes-dorganitzacio-i-funcionament-de-centre\/attachment\/5-7-actuacions-policia-o-dgaia\/\" rel=\"attachment wp-att-3500\">5.7 Actuacions policia o DGAIA \u00a0 <\/a><a href=\"https:\/\/agora.xtec.cat\/esc-mdmuntanya\/lescola\/documents\/nofc-normes-dorganitzacio-i-funcionament-de-centre\/attachment\/5-7-actuacions-policia-o-dgaia\/\" rel=\"attachment wp-att-3500\">5.7 Actuacions policia o DGAIA \u00a0 \u00a0<\/a><a href=\"https:\/\/agora.xtec.cat\/esc-mdmuntanya\/lescola\/documents\/nofc-normes-dorganitzacio-i-funcionament-de-centre\/attachment\/5-8-seguretat-higiene-i-salut\/\" rel=\"attachment wp-att-3499\">5.8 Seguretat, higiene i salut<\/a><\/strong><\/li>\n<li><strong>De la conviv\u00e8ncia en el centre <a href=\"https:\/\/agora.xtec.cat\/esc-mdmuntanya\/lescola\/documents\/nofc-normes-dorganitzacio-i-funcionament-de-centre\/attachment\/6-1-convivencia-i-resolucio-de-conflictes\/\" rel=\"attachment wp-att-3509\">6.1 Conviv\u00e8ncia i resoluci\u00f3 de conflictes<\/a> \u00a0\u00a0<a href=\"https:\/\/agora.xtec.cat\/esc-mdmuntanya\/lescola\/documents\/nofc-normes-dorganitzacio-i-funcionament-de-centre\/attachment\/6-2-conductes-greument-perjudicials-per-la-convivencia\/\" rel=\"attachment wp-att-3508\">6.2 Conductes greument perjudicials per la conviv\u00e8ncia \u00a0 <\/a><a href=\"https:\/\/agora.xtec.cat\/esc-mdmuntanya\/lescola\/documents\/nofc-normes-dorganitzacio-i-funcionament-de-centre\/attachment\/6-3-conductes-contraries-a-la-convivencia\/\" rel=\"attachment wp-att-3507\">6.3 Conductes contr\u00e0ries a la conviv\u00e8ncia<\/a><\/strong><\/li>\n<li><strong>Disposicions finals\u00a0 <a href=\"https:\/\/agora.xtec.cat\/esc-mdmuntanya\/lescola\/documents\/nofc-normes-dorganitzacio-i-funcionament-de-centre\/attachment\/7-1-disposicions-finals\/\" rel=\"attachment wp-att-3510\">7.1 Disposicions finals<\/a><\/strong><\/li>\n<\/ol>\n","protected":false},"excerpt":{"rendered":"<p>Els centres educatius han d\u2019elaborar les normes d\u2019organitzaci\u00f3 i funcionament d\u2019acord amb el que s\u2019estableix al Decret 102\/2010, d\u2019autonomia dels centres educatius. Les NOFC han de contenir elements relacionats amb l\u2019estructura organitzativa del centre, han de regular aspectes relacionats amb la participaci\u00f3 de la comunitat&hellip;  <a href=\"https:\/\/agora.xtec.cat\/esc-mdmuntanya\/lescola\/documents\/nofc-normes-dorganitzacio-i-funcionament-de-centre\/\" title=\"Read NOFC (Normes d&#8217;Organitzaci\u00f3 i funcionament de Centre)\">Llegeix m\u00e9s\u00bb<\/a><\/p>\n","protected":false},"author":4,"featured_media":0,"parent":962,"menu_order":10,"comment_status":"closed","ping_status":"closed","template":"","meta":{"_bbp_topic_count":0,"_bbp_reply_count":0,"_bbp_total_topic_count":0,"_bbp_total_reply_count":0,"_bbp_voice_count":0,"_bbp_anonymous_reply_count":0,"_bbp_topic_count_hidden":0,"_bbp_reply_count_hidden":0,"_bbp_forum_subforum_count":0,"footnotes":""},"class_list":["post-1024","page","type-page","status-publish","hentry"],"post_mailing_queue_ids":[],"_links":{"self":[{"href":"https:\/\/agora.xtec.cat\/esc-mdmuntanya\/wp-json\/wp\/v2\/pages\/1024","targetHints":{"allow":["GET"]}}],"collection":[{"href":"https:\/\/agora.xtec.cat\/esc-mdmuntanya\/wp-json\/wp\/v2\/pages"}],"about":[{"href":"https:\/\/agora.xtec.cat\/esc-mdmuntanya\/wp-json\/wp\/v2\/types\/page"}],"author":[{"embeddable":true,"href":"https:\/\/agora.xtec.cat\/esc-mdmuntanya\/wp-json\/wp\/v2\/users\/4"}],"replies":[{"embeddable":true,"href":"https:\/\/agora.xtec.cat\/esc-mdmuntanya\/wp-json\/wp\/v2\/comments?post=1024"}],"version-history":[{"count":4,"href":"https:\/\/agora.xtec.cat\/esc-mdmuntanya\/wp-json\/wp\/v2\/pages\/1024\/revisions"}],"predecessor-version":[{"id":3518,"href":"https:\/\/agora.xtec.cat\/esc-mdmuntanya\/wp-json\/wp\/v2\/pages\/1024\/revisions\/3518"}],"up":[{"embeddable":true,"href":"https:\/\/agora.xtec.cat\/esc-mdmuntanya\/wp-json\/wp\/v2\/pages\/962"}],"wp:attachment":[{"href":"https:\/\/agora.xtec.cat\/esc-mdmuntanya\/wp-json\/wp\/v2\/media?parent=1024"}],"curies":[{"name":"wp","href":"https:\/\/api.w.org\/{rel}","templated":true}]}}