{"id":30,"date":"2014-09-18T12:30:23","date_gmt":"2014-09-18T11:30:23","guid":{"rendered":"http:\/\/agora.xtec.cat\/esc-massanet\/?page_id=30"},"modified":"2020-03-16T13:30:27","modified_gmt":"2020-03-16T12:30:27","slug":"instal%c2%b7lacions","status":"publish","type":"page","link":"https:\/\/agora.xtec.cat\/esc-massanet\/lescola\/instal%c2%b7lacions\/","title":{"rendered":"Instal\u00b7lacions"},"content":{"rendered":"<p>L&#8217;edifici est\u00e0 situat al l\u00edmit del nucli urb\u00e0 en la urbanitzaci\u00f3 adossada que s&#8217;anomena Bellavista.<\/p>\n<p>L&#8217;equipament \u00e9s intel\u00b7ligent de tal manera que ell sol renova l&#8217;aire, regula la calefacci\u00f3, controla les llums, etc. En definitiva, all\u00f2 que correspon a una escola del segle XXI.<\/p>\n<p>La majoria de l\u2019espai \u00e9s planta baixa. Aix\u00f2 facilita la mobilitat, sobre tot a Educaci\u00f3 Infantil.<\/p>\n\n\t\t<style type=\"text\/css\">\n\t\t\t#gallery-1 {\n\t\t\t\tmargin: auto;\n\t\t\t}\n\t\t\t#gallery-1 .gallery-item {\n\t\t\t\tfloat: left;\n\t\t\t\tmargin-top: 10px;\n\t\t\t\ttext-align: center;\n\t\t\t\twidth: 50%;\n\t\t\t}\n\t\t\t#gallery-1 img {\n\t\t\t\tborder: 2px solid #cfcfcf;\n\t\t\t}\n\t\t\t#gallery-1 .gallery-caption {\n\t\t\t\tmargin-left: 0;\n\t\t\t}\n\t\t\t\/* see gallery_shortcode() in wp-includes\/media.php *\/\n\t\t<\/style>\n\t\t<div id='gallery-1' class='gallery galleryid-30 gallery-columns-2 gallery-size-medium'><dl class='gallery-item'>\n\t\t\t<dt class='gallery-icon portrait'>\n\t\t\t\t<a href='https:\/\/agora.xtec.cat\/esc-massanet\/lescola\/instal%c2%b7lacions\/attachment\/foto\/'><img loading=\"lazy\" decoding=\"async\" width=\"213\" height=\"300\" src=\"https:\/\/agora.xtec.cat\/esc-massanet\/wp-content\/uploads\/usu2095\/2020\/03\/foto-213x300.png\" class=\"attachment-medium size-medium\" alt=\"\" srcset=\"https:\/\/agora.xtec.cat\/esc-massanet\/wp-content\/uploads\/usu2095\/2020\/03\/foto-213x300.png 213w, https:\/\/agora.xtec.cat\/esc-massanet\/wp-content\/uploads\/usu2095\/2020\/03\/foto.png 311w\" sizes=\"auto, (max-width: 213px) 100vw, 213px\" \/><\/a>\n\t\t\t<\/dt><\/dl><dl class='gallery-item'>\n\t\t\t<dt class='gallery-icon landscape'>\n\t\t\t\t<a href='https:\/\/agora.xtec.cat\/esc-massanet\/lescola\/instal%c2%b7lacions\/attachment\/foto-cole\/'><img loading=\"lazy\" decoding=\"async\" width=\"300\" height=\"197\" src=\"https:\/\/agora.xtec.cat\/esc-massanet\/wp-content\/uploads\/usu2095\/2020\/03\/foto-cole-300x197.png\" class=\"attachment-medium size-medium\" alt=\"\" srcset=\"https:\/\/agora.xtec.cat\/esc-massanet\/wp-content\/uploads\/usu2095\/2020\/03\/foto-cole-300x197.png 300w, https:\/\/agora.xtec.cat\/esc-massanet\/wp-content\/uploads\/usu2095\/2020\/03\/foto-cole.png 459w\" sizes=\"auto, (max-width: 300px) 100vw, 300px\" \/><\/a>\n\t\t\t<\/dt><\/dl><br style=\"clear: both\" \/>\n\t\t<\/div>\n\n<p style=\"text-align: center;\">En aquest espai hi trobem les aules d&#8217;Educaci\u00f3 Infantil i la de Primer de Prim\u00e0ria. Les 3 aules de tutories d\u2019Educaci\u00f3 Infantil tenen un color cadascuna. \u00c9s un degradat que <span style=\"font-family: inherit; font-size: 1em;\">va del groc al vermell. Tamb\u00e9 hi ha una aula de <\/span><span style=\"font-family: inherit; font-size: 1em;\">suport convertida en ambient de <\/span>caseta, una aula de psicomotricitat, una tutoria, magatzem i un vest\u00edbul molt ampli convertit en espai de rebuda del transport i tamb\u00e9 de treball.<\/p>\n<p style=\"text-align: center;\"><a href=\"https:\/\/agora.xtec.cat\/esc-massanet\/wp-content\/uploads\/usu2095\/2020\/03\/Sin-t\u00edtulo.png\"><img loading=\"lazy\" decoding=\"async\" class=\"alignnone wp-image-648\" src=\"https:\/\/agora.xtec.cat\/esc-massanet\/wp-content\/uploads\/usu2095\/2020\/03\/Sin-t\u00edtulo.png\" alt=\"\" width=\"306\" height=\"225\" srcset=\"https:\/\/agora.xtec.cat\/esc-massanet\/wp-content\/uploads\/usu2095\/2020\/03\/Sin-t\u00edtulo.png 416w, https:\/\/agora.xtec.cat\/esc-massanet\/wp-content\/uploads\/usu2095\/2020\/03\/Sin-t\u00edtulo-300x220.png 300w\" sizes=\"auto, (max-width: 306px) 100vw, 306px\" \/><\/a><\/p>\n<p>L\u2019entrada i la separaci\u00f3 dels despatxos tenen uns relleus en ferro en moviment.<\/p>\n<p><a href=\"https:\/\/agora.xtec.cat\/esc-massanet\/wp-content\/uploads\/usu2095\/2020\/03\/entrada-escola.jpg\"><img loading=\"lazy\" decoding=\"async\" class=\"wp-image-580 size-full aligncenter\" src=\"https:\/\/agora.xtec.cat\/esc-massanet\/wp-content\/uploads\/usu2095\/2020\/03\/entrada-escola.jpg\" alt=\"\" width=\"425\" height=\"307\" srcset=\"https:\/\/agora.xtec.cat\/esc-massanet\/wp-content\/uploads\/usu2095\/2020\/03\/entrada-escola.jpg 425w, https:\/\/agora.xtec.cat\/esc-massanet\/wp-content\/uploads\/usu2095\/2020\/03\/entrada-escola-300x217.jpg 300w\" sizes=\"auto, (max-width: 425px) 100vw, 425px\" \/><\/a><\/p>\n<p>A la planta baixa de l\u2019edifici de prim\u00e0ria hi podem trobar la consergeria, la secretaria, la biblioteca, alguns despatxos, un ambient de minimons, 4 aules pels diferents grups de cicle inicial, la sala de mestres, el magatzem i el menjador.<\/p>\n<p>En la segona planta a m\u00e9s de les 6 aules pels diferents grups, hi ha les pr\u00f2pies d\u2019especialitat (m\u00fasica, visual i pl\u00e0stica, inform\u00e0tica, laboratori, angl\u00e8s i educaci\u00f3 especial) i tamb\u00e9 de desdoblament que hem anat convertint en diferents espais de treball.<\/p>\n<p><a href=\"https:\/\/agora.xtec.cat\/esc-massanet\/wp-content\/uploads\/usu2095\/2020\/03\/Sin-t\u00edtulo-1.png\"><img loading=\"lazy\" decoding=\"async\" class=\" wp-image-649 aligncenter\" src=\"https:\/\/agora.xtec.cat\/esc-massanet\/wp-content\/uploads\/usu2095\/2020\/03\/Sin-t\u00edtulo-1.png\" alt=\"\" width=\"308\" height=\"241\" srcset=\"https:\/\/agora.xtec.cat\/esc-massanet\/wp-content\/uploads\/usu2095\/2020\/03\/Sin-t\u00edtulo-1.png 416w, https:\/\/agora.xtec.cat\/esc-massanet\/wp-content\/uploads\/usu2095\/2020\/03\/Sin-t\u00edtulo-1-300x235.png 300w\" sizes=\"auto, (max-width: 308px) 100vw, 308px\" \/><\/a><\/p>\n<p>Tamb\u00e9 hi ha el polivalent que a m\u00e9s de servir com a gimn\u00e0s, t\u00e9 un escenari per fer representacions, trobades, assemblees, festes, etc.<\/p>\n<p style=\"text-align: center;\"><a href=\"https:\/\/agora.xtec.cat\/esc-massanet\/wp-content\/uploads\/usu2095\/2020\/03\/Sin-t\u00edtulo-2.png\"><img loading=\"lazy\" decoding=\"async\" class=\"wp-image-650 alignnone\" src=\"https:\/\/agora.xtec.cat\/esc-massanet\/wp-content\/uploads\/usu2095\/2020\/03\/Sin-t\u00edtulo-2.png\" alt=\"\" width=\"379\" height=\"238\" srcset=\"https:\/\/agora.xtec.cat\/esc-massanet\/wp-content\/uploads\/usu2095\/2020\/03\/Sin-t\u00edtulo-2.png 486w, https:\/\/agora.xtec.cat\/esc-massanet\/wp-content\/uploads\/usu2095\/2020\/03\/Sin-t\u00edtulo-2-300x188.png 300w\" sizes=\"auto, (max-width: 379px) 100vw, 379px\" \/><\/a><\/p>\n<p>&nbsp;<\/p>\n","protected":false},"excerpt":{"rendered":"<p>L&#8217;edifici est\u00e0 situat al l\u00edmit del nucli urb\u00e0 en la urbanitzaci\u00f3 adossada que s&#8217;anomena Bellavista.<br \/>\nL&#8217;equipament \u00e9s intel\u00b7ligent de tal manera que ell sol renova l&#8217;aire, regula la calefacci\u00f3, controla les llums, etc. En definitiva, all\u00f2 que correspon a una escola del segle XXI.<br \/>\nLa majoria de&hellip;  <a href=\"https:\/\/agora.xtec.cat\/esc-massanet\/lescola\/instal%c2%b7lacions\/\" title=\"Read Instal\u00b7lacions\">Llegeix m\u00e9s\u00bb<\/a><\/p>\n","protected":false},"author":1,"featured_media":0,"parent":22,"menu_order":40,"comment_status":"closed","ping_status":"closed","template":"page-templates\/side-menu.php","meta":{"_bbp_topic_count":0,"_bbp_reply_count":0,"_bbp_total_topic_count":0,"_bbp_total_reply_count":0,"_bbp_voice_count":0,"_bbp_anonymous_reply_count":0,"_bbp_topic_count_hidden":0,"_bbp_reply_count_hidden":0,"_bbp_forum_subforum_count":0,"footnotes":""},"class_list":["post-30","page","type-page","status-publish","hentry"],"post_mailing_queue_ids":[],"_links":{"self":[{"href":"https:\/\/agora.xtec.cat\/esc-massanet\/wp-json\/wp\/v2\/pages\/30","targetHints":{"allow":["GET"]}}],"collection":[{"href":"https:\/\/agora.xtec.cat\/esc-massanet\/wp-json\/wp\/v2\/pages"}],"about":[{"href":"https:\/\/agora.xtec.cat\/esc-massanet\/wp-json\/wp\/v2\/types\/page"}],"author":[{"embeddable":true,"href":"https:\/\/agora.xtec.cat\/esc-massanet\/wp-json\/wp\/v2\/users\/1"}],"replies":[{"embeddable":true,"href":"https:\/\/agora.xtec.cat\/esc-massanet\/wp-json\/wp\/v2\/comments?post=30"}],"version-history":[{"count":3,"href":"https:\/\/agora.xtec.cat\/esc-massanet\/wp-json\/wp\/v2\/pages\/30\/revisions"}],"predecessor-version":[{"id":520,"href":"https:\/\/agora.xtec.cat\/esc-massanet\/wp-json\/wp\/v2\/pages\/30\/revisions\/520"}],"up":[{"embeddable":true,"href":"https:\/\/agora.xtec.cat\/esc-massanet\/wp-json\/wp\/v2\/pages\/22"}],"wp:attachment":[{"href":"https:\/\/agora.xtec.cat\/esc-massanet\/wp-json\/wp\/v2\/media?parent=30"}],"curies":[{"name":"wp","href":"https:\/\/api.w.org\/{rel}","templated":true}]}}