{"id":1248,"date":"2020-03-31T20:59:29","date_gmt":"2020-03-31T18:59:29","guid":{"rendered":"https:\/\/agora.xtec.cat\/esc-massanet\/?page_id=1248"},"modified":"2020-04-05T13:30:33","modified_gmt":"2020-04-05T11:30:33","slug":"tertulies-literaries","status":"publish","type":"page","link":"https:\/\/agora.xtec.cat\/esc-massanet\/lescola\/consell-escolar\/tertulies-literaries\/","title":{"rendered":"Tert\u00falies Liter\u00e0ries"},"content":{"rendered":"<p style=\"text-align: justify;\">Es tracta de la construcci\u00f3 col\u00b7lectiva de significat i de coneixement a partir del di\u00e0leg amb tots els alumnes que participen en la tert\u00falia. El funcionament de les tert\u00falies liter\u00e0ries es basa en els 7 principis de l\u2019aprenentatge dial\u00f2gic i es desenvolupen a partir de les millors creacions de la humanitat en tots els \u00e0mbits: des de la literatura, l\u2019art, la ci\u00e8ncia, etc.<\/p>\n<p style=\"text-align: justify;\">Mitjan\u00e7ant les tert\u00falies liter\u00e0ries es potencia l\u2019apropament directe dels alumnes, sense diferenciar edat, g\u00e8nere, cultura o capacitat, a la cultura cl\u00e0ssica universal i al coneixement cient\u00edfic acumulat per la humanitat a trav\u00e9s del temps.<\/p>\n<p style=\"text-align: justify;\">Tant en l\u2019\u00e8tica com en la ci\u00e8ncia es imprescindible el consens, mentre que en l\u2019est\u00e9tica no ho \u00e9s.<\/p>\n<p style=\"text-align: justify;\">En les matem\u00e0tiques, la f\u00edsica, la qu\u00edmica, la biologia&#8230; est\u00e0 clar quins s\u00f3n els coneixements que s\u00f3n v\u00e0lids i les tert\u00falies dial\u00f2giques sobre aquests \u00e0mbits segueixen aquests criteris. En la literatura i en l\u2019art en general no cal un consens est\u00e8tic; per aquest motiu les tert\u00falies dial\u00f2giques d\u2019aquests \u00e0mbits es fan, \u00fanicament, d\u2019aquelles obres sobre les quals tot el m\u00f3n est\u00e0 d\u2019acord en pensar que formen part de les millors creacions de la humanitat.<\/p>\n","protected":false},"excerpt":{"rendered":"<p>Es tracta de la construcci\u00f3 col\u00b7lectiva de significat i de coneixement a partir del di\u00e0leg amb tots els alumnes que participen en la tert\u00falia. El funcionament de les tert\u00falies liter\u00e0ries es basa en els 7 principis de l\u2019aprenentatge dial\u00f2gic i es desenvolupen a partir de&hellip;  <a href=\"https:\/\/agora.xtec.cat\/esc-massanet\/lescola\/consell-escolar\/tertulies-literaries\/\" title=\"Read Tert\u00falies Liter\u00e0ries\">Llegeix m\u00e9s\u00bb<\/a><\/p>\n","protected":false},"author":1,"featured_media":0,"parent":28,"menu_order":40,"comment_status":"closed","ping_status":"closed","template":"page-templates\/side-menu.php","meta":{"_bbp_topic_count":0,"_bbp_reply_count":0,"_bbp_total_topic_count":0,"_bbp_total_reply_count":0,"_bbp_voice_count":0,"_bbp_anonymous_reply_count":0,"_bbp_topic_count_hidden":0,"_bbp_reply_count_hidden":0,"_bbp_forum_subforum_count":0,"footnotes":""},"class_list":["post-1248","page","type-page","status-publish","hentry"],"post_mailing_queue_ids":[],"_links":{"self":[{"href":"https:\/\/agora.xtec.cat\/esc-massanet\/wp-json\/wp\/v2\/pages\/1248","targetHints":{"allow":["GET"]}}],"collection":[{"href":"https:\/\/agora.xtec.cat\/esc-massanet\/wp-json\/wp\/v2\/pages"}],"about":[{"href":"https:\/\/agora.xtec.cat\/esc-massanet\/wp-json\/wp\/v2\/types\/page"}],"author":[{"embeddable":true,"href":"https:\/\/agora.xtec.cat\/esc-massanet\/wp-json\/wp\/v2\/users\/1"}],"replies":[{"embeddable":true,"href":"https:\/\/agora.xtec.cat\/esc-massanet\/wp-json\/wp\/v2\/comments?post=1248"}],"version-history":[{"count":1,"href":"https:\/\/agora.xtec.cat\/esc-massanet\/wp-json\/wp\/v2\/pages\/1248\/revisions"}],"predecessor-version":[{"id":1249,"href":"https:\/\/agora.xtec.cat\/esc-massanet\/wp-json\/wp\/v2\/pages\/1248\/revisions\/1249"}],"up":[{"embeddable":true,"href":"https:\/\/agora.xtec.cat\/esc-massanet\/wp-json\/wp\/v2\/pages\/28"}],"wp:attachment":[{"href":"https:\/\/agora.xtec.cat\/esc-massanet\/wp-json\/wp\/v2\/media?parent=1248"}],"curies":[{"name":"wp","href":"https:\/\/api.w.org\/{rel}","templated":true}]}}