{"id":26,"date":"2014-09-18T12:24:32","date_gmt":"2014-09-18T12:24:32","guid":{"rendered":"http:\/\/agora.xtec.cat\/esc-masboadella-sabadell\/?page_id=26"},"modified":"2016-04-07T18:24:36","modified_gmt":"2016-04-07T17:24:36","slug":"historia","status":"publish","type":"page","link":"https:\/\/agora.xtec.cat\/esc-masboadella-sabadell\/lescola\/historia\/","title":{"rendered":"Hist\u00f2ria"},"content":{"rendered":"<p style=\"text-align: justify;\">El col\u00b7legi Mas Boadella va sorgir per la demanda d&#8217;escolaritzaci\u00f3 de la poblaci\u00f3 que es va instal\u00b7lar al nou barri de Can Llong \u2013 Castellarnau, una de les zones amb un creixement urban\u00edstic m\u00e9s alt dels \u00faltims anys.<\/p>\n<p style=\"text-align: justify;\">El barri ocupa una superf\u00edcie de 642.700m2 d&#8217;antics terrenys de cultiu, que van ser requalificats com a urbans en el nou Pla General de Sabadell l&#8217;any 1993.<\/p>\n<p style=\"text-align: justify;\">L\u2019escola est\u00e0 situada al carrer Viena, paral\u00b7lel amb l&#8217;avinguda Estrasburg, columna vertebral de la zona.<\/p>\n<p style=\"text-align: justify;\">El barri est\u00e0 envoltat d&#8217;\u00e0mplies zones verdes com el Parc de les Aig\u00fces, el Parc d\u2019Odessa, just al costat del col\u00b7legi, i el Parc de la Romeua.<\/p>\n<p style=\"text-align: justify;\">Com a centre de nova creaci\u00f3, vam comen\u00e7ar l\u2019activitat docent el curs 2007-2008 amb dues classes de P3.<\/p>\n<p style=\"text-align: justify;\">L&#8217;escola va n\u00e9ixer amb el nom de CEIP Can Llong II. Posteriorment, i despr\u00e9s d&#8217;un proc\u00e9s democr\u00e0tic de participaci\u00f3 de pares, mares i professors, vam adoptar el nom d&#8217;escola Mas Boadella.<\/p>\n<p style=\"text-align: justify;\">Va ser l&#8217;any 2009 quan el centre es va traslladar al seu nou edifici ubicat al carrer Viena n\u00fam.1.<\/p>\n<p style=\"text-align: justify;\">L&#8217;edifici compta amb una instal\u00b7lacions modernes i actuals. Consta de tres plantes amb una superf\u00edcie constru\u00efda de 3.207.35 m2.<\/p>\n<p>Les etapes educatives que impartim a l\u2019escola s\u00f3n: educaci\u00f3 infantil i educaci\u00f3 prim\u00e0ria.<\/p>\n","protected":false},"excerpt":{"rendered":"<p>El col\u00b7legi Mas Boadella va sorgir per la demanda d&#8217;escolaritzaci\u00f3 de la poblaci\u00f3 que es va instal\u00b7lar al nou barri de Can Llong \u2013 Castellarnau, una de les zones amb un creixement urban\u00edstic m\u00e9s alt dels \u00faltims anys.<br \/>\nEl barri ocupa una superf\u00edcie de 642.700m2 d&#8217;antics&hellip;  <a href=\"https:\/\/agora.xtec.cat\/esc-masboadella-sabadell\/lescola\/historia\/\" title=\"Read Hist\u00f2ria\">Llegeix m\u00e9s\u00bb<\/a><\/p>\n","protected":false},"author":2,"featured_media":0,"parent":22,"menu_order":30,"comment_status":"closed","ping_status":"closed","template":"page-templates\/side-menu.php","meta":{"_bbp_topic_count":0,"_bbp_reply_count":0,"_bbp_total_topic_count":0,"_bbp_total_reply_count":0,"_bbp_voice_count":0,"_bbp_anonymous_reply_count":0,"_bbp_topic_count_hidden":0,"_bbp_reply_count_hidden":0,"_bbp_forum_subforum_count":0,"footnotes":""},"class_list":["post-26","page","type-page","status-publish","hentry"],"post_mailing_queue_ids":[],"_links":{"self":[{"href":"https:\/\/agora.xtec.cat\/esc-masboadella-sabadell\/wp-json\/wp\/v2\/pages\/26","targetHints":{"allow":["GET"]}}],"collection":[{"href":"https:\/\/agora.xtec.cat\/esc-masboadella-sabadell\/wp-json\/wp\/v2\/pages"}],"about":[{"href":"https:\/\/agora.xtec.cat\/esc-masboadella-sabadell\/wp-json\/wp\/v2\/types\/page"}],"author":[{"embeddable":true,"href":"https:\/\/agora.xtec.cat\/esc-masboadella-sabadell\/wp-json\/wp\/v2\/users\/2"}],"replies":[{"embeddable":true,"href":"https:\/\/agora.xtec.cat\/esc-masboadella-sabadell\/wp-json\/wp\/v2\/comments?post=26"}],"version-history":[{"count":0,"href":"https:\/\/agora.xtec.cat\/esc-masboadella-sabadell\/wp-json\/wp\/v2\/pages\/26\/revisions"}],"up":[{"embeddable":true,"href":"https:\/\/agora.xtec.cat\/esc-masboadella-sabadell\/wp-json\/wp\/v2\/pages\/22"}],"wp:attachment":[{"href":"https:\/\/agora.xtec.cat\/esc-masboadella-sabadell\/wp-json\/wp\/v2\/media?parent=26"}],"curies":[{"name":"wp","href":"https:\/\/api.w.org\/{rel}","templated":true}]}}