{"id":77,"date":"2014-09-18T14:05:08","date_gmt":"2014-09-18T13:05:08","guid":{"rendered":"http:\/\/agora.xtec.cat\/esc-martamata-vendrell\/?page_id=77"},"modified":"2025-10-20T15:55:51","modified_gmt":"2025-10-20T13:55:51","slug":"acollida","status":"publish","type":"page","link":"https:\/\/agora.xtec.cat\/esc-martamata-vendrell\/serveis\/acollida\/","title":{"rendered":"Acollida"},"content":{"rendered":"<h4><span style=\"color: #0b8f12;\"><strong>SERVEI D\u2019ACOLLIDA MATINAL CURS 2025-2026<\/strong><\/span><\/h4>\n<p>El servei d\u2019acollida matinal est\u00e0 gestionat per la Ballaruga.<\/p>\n<p><img decoding=\"async\" src=\"https:\/\/www.laballaruga.org\/wp-content\/uploads\/2023\/03\/Unknown.png\" alt=\"Descripci\u00f3 \u2013 La Ballaruga\" \/><\/p>\n<p>Podeu trobar m\u00e9s informaci\u00f3 sobre com fer la inscripci\u00f3 i els preus al seg\u00fcent enlla\u00e7: <a href=\"https:\/\/www.laballaruga.org\/acollida\/\">https:\/\/www.laballaruga.org\/acollida\/<\/a><\/p>\n<p>Tamb\u00e9 podeu contactar a trav\u00e9s dels seg\u00fcents canals:<\/p>\n<ul>\n<li>Email: <a href=\"mailto:laballaruga@fundesplai.org\">laballaruga@fundesplai.org<\/a><\/li>\n<li>Tel\u00e8fon: 977 94 42 28<\/li>\n<\/ul>\n","protected":false},"excerpt":{"rendered":"<p>SERVEI D\u2019ACOLLIDA MATINAL CURS 2025-2026<br \/>\nEl servei d\u2019acollida matinal est\u00e0 gestionat per la Ballaruga.<\/p>\n<p>Podeu trobar m\u00e9s informaci\u00f3 sobre com fer la inscripci\u00f3 i els preus al seg\u00fcent enlla\u00e7: <a href=\"https:\/\/www.laballaruga.org\/acollida\/\">https:\/\/www.laballaruga.org\/acollida\/<\/a><br \/>\nTamb\u00e9 podeu contactar a trav\u00e9s dels seg\u00fcents canals:<\/p>\n<ul>\n<li>Email: <a href=\"mailto:laballaruga@fundesplai.org\">laballaruga@fundesplai.org<\/a><\/li>\n<li>Tel\u00e8fon: 977 94 42 28<\/li>\n<\/ul>\n","protected":false},"author":1,"featured_media":0,"parent":66,"menu_order":20,"comment_status":"closed","ping_status":"closed","template":"page-templates\/side-menu.php","meta":{"_bbp_topic_count":0,"_bbp_reply_count":0,"_bbp_total_topic_count":0,"_bbp_total_reply_count":0,"_bbp_voice_count":0,"_bbp_anonymous_reply_count":0,"_bbp_topic_count_hidden":0,"_bbp_reply_count_hidden":0,"_bbp_forum_subforum_count":0,"footnotes":""},"class_list":["post-77","page","type-page","status-publish","hentry"],"post_mailing_queue_ids":[],"_links":{"self":[{"href":"https:\/\/agora.xtec.cat\/esc-martamata-vendrell\/wp-json\/wp\/v2\/pages\/77","targetHints":{"allow":["GET"]}}],"collection":[{"href":"https:\/\/agora.xtec.cat\/esc-martamata-vendrell\/wp-json\/wp\/v2\/pages"}],"about":[{"href":"https:\/\/agora.xtec.cat\/esc-martamata-vendrell\/wp-json\/wp\/v2\/types\/page"}],"author":[{"embeddable":true,"href":"https:\/\/agora.xtec.cat\/esc-martamata-vendrell\/wp-json\/wp\/v2\/users\/1"}],"replies":[{"embeddable":true,"href":"https:\/\/agora.xtec.cat\/esc-martamata-vendrell\/wp-json\/wp\/v2\/comments?post=77"}],"version-history":[{"count":6,"href":"https:\/\/agora.xtec.cat\/esc-martamata-vendrell\/wp-json\/wp\/v2\/pages\/77\/revisions"}],"predecessor-version":[{"id":13883,"href":"https:\/\/agora.xtec.cat\/esc-martamata-vendrell\/wp-json\/wp\/v2\/pages\/77\/revisions\/13883"}],"up":[{"embeddable":true,"href":"https:\/\/agora.xtec.cat\/esc-martamata-vendrell\/wp-json\/wp\/v2\/pages\/66"}],"wp:attachment":[{"href":"https:\/\/agora.xtec.cat\/esc-martamata-vendrell\/wp-json\/wp\/v2\/media?parent=77"}],"curies":[{"name":"wp","href":"https:\/\/api.w.org\/{rel}","templated":true}]}}