{"id":73,"date":"2014-09-18T14:01:51","date_gmt":"2014-09-18T13:01:51","guid":{"rendered":"http:\/\/agora.xtec.cat\/esc-martamata-vendrell\/?page_id=73"},"modified":"2025-10-20T15:38:26","modified_gmt":"2025-10-20T13:38:26","slug":"menjador-escolar","status":"publish","type":"page","link":"https:\/\/agora.xtec.cat\/esc-martamata-vendrell\/serveis\/menjador-escolar\/","title":{"rendered":"Menjador escolar"},"content":{"rendered":"<p>El servei de menjador \u00e9s gestionat pel Consell Comarcal del Baix Pened\u00e8s amb l&#8217;empresa 7 i Tria.<\/p>\n<p><b>HORARI DEL MENJADOR: <\/b><span style=\"font-weight: 400;\">de 12:30\u202fh a 15:00\u202fh (de 13\u202fh a 15:30\u202fh a partir del 9 de juny). <\/span><\/p>\n<p><span style=\"font-weight: 400;\">\u00c9s necessari fer la inscripci\u00f3 per poder fer \u00fas del servei a trav\u00e9s de l\u2019aplicaci\u00f3 <\/span><a href=\"https:\/\/play.google.com\/store\/apps\/details?id=com.omitsis.seventriasfundesplaiapp&amp;hl=ca\"><span style=\"font-weight: 400;\">https:\/\/activitats.fundesplai.org\/public\/landing\/app-7itria<\/span><\/a><span style=\"font-weight: 400;\"> o al tel\u00e8fon de la coordinadora del menjador (627 56 72 35).<\/span><\/p>\n<p><img decoding=\"async\" src=\"https:\/\/agora.xtec.cat\/escolasantmarti\/wp-content\/uploads\/usu1487\/2025\/05\/Imagen1.jpg\" alt=\"7 i TRIA\/Fundesplai | Escola Sant Mart\u00ed\" \/><\/p>\n","protected":false},"excerpt":{"rendered":"<p>El servei de menjador \u00e9s gestionat pel Consell Comarcal del Baix Pened\u00e8s amb l&#8217;empresa 7 i Tria.<br \/>\nHORARI DEL MENJADOR: de 12:30\u202fh a 15:00\u202fh (de 13\u202fh a 15:30\u202fh a partir del 9 de juny).<br \/>\n\u00c9s necessari fer la inscripci\u00f3 per poder fer \u00fas del servei a&hellip;  <a href=\"https:\/\/agora.xtec.cat\/esc-martamata-vendrell\/serveis\/menjador-escolar\/\" title=\"Read Menjador escolar\">Llegeix m\u00e9s\u00bb<\/a><\/p>\n","protected":false},"author":1,"featured_media":0,"parent":66,"menu_order":30,"comment_status":"closed","ping_status":"closed","template":"page-templates\/side-menu.php","meta":{"_bbp_topic_count":0,"_bbp_reply_count":0,"_bbp_total_topic_count":0,"_bbp_total_reply_count":0,"_bbp_voice_count":0,"_bbp_anonymous_reply_count":0,"_bbp_topic_count_hidden":0,"_bbp_reply_count_hidden":0,"_bbp_forum_subforum_count":0,"footnotes":""},"class_list":["post-73","page","type-page","status-publish","hentry"],"post_mailing_queue_ids":[],"_links":{"self":[{"href":"https:\/\/agora.xtec.cat\/esc-martamata-vendrell\/wp-json\/wp\/v2\/pages\/73","targetHints":{"allow":["GET"]}}],"collection":[{"href":"https:\/\/agora.xtec.cat\/esc-martamata-vendrell\/wp-json\/wp\/v2\/pages"}],"about":[{"href":"https:\/\/agora.xtec.cat\/esc-martamata-vendrell\/wp-json\/wp\/v2\/types\/page"}],"author":[{"embeddable":true,"href":"https:\/\/agora.xtec.cat\/esc-martamata-vendrell\/wp-json\/wp\/v2\/users\/1"}],"replies":[{"embeddable":true,"href":"https:\/\/agora.xtec.cat\/esc-martamata-vendrell\/wp-json\/wp\/v2\/comments?post=73"}],"version-history":[{"count":9,"href":"https:\/\/agora.xtec.cat\/esc-martamata-vendrell\/wp-json\/wp\/v2\/pages\/73\/revisions"}],"predecessor-version":[{"id":13881,"href":"https:\/\/agora.xtec.cat\/esc-martamata-vendrell\/wp-json\/wp\/v2\/pages\/73\/revisions\/13881"}],"up":[{"embeddable":true,"href":"https:\/\/agora.xtec.cat\/esc-martamata-vendrell\/wp-json\/wp\/v2\/pages\/66"}],"wp:attachment":[{"href":"https:\/\/agora.xtec.cat\/esc-martamata-vendrell\/wp-json\/wp\/v2\/media?parent=73"}],"curies":[{"name":"wp","href":"https:\/\/api.w.org\/{rel}","templated":true}]}}

<p>El servei de menjador és gestionat pel Consell Comarcal del Baix Penedès amb l&#8217;empresa 7 i Tria.</p>
<p><b>HORARI DEL MENJADOR: </b><span style="font-weight: 400;">de 12:30 h a 15:00 h (de 13 h a 15:30 h a partir del 9 de juny). </span></p>
<p><span style="font-weight: 400;">És necessari fer la inscripció per poder fer ús del servei a través de l’aplicació </span><a href="https://play.google.com/store/apps/details?id=com.omitsis.seventriasfundesplaiapp&amp;hl=ca"><span style="font-weight: 400;">https://activitats.fundesplai.org/public/landing/app-7itria</span></a><span style="font-weight: 400;"> o al telèfon de la coordinadora del menjador (627 56 72 35).</span></p>
<p><img decoding="async" src="https://agora.xtec.cat/escolasantmarti/wp-content/uploads/usu1487/2025/05/Imagen1.jpg" alt="7 i TRIA/Fundesplai | Escola Sant Martí" /></p>

<p>El servei de menjador és gestionat pel Consell Comarcal del Baix Penedès amb l&#8217;empresa 7 i Tria.<br />
HORARI DEL MENJADOR: de 12:30 h a 15:00 h (de 13 h a 15:30 h a partir del 9 de juny).<br />
És necessari fer la inscripció per poder fer ús del servei a&hellip;  <a href="https://agora.xtec.cat/esc-martamata-vendrell/serveis/menjador-escolar/" title="Read Menjador escolar">Llegeix més»</a></p>
