{"id":36,"date":"2014-09-18T12:33:11","date_gmt":"2014-09-18T11:33:11","guid":{"rendered":"http:\/\/agora.xtec.cat\/esc-martamata-vendrell\/?page_id=36"},"modified":"2016-04-05T13:59:26","modified_gmt":"2016-04-05T12:59:26","slug":"material-escolar","status":"publish","type":"page","link":"https:\/\/agora.xtec.cat\/esc-martamata-vendrell\/lescola\/material-escolar\/","title":{"rendered":"Biografia Marta Mata"},"content":{"rendered":"<p>&nbsp;<\/p>\n<hr \/>\n<p style=\"text-align: justify;\"><span style=\"color: #000000;\"><strong>Marta Mata i Garriga<\/strong><a style=\"color: #000000;\" href=\"http:\/\/agora.xtec.cat\/esc-martamata-vendrell\/wp-content\/uploads\/usu877\/2014\/09\/marta-mata-foto5.jpg\"><img loading=\"lazy\" decoding=\"async\" class=\"  wp-image-203 alignright\" src=\"http:\/\/agora.xtec.cat\/esc-martamata-vendrell\/wp-content\/uploads\/usu877\/2014\/09\/marta-mata-foto5.jpg\" alt=\"marta mata foto5\" width=\"157\" height=\"236\" \/><\/a><\/span><br \/>\n(Saifores, 22 de juny de 1926 &#8211; Barcelona, 27 de juny de 2006) fou una pedagoga, diputada i senadora socialista i presidenta del Consell Escolar de l&#8217;Estat.<br \/>\nMarta Mata era filla d&#8217;una altra il\u2022lustre pedagoga catalana, \u00c0ngels Garriga, que la va influir molt en la seva vida professional. Llicenciada en filosofia i lletres, va ser cofundadora de <strong>l&#8217;Associaci\u00f3 de Mestres Rosa Sensat<\/strong> el 1965, que va impulsar la renovaci\u00f3 pedag\u00f2gica amb el restabliment de la democr\u00e0cia a Espanya.<br \/>\nM\u00e9s endavant, participaria en la creaci\u00f3 de <strong>l&#8217;Institut de Ci\u00e8ncies de l&#8217;Educaci\u00f3 (ICE) de la Universitat Aut\u00f2noma de Barcelona<\/strong> (1971) i, l&#8217;any seg\u00fcent, en l&#8217;inici de l&#8217;Escola de Mestres de la mateixa universitat on imparteix diversos cursos de Did\u00e0ctica de la Llengua i de Pedagogia. A partir d&#8217;aquell moment desplega un extens programa d&#8217;investigaci\u00f3 sobre l&#8217;ensenyament de la llengua catalana.<br \/>\nMarta Mata defensa l\u2019educaci\u00f3 p\u00fablica entesa com a pe\u00e7a mestra de la millora de la societat, i el dret a l&#8217;educaci\u00f3, com \u00abl&#8217;escola bona per a tots\u00bb. Impulsa la creaci\u00f3 del <strong>Patronat Municipal de Guarderies de Barcelona<\/strong>, l&#8217;any 1979, i tamb\u00e9 el moviment de ciutats educadores, una xarxa mundial que la porta a viatjar als Estats Units, l\u2019Argentina, Col\u00f2mbia, Su\u00e8cia, Costa Rica, Su\u00efssa, Fran\u00e7a, It\u00e0lia, Anglaterra, etc.Al 1999, la Universitat Aut\u00f2noma la reconeix amb el Doctorat Honoris Causa.<\/p>\n<p style=\"text-align: justify;\"><strong>Publicacions<\/strong>:<\/p>\n<p style=\"text-align: justify;\">Les seves publicacions en el camp de la pedagogia s\u00f3n molt nombroses. Tota la seva extensa bibliografia est\u00e0 disponible en la Biblioteca Curt\u00f3 (Saifores, Banyeres del Pened\u00e8s), originada a partir del fons familiar i professional d&#8217;\u00c0ngels Garriga i de la seva filla Marta Mata, i tamb\u00e9 de diversos donatius.<br \/>\nTamb\u00e9 era directora pedag\u00f2gica de les col\u2022leccions Desplega Vela, La Galera d&#8217;Or, Els Llibres dels Colors, Nous Horitzons, La Ruta del Sol (totes de l&#8217;editorial La Galera), La Clau de &#8220;Rosa Sensat&#8221; (Onda) i Rondalles de Menorca. A m\u00e9s a m\u00e9s era assessora d&#8217;altres editorials com Teide i Vicens-Vives o la revista Cavall Fort, aix\u00ed com de diverses col\u2022leccions o llibres de car\u00e0cter educatiu. Entre les seves publicacions de car\u00e0cter pol\u00edtic cal destacar la declaraci\u00f3 &#8220;Per una Nova Escola P\u00fablica&#8221; de 1975.<br \/>\nEntre les nombroses distincions rebudes, destaquen la medalla d&#8217;Alfons X el Savi (1990), la medalla d&#8217;Or de Barcelona al M\u00e8rit Cient\u00edfic (1997) i la Creu de Sant Jordi de la Generalitat de Catalunya (1997). L&#8217;any 1999 \u00e9s nomenada doctora honoris causa per la UAB, distinci\u00f3 que posa en relleu la seva tasca com a pedagoga, la lluita per la recuperaci\u00f3 de la mem\u00f2ria hist\u00f2rica educativa a Catalunya despr\u00e9s de la guerra civil i la defensa de l&#8217;escola p\u00fablica, democr\u00e0tica i catalana. El 2000, i en representaci\u00f3 de l&#8217;Escola de Mestres Rosa Sensat, recull el XX Premi per la Pau, i el 2001, el premi Ramon Fuster.<br \/>\nEn el moment de la seva mort, ocupava el c\u00e0rrec de <strong>presidenta del Consell Escolar de l\u2019Estat,<\/strong> el m\u00e0xim \u00f2rgan de participaci\u00f3 de la comunitat educativa. <a href=\"http:\/\/agora.xtec.cat\/esc-martamata-vendrell\/wp-content\/uploads\/usu877\/2014\/09\/marta-mata-foto4.jpg\"><img loading=\"lazy\" decoding=\"async\" class=\"  wp-image-204 aligncenter\" src=\"http:\/\/agora.xtec.cat\/esc-martamata-vendrell\/wp-content\/uploads\/usu877\/2014\/09\/marta-mata-foto4-1024x692.jpg\" alt=\"marta mata foto4\" width=\"335\" height=\"226\" srcset=\"https:\/\/agora.xtec.cat\/esc-martamata-vendrell\/wp-content\/uploads\/usu877\/2014\/09\/marta-mata-foto4.jpg 1024w, https:\/\/agora.xtec.cat\/esc-martamata-vendrell\/wp-content\/uploads\/usu877\/2014\/09\/marta-mata-foto4-300x203.jpg 300w\" sizes=\"auto, (max-width: 335px) 100vw, 335px\" \/><\/a> <a href=\"http:\/\/agora.xtec.cat\/esc-martamata-vendrell\/wp-content\/uploads\/usu877\/2014\/09\/marta-mata-foto3.jpg\"><img loading=\"lazy\" decoding=\"async\" class=\"  wp-image-205 aligncenter\" src=\"http:\/\/agora.xtec.cat\/esc-martamata-vendrell\/wp-content\/uploads\/usu877\/2014\/09\/marta-mata-foto3-1024x883.jpg\" alt=\"marta mata foto3\" width=\"335\" height=\"289\" srcset=\"https:\/\/agora.xtec.cat\/esc-martamata-vendrell\/wp-content\/uploads\/usu877\/2014\/09\/marta-mata-foto3.jpg 1024w, https:\/\/agora.xtec.cat\/esc-martamata-vendrell\/wp-content\/uploads\/usu877\/2014\/09\/marta-mata-foto3-300x259.jpg 300w\" sizes=\"auto, (max-width: 335px) 100vw, 335px\" \/><\/a><\/p>\n","protected":false},"excerpt":{"rendered":"<p>&nbsp;<\/p>\n<p>Marta Mata i Garriga<a style=\"color: #000000;\" href=\"http:\/\/agora.xtec.cat\/esc-martamata-vendrell\/wp-content\/uploads\/usu877\/2014\/09\/marta-mata-foto5.jpg\"><\/a><br \/>\n(Saifores, 22 de juny de 1926 &#8211; Barcelona, 27 de juny de 2006) fou una pedagoga, diputada i senadora socialista i presidenta del Consell Escolar de l&#8217;Estat.<br \/>\nMarta Mata era filla d&#8217;una altra il\u2022lustre pedagoga catalana, \u00c0ngels Garriga, que la&hellip;  <a href=\"https:\/\/agora.xtec.cat\/esc-martamata-vendrell\/lescola\/material-escolar\/\" title=\"Read Biografia Marta Mata\">Llegeix m\u00e9s\u00bb<\/a><\/p>\n","protected":false},"author":1,"featured_media":0,"parent":22,"menu_order":2,"comment_status":"closed","ping_status":"closed","template":"page-templates\/side-menu.php","meta":{"_bbp_topic_count":0,"_bbp_reply_count":0,"_bbp_total_topic_count":0,"_bbp_total_reply_count":0,"_bbp_voice_count":0,"_bbp_anonymous_reply_count":0,"_bbp_topic_count_hidden":0,"_bbp_reply_count_hidden":0,"_bbp_forum_subforum_count":0,"footnotes":""},"class_list":["post-36","page","type-page","status-publish","hentry"],"post_mailing_queue_ids":[],"_links":{"self":[{"href":"https:\/\/agora.xtec.cat\/esc-martamata-vendrell\/wp-json\/wp\/v2\/pages\/36","targetHints":{"allow":["GET"]}}],"collection":[{"href":"https:\/\/agora.xtec.cat\/esc-martamata-vendrell\/wp-json\/wp\/v2\/pages"}],"about":[{"href":"https:\/\/agora.xtec.cat\/esc-martamata-vendrell\/wp-json\/wp\/v2\/types\/page"}],"author":[{"embeddable":true,"href":"https:\/\/agora.xtec.cat\/esc-martamata-vendrell\/wp-json\/wp\/v2\/users\/1"}],"replies":[{"embeddable":true,"href":"https:\/\/agora.xtec.cat\/esc-martamata-vendrell\/wp-json\/wp\/v2\/comments?post=36"}],"version-history":[{"count":4,"href":"https:\/\/agora.xtec.cat\/esc-martamata-vendrell\/wp-json\/wp\/v2\/pages\/36\/revisions"}],"predecessor-version":[{"id":294,"href":"https:\/\/agora.xtec.cat\/esc-martamata-vendrell\/wp-json\/wp\/v2\/pages\/36\/revisions\/294"}],"up":[{"embeddable":true,"href":"https:\/\/agora.xtec.cat\/esc-martamata-vendrell\/wp-json\/wp\/v2\/pages\/22"}],"wp:attachment":[{"href":"https:\/\/agora.xtec.cat\/esc-martamata-vendrell\/wp-json\/wp\/v2\/media?parent=36"}],"curies":[{"name":"wp","href":"https:\/\/api.w.org\/{rel}","templated":true}]}}