{"id":28,"date":"2014-09-18T12:29:35","date_gmt":"2014-09-18T11:29:35","guid":{"rendered":"http:\/\/agora.xtec.cat\/esc-martamata-vendrell\/?page_id=28"},"modified":"2025-11-06T17:31:39","modified_gmt":"2025-11-06T16:31:39","slug":"consell-escolar","status":"publish","type":"page","link":"https:\/\/agora.xtec.cat\/esc-martamata-vendrell\/lescola\/consell-escolar\/","title":{"rendered":"Claustre Curs 2025-2026"},"content":{"rendered":"<h6><strong>Equip directiu<\/strong><\/h6>\n<ul>\n<li>Director: Enric L\u00f3pez<\/li>\n<li>Cap d\u2019estudis: Neus Bueso<\/li>\n<li>Secret\u00e0ria: Susana Ortega<\/li>\n<\/ul>\n<h6><strong>Ed. Infantil<\/strong><\/h6>\n<ul>\n<li>Tutora I3A \u201cJoan Mir\u00f3\u201d: Vict\u00f2ria Farr\u00e9<\/li>\n<li>Tutora I3B &#8220;Alma Thomas&#8221;: Lidia Parra<\/li>\n<li>Tutora I4A \u201cYayoi Kusama\u201d: Laia Arg\u00fcelles<\/li>\n<li>Tutora I5A \u201cVassily Kandinsky\u201d: Laia Figuerola<\/li>\n<li>Tutora <span style=\"font-weight: 400;\">I5B \u201cSonia Delaunay\u201d: Melania Marjelizo<\/span><\/li>\n<\/ul>\n<h6><strong>Ed. Prim\u00e0ria<\/strong><\/h6>\n<ul>\n<li>Tutora 1rA \u201cPau Casals\u201d: Estela Montaner<\/li>\n<li>Tutor 1rB &#8220;Tracy Chapman&#8221;: Enric Canos<\/li>\n<li>Tutora 2n A \u201cTina Turner\u201d: Anna Fortuny<\/li>\n<li>Tutora 3rA \u201cApel.les Fenosa\u201d: M\u00f3nica Gamboa<\/li>\n<li>Tutora 3rB &#8220;Niki de Saint Phale&#8221;: Carmen Montero<\/li>\n<li>Tutor 4tA \u201cAlexander Calder\u201d: Juan Antonio Romero<\/li>\n<li>Tutores 4tB \u201cJosep Ca\u00f1as i Ca\u00f1as\u201d: Lidia Siles i J\u00falia Barquero<\/li>\n<li>Tutor 5\u00e8A \u201cPilar\u00edn Bay\u00e9s\u201d: Aitor Amores<\/li>\n<li>Tutora 5\u00e8B &#8220;Roser Capdevila&#8221;: Dolors de Santiago<\/li>\n<li>Tutora 6\u00e8A \u201cMerc\u00e8 Ar\u00e0nega\u201d: Esther Piqu\u00e9<\/li>\n<li>Tutors 6\u00e8B \u201cJordi Labanda\u201d: Cristina Rodr\u00edguez i Jos\u00e9 M. Garc\u00eda<\/li>\n<\/ul>\n<h6><strong>Especialistes<\/strong><\/h6>\n<ul>\n<li>Educaci\u00f3 F\u00edsica: Roberto Bern\u00e1<\/li>\n<li>Angl\u00e8s: Manel Pi\u00f1eiro, Bernat Garcia, Enric L\u00f3pez i Susana Ortega<\/li>\n<li>M\u00fasica: Mireia Gimeno<\/li>\n<li>Religi\u00f3 i Experimentaci\u00f3: Elizabet Granado<\/li>\n<li>Aula d&#8217;acollida: Neus Palau<\/li>\n<li>Educaci\u00f3 especial: Beatriz Uceda i Elizabeth Laura Castorina<\/li>\n<li>Tutor de l&#8217;aula SIEI: Enric Ribas<\/li>\n<li>Tutora de l&#8217;aula SIEI plus: Ver\u00f2nica L\u00f3pez<\/li>\n<li>Suports: Sandra Gonzalvez i Sandra Marches<\/li>\n<\/ul>\n<h6><strong>Personal no docent<\/strong><\/h6>\n<ul>\n<li>T\u00e8cnica d\u2019Ed. Infantil: Esther L\u00f3pez<\/li>\n<li>Educadores d\u2019Ed. Especial: Anna Vicente i Soraya Akhrchin<\/li>\n<li>Auxiliar administratiu: Montserrat Ribas<\/li>\n<li>Conserge: Jos\u00e9 P\u00e9rez<\/li>\n<\/ul>\n","protected":false},"excerpt":{"rendered":"<p>Equip directiu<\/p>\n<ul>\n<li>Director: Enric L\u00f3pez<\/li>\n<li>Cap d\u2019estudis: Neus Bueso<\/li>\n<li>Secret\u00e0ria: Susana Ortega<\/li>\n<\/ul>\n<p>Ed. Infantil<\/p>\n<ul>\n<li>Tutora I3A \u201cJoan Mir\u00f3\u201d: Vict\u00f2ria Farr\u00e9<\/li>\n<li>Tutora I3B &#8220;Alma Thomas&#8221;: Lidia Parra<\/li>\n<li>Tutora I4A \u201cYayoi Kusama\u201d: Laia Arg\u00fcelles<\/li>\n<li>Tutora I5A \u201cVassily Kandinsky\u201d: Laia Figuerola<\/li>\n<li>Tutora I5B \u201cSonia Delaunay\u201d: Melania Marjelizo<\/li>\n<\/ul>\n<p>Ed. Prim\u00e0ria<\/p>\n<ul>\n<li>Tutora 1rA \u201cPau Casals\u201d: Estela Montaner<\/li>\n<li>Tutor 1rB &#8220;Tracy Chapman&#8221;: Enric&hellip;  <a href=\"https:\/\/agora.xtec.cat\/esc-martamata-vendrell\/lescola\/consell-escolar\/\" title=\"Read Claustre Curs 2025-2026\">Llegeix m\u00e9s\u00bb<\/a><br \/>\n","protected":false},"author":1,"featured_media":0,"parent":22,"menu_order":30,"comment_status":"closed","ping_status":"closed","template":"page-templates\/side-menu.php","meta":{"_bbp_topic_count":0,"_bbp_reply_count":0,"_bbp_total_topic_count":0,"_bbp_total_reply_count":0,"_bbp_voice_count":0,"_bbp_anonymous_reply_count":0,"_bbp_topic_count_hidden":0,"_bbp_reply_count_hidden":0,"_bbp_forum_subforum_count":0,"footnotes":""},"class_list":["post-28","page","type-page","status-publish","hentry"],"post_mailing_queue_ids":[],"_links":{"self":[{"href":"https:\/\/agora.xtec.cat\/esc-martamata-vendrell\/wp-json\/wp\/v2\/pages\/28","targetHints":{"allow":["GET"]}}],"collection":[{"href":"https:\/\/agora.xtec.cat\/esc-martamata-vendrell\/wp-json\/wp\/v2\/pages"}],"about":[{"href":"https:\/\/agora.xtec.cat\/esc-martamata-vendrell\/wp-json\/wp\/v2\/types\/page"}],"author":[{"embeddable":true,"href":"https:\/\/agora.xtec.cat\/esc-martamata-vendrell\/wp-json\/wp\/v2\/users\/1"}],"replies":[{"embeddable":true,"href":"https:\/\/agora.xtec.cat\/esc-martamata-vendrell\/wp-json\/wp\/v2\/comments?post=28"}],"version-history":[{"count":9,"href":"https:\/\/agora.xtec.cat\/esc-martamata-vendrell\/wp-json\/wp\/v2\/pages\/28\/revisions"}],"predecessor-version":[{"id":13893,"href":"https:\/\/agora.xtec.cat\/esc-martamata-vendrell\/wp-json\/wp\/v2\/pages\/28\/revisions\/13893"}],"up":[{"embeddable":true,"href":"https:\/\/agora.xtec.cat\/esc-martamata-vendrell\/wp-json\/wp\/v2\/pages\/22"}],"wp:attachment":[{"href":"https:\/\/agora.xtec.cat\/esc-martamata-vendrell\/wp-json\/wp\/v2\/media?parent=28"}],"curies":[{"name":"wp","href":"https:\/\/api.w.org\/{rel}","templated":true}]}}