{"id":22,"date":"2014-09-18T12:19:57","date_gmt":"2014-09-18T11:19:57","guid":{"rendered":"http:\/\/agora.xtec.cat\/esc-martamata-vendrell\/?page_id=22"},"modified":"2016-04-05T13:38:38","modified_gmt":"2016-04-05T12:38:38","slug":"lescola","status":"publish","type":"page","link":"https:\/\/agora.xtec.cat\/esc-martamata-vendrell\/lescola\/","title":{"rendered":"L&#8217;escola"},"content":{"rendered":"<p style=\"text-align: justify;\">ESCOLA MARTA M<a href=\"http:\/\/agora.xtec.cat\/esc-martamata-vendrell\/wp-content\/uploads\/usu877\/2016\/01\/logo-escola.png\" target=\"_blank\"><img loading=\"lazy\" decoding=\"async\" class=\"alignleft wp-image-179\" src=\"http:\/\/agora.xtec.cat\/esc-martamata-vendrell\/wp-content\/uploads\/usu877\/2016\/01\/logo-escola.png\" alt=\"Escola Marta Mata\" width=\"197\" height=\"106\" srcset=\"https:\/\/agora.xtec.cat\/esc-martamata-vendrell\/wp-content\/uploads\/usu877\/2016\/01\/logo-escola.png 426w, https:\/\/agora.xtec.cat\/esc-martamata-vendrell\/wp-content\/uploads\/usu877\/2016\/01\/logo-escola-300x161.png 300w\" sizes=\"auto, (max-width: 197px) 100vw, 197px\" \/><\/a>ATA<br \/>\nAvda. Tancat de la Plana 131-135<br \/>\n43700 El Vendrell<br \/>\nTel. i Fax: 977-666062<br \/>\ne3010165@xtec.cat<\/p>\n<p style=\"text-align: justify;\">Durant els \u00faltims anys, el municipi del Vendrell ha experimentat un gran increment de poblaci\u00f3 en edat escolar, \u00e9s per aquest motiu que es va decidir crear un nou centre educatiu a la poblaci\u00f3. El CEIP Marta Mata es va posar en funcionament el curs 2006-07 amb el nom de \u201cEl Vendrell II\u201d. Uns mesos m\u00e9s tard, el Consell Escolar va aprovar batejar l\u2019escola amb el nom de \u201cMarta Mata\u201d, ja que l\u2019estiu anterior aquesta pedagoga baixpenedesenca ens havia deixat.<\/p>\n<p style=\"text-align: justify;\">L\u2019escola creix any rere any de manera progressiva (un nivell per curs), aix\u00f2 fa que sigui un centre amb un ambient for\u00e7a familiar. El primer curs va comptar amb un total de 50 alumnes repartits en dues aules de P-3. El curs seg\u00fcent, el 2007-08 al centre s\u2019impartien els dos primers cursos del 2n cicle d\u2019Educaci\u00f3 infantil, P-3 i P-4. El tercer curs es van impartir els cursos de P-3, P-4 i P-5. Per al quart any,vam comen\u00e7ar amb el 1r curs d\u2019Educaci\u00f3 Prim\u00e0ria.<\/p>\n<p style=\"text-align: justify;\">Al cinqu\u00e8 any vam completar el curs de cicle inicial, segon curs d\u2019Educaci\u00f3 Prim\u00e0ria i va ser al curs 2011-2012 quan va comen\u00e7ar tercer. El curs 2012-13 vam arribar fins a 4t i es va portar a terme la fusi\u00f3 amb l\u2019Escola Els C\u00f2dols. Al curs 2013-14 vam estrenar\u00a0el nou edifici, situat a l\u2019Avinguda Tancat de la Plana 131-135, on ja comptem amb tots els nivells de Prim\u00e0ria.<\/p>\n<p style=\"text-align: justify;\">\r\n\t<div class=\"slideshow_container slideshow_container_style-light\" style=\"height: 300px; \" data-slideshow-id=\"289\" data-style-name=\"style-light\" data-style-version=\"2.3.1\" >\r\n\r\n\t\t\t\t\t<div class=\"slideshow_loading_icon\"><\/div>\r\n\t\t\r\n\t\t<div class=\"slideshow_content\" style=\"display: none;\">\r\n\r\n\t\t\t<div class=\"slideshow_view\">\r\n\t\t\t\t<div class=\"slideshow_slide slideshow_slide_image\">\r\n\t\t\t\t\t\t\t\t\t\t\t<img src=\"https:\/\/agora.xtec.cat\/esc-martamata-vendrell\/wp-content\/uploads\/usu877\/2014\/09\/20160215_125431.jpg\" alt=\"Pista poliesportiva\" width=\"800\" height=\"450\" \/>\r\n\t\t\t\t\t\t\t\t\t\t<div class=\"slideshow_description_box slideshow_transparent\">\r\n\t\t\t\t\t\t<div class=\"slideshow_title\">Pista poliesportiva<\/div>\t\t\t\t\t\t\t\t\t\t\t<\/div>\r\n\t\t\t\t<\/div>\r\n\r\n\t\t\t\t\t\t<div style=\"clear: both;\"><\/div><\/div><div class=\"slideshow_view\">\r\n\t\t\t\t<div class=\"slideshow_slide slideshow_slide_image\">\r\n\t\t\t\t\t\t\t\t\t\t\t<img src=\"https:\/\/agora.xtec.cat\/esc-martamata-vendrell\/wp-content\/uploads\/usu877\/2014\/09\/20160215_125316.jpg\" alt=\"Pati de sorra de Prim\u00e0ria\" width=\"800\" height=\"450\" \/>\r\n\t\t\t\t\t\t\t\t\t\t<div class=\"slideshow_description_box slideshow_transparent\">\r\n\t\t\t\t\t\t<div class=\"slideshow_title\">Pati de sorra de Prim\u00e0ria<\/div>\t\t\t\t\t\t\t\t\t\t\t<\/div>\r\n\t\t\t\t<\/div>\r\n\r\n\t\t\t\t\t\t<div style=\"clear: both;\"><\/div><\/div>\r\n\t\t<\/div>\r\n\r\n\t\t<div class=\"slideshow_controlPanel slideshow_transparent\" style=\"display: none;\"><ul><li class=\"slideshow_togglePlay\" data-play-text=\"Visualitza\" data-pause-text=\"Pausa\"><\/li><\/ul><\/div>\r\n\r\n\t\t<div class=\"slideshow_button slideshow_previous slideshow_transparent\" role=\"button\" data-previous-text=\"Anterior\" style=\"display: none;\"><\/div>\r\n\t\t<div class=\"slideshow_button slideshow_next slideshow_transparent\" role=\"button\" data-next-text=\"Seg\u00fcent\" style=\"display: none;\"><\/div>\r\n\r\n\t\t<div class=\"slideshow_pagination\" style=\"display: none;\" data-go-to-text=\"V\u00e9s a la diapositiva\"><div class=\"slideshow_pagination_center\"><\/div><\/div>\r\n\r\n\t\t<!-- WordPress Slideshow Version 2.3.1 -->\r\n\r\n\t\t\t<\/div>\r\n\r\n<\/p>\n<p style=\"text-align: justify;\">\n","protected":false},"excerpt":{"rendered":"<p>ESCOLA MARTA M<a href=\"http:\/\/agora.xtec.cat\/esc-martamata-vendrell\/wp-content\/uploads\/usu877\/2016\/01\/logo-escola.png\" target=\"_blank\"><\/a>ATA<br \/>\nAvda. Tancat de la Plana 131-135<br \/>\n43700 El Vendrell<br \/>\nTel. i Fax: 977-666062<br \/>\ne3010165@xtec.cat<br \/>\nDurant els \u00faltims anys, el municipi del Vendrell ha experimentat un gran increment de poblaci\u00f3 en edat escolar, \u00e9s per aquest motiu que es va decidir crear un nou centre educatiu&hellip;  <a href=\"https:\/\/agora.xtec.cat\/esc-martamata-vendrell\/lescola\/\" title=\"Read L&#8217;escola\">Llegeix m\u00e9s\u00bb<\/a><\/p>\n","protected":false},"author":1,"featured_media":0,"parent":0,"menu_order":0,"comment_status":"closed","ping_status":"closed","template":"page-templates\/side-menu.php","meta":{"_bbp_topic_count":0,"_bbp_reply_count":0,"_bbp_total_topic_count":0,"_bbp_total_reply_count":0,"_bbp_voice_count":0,"_bbp_anonymous_reply_count":0,"_bbp_topic_count_hidden":0,"_bbp_reply_count_hidden":0,"_bbp_forum_subforum_count":0,"footnotes":""},"class_list":["post-22","page","type-page","status-publish","hentry"],"post_mailing_queue_ids":[],"_links":{"self":[{"href":"https:\/\/agora.xtec.cat\/esc-martamata-vendrell\/wp-json\/wp\/v2\/pages\/22","targetHints":{"allow":["GET"]}}],"collection":[{"href":"https:\/\/agora.xtec.cat\/esc-martamata-vendrell\/wp-json\/wp\/v2\/pages"}],"about":[{"href":"https:\/\/agora.xtec.cat\/esc-martamata-vendrell\/wp-json\/wp\/v2\/types\/page"}],"author":[{"embeddable":true,"href":"https:\/\/agora.xtec.cat\/esc-martamata-vendrell\/wp-json\/wp\/v2\/users\/1"}],"replies":[{"embeddable":true,"href":"https:\/\/agora.xtec.cat\/esc-martamata-vendrell\/wp-json\/wp\/v2\/comments?post=22"}],"version-history":[{"count":5,"href":"https:\/\/agora.xtec.cat\/esc-martamata-vendrell\/wp-json\/wp\/v2\/pages\/22\/revisions"}],"predecessor-version":[{"id":311,"href":"https:\/\/agora.xtec.cat\/esc-martamata-vendrell\/wp-json\/wp\/v2\/pages\/22\/revisions\/311"}],"wp:attachment":[{"href":"https:\/\/agora.xtec.cat\/esc-martamata-vendrell\/wp-json\/wp\/v2\/media?parent=22"}],"curies":[{"name":"wp","href":"https:\/\/api.w.org\/{rel}","templated":true}]}}