{"id":830,"date":"2020-11-08T17:19:27","date_gmt":"2020-11-08T16:19:27","guid":{"rendered":"https:\/\/agora.xtec.cat\/esc-mariapages-ordis\/?page_id=830"},"modified":"2020-11-14T22:06:39","modified_gmt":"2020-11-14T21:06:39","slug":"recursos-educatius-online","status":"publish","type":"page","link":"https:\/\/agora.xtec.cat\/esc-mariapages-ordis\/serveis\/recursos-educatius-online\/","title":{"rendered":"Recursos educatius online"},"content":{"rendered":"<p>En aquest rac\u00f3, hi trobareu diferents reculls de recursos educatius online que poden ser tamb\u00e9 interessants per a les fam\u00edlies:<\/p>\n<table class=\" aligncenter\" style=\"border-style: solid; width: 1013px;\">\n<tbody>\n<tr style=\"height: 50px;\">\n<td style=\"width: 251.25px; text-align: center; border-style: solid; border-color: #1a23d6; background-color: #abd5f5; height: 50px;\">\n<h5><a href=\"https:\/\/agora.xtec.cat\/esc-mariapages-ordis\/serveis\/recursos-educatius-online\/ioga-per-la-mainada\/\">IOGA per a la MAINADA<\/a><\/h5>\n<\/td>\n<td style=\"width: 250.7px; text-align: center; border-style: solid; border-color: #1a23d6; background-color: #abd5f5; height: 50px;\">\n<h5><a href=\"https:\/\/agora.xtec.cat\/esc-mariapages-ordis\/serveis\/recursos-educatius-online\/confinats-pero-entretinguts\/\">CONFINATS per\u00f2 ENTRETINGUTS<\/a><\/h5>\n<\/td>\n<td style=\"width: 249.533px; text-align: center; border-style: solid; border-color: #1a23d6; background-color: #abd5f5; height: 50px;\"><\/td>\n<td style=\"width: 249.517px; text-align: center; border-style: solid; border-color: #1a23d6; background-color: #abd5f5; height: 50px;\"><\/td>\n<\/tr>\n<tr style=\"height: 50px;\">\n<td style=\"width: 251.25px; text-align: center; border-style: solid; border-color: #1a23d6; background-color: #abd5f5; height: 50px;\"><\/td>\n<td style=\"width: 250.7px; text-align: center; border-style: solid; border-color: #1a23d6; background-color: #abd5f5; height: 50px;\"><\/td>\n<td style=\"width: 249.533px; text-align: center; border-style: solid; border-color: #1a23d6; background-color: #abd5f5; height: 50px;\"><\/td>\n<td style=\"width: 249.517px; text-align: center; border-style: solid; border-color: #1a23d6; background-color: #abd5f5; height: 50px;\"><\/td>\n<\/tr>\n<tr style=\"height: 50px;\">\n<td style=\"width: 251.25px; text-align: center; border-style: solid; border-color: #1a23d6; background-color: #abd5f5; height: 50px;\">\n<h5><\/h5>\n<\/td>\n<td style=\"width: 250.7px; text-align: center; border-style: solid; border-color: #1a23d6; background-color: #abd5f5; height: 50px;\"><\/td>\n<td style=\"width: 249.533px; text-align: center; border-style: solid; border-color: #1a23d6; background-color: #abd5f5; height: 50px;\"><\/td>\n<td style=\"width: 249.517px; text-align: center; border-style: solid; border-color: #1a23d6; background-color: #abd5f5; height: 50px;\"><\/td>\n<\/tr>\n<\/tbody>\n<\/table>\n","protected":false},"excerpt":{"rendered":"<p>En aquest rac\u00f3, hi trobareu diferents reculls de recursos educatius online que poden ser tamb\u00e9 interessants per a les fam\u00edlies:<\/p>\n<p><a href=\"https:\/\/agora.xtec.cat\/esc-mariapages-ordis\/serveis\/recursos-educatius-online\/ioga-per-la-mainada\/\">IOGA per a la MAINADA<\/a><\/p>\n<p><a href=\"https:\/\/agora.xtec.cat\/esc-mariapages-ordis\/serveis\/recursos-educatius-online\/confinats-pero-entretinguts\/\">CONFINATS per\u00f2 ENTRETINGUTS<\/a><\/p>\n","protected":false},"author":1,"featured_media":0,"parent":66,"menu_order":50,"comment_status":"closed","ping_status":"closed","template":"page-templates\/side-menu.php","meta":{"_bbp_topic_count":0,"_bbp_reply_count":0,"_bbp_total_topic_count":0,"_bbp_total_reply_count":0,"_bbp_voice_count":0,"_bbp_anonymous_reply_count":0,"_bbp_topic_count_hidden":0,"_bbp_reply_count_hidden":0,"_bbp_forum_subforum_count":0,"footnotes":""},"class_list":["post-830","page","type-page","status-publish","hentry"],"post_mailing_queue_ids":[],"_links":{"self":[{"href":"https:\/\/agora.xtec.cat\/esc-mariapages-ordis\/wp-json\/wp\/v2\/pages\/830","targetHints":{"allow":["GET"]}}],"collection":[{"href":"https:\/\/agora.xtec.cat\/esc-mariapages-ordis\/wp-json\/wp\/v2\/pages"}],"about":[{"href":"https:\/\/agora.xtec.cat\/esc-mariapages-ordis\/wp-json\/wp\/v2\/types\/page"}],"author":[{"embeddable":true,"href":"https:\/\/agora.xtec.cat\/esc-mariapages-ordis\/wp-json\/wp\/v2\/users\/1"}],"replies":[{"embeddable":true,"href":"https:\/\/agora.xtec.cat\/esc-mariapages-ordis\/wp-json\/wp\/v2\/comments?post=830"}],"version-history":[{"count":3,"href":"https:\/\/agora.xtec.cat\/esc-mariapages-ordis\/wp-json\/wp\/v2\/pages\/830\/revisions"}],"predecessor-version":[{"id":898,"href":"https:\/\/agora.xtec.cat\/esc-mariapages-ordis\/wp-json\/wp\/v2\/pages\/830\/revisions\/898"}],"up":[{"embeddable":true,"href":"https:\/\/agora.xtec.cat\/esc-mariapages-ordis\/wp-json\/wp\/v2\/pages\/66"}],"wp:attachment":[{"href":"https:\/\/agora.xtec.cat\/esc-mariapages-ordis\/wp-json\/wp\/v2\/media?parent=830"}],"curies":[{"name":"wp","href":"https:\/\/api.w.org\/{rel}","templated":true}]}}