{"id":642,"date":"2020-09-25T20:35:55","date_gmt":"2020-09-25T18:35:55","guid":{"rendered":"https:\/\/agora.xtec.cat\/esc-mariapages-ordis\/?page_id=642"},"modified":"2026-03-24T08:20:11","modified_gmt":"2026-03-24T07:20:11","slug":"sant-jordis","status":"publish","type":"page","link":"https:\/\/agora.xtec.cat\/esc-mariapages-ordis\/sant-jordis\/","title":{"rendered":"SANT J&#8217;ORDIS"},"content":{"rendered":"<p><a href=\"https:\/\/agora.xtec.cat\/esc-mariapages-ordis\/wp-content\/uploads\/usu2156\/2023\/03\/llibre_drac.jpg\"><img loading=\"lazy\" decoding=\"async\" class=\"wp-image-1774 alignleft\" src=\"https:\/\/agora.xtec.cat\/esc-mariapages-ordis\/wp-content\/uploads\/usu2156\/2023\/03\/llibre_drac.jpg\" alt=\"\" width=\"204\" height=\"249\" srcset=\"https:\/\/agora.xtec.cat\/esc-mariapages-ordis\/wp-content\/uploads\/usu2156\/2023\/03\/llibre_drac.jpg 606w, https:\/\/agora.xtec.cat\/esc-mariapages-ordis\/wp-content\/uploads\/usu2156\/2023\/03\/llibre_drac-246x300.jpg 246w\" sizes=\"auto, (max-width: 204px) 100vw, 204px\" \/><\/a><\/p>\n<p>El concurs literari Sant J&#8217;Ordis es va engegar per primer cop l&#8217;any 2017. Si b\u00e9 va comen\u00e7ar essent una activitat organitzada per l&#8217;AFA, des del 2023 s&#8217;organitza en l&#8217;\u00e0mbit de l&#8217;escola i es limita a la participaci\u00f3 de l&#8217;alumnat del nostre centre per tal de fer experi\u00e8ncia d&#8217;un certamen literari.<\/p>\n<p>Aix\u00ed, doncs, se n&#8217;han fet vuit edicions (tot i que la quarta no es va poder dur a bon port per culpa de la pand\u00e8mia de COVID del 2020). Aqu\u00ed us deixem la <a href=\"https:\/\/agora.xtec.cat\/esc-mariapages-ordis\/docs\/concurs-literari-sant-jordis-relacio-de-premiats\/\" target=\"_blank\" rel=\"noopener noreferrer\">p\u00e0gina de documents<\/a> amb la relaci\u00f3 dels premiats en les diferents edicions del Sant J&#8217;Ordis.<\/p>\n<p>Finalment, en aquest enlla\u00e7 que segueix, hi teniu les<strong><a href=\"https:\/\/drive.google.com\/file\/d\/18JQSzD2-1zBGjT-n0xSg-Qu18Mc640b_\/view?usp=sharing\" target=\"_blank\" rel=\"noopener noreferrer\"> bases per a participar en la X edici\u00f3 SANT J&#8217;ORDIS<\/a> <\/strong>per aquest any 2026. Tingueu present que hi ha un <a href=\"https:\/\/forms.gle\/VUrTjCYR1G7GbuZSA\" target=\"_blank\" rel=\"noopener\">formulari on presentar els escrits<\/a>. Per qualsevol dubte, disposeu del correu <a href=\"mailto:santjordis@escolaordis.cat\">santjordis@escolaordis.cat<\/a> .<\/p>\n<p><a href=\"https:\/\/forms.gle\/VUrTjCYR1G7GbuZSA\" target=\"_blank\" rel=\"noopener\"><img loading=\"lazy\" decoding=\"async\" class=\"alignnone wp-image-2532 size-large\" src=\"https:\/\/agora.xtec.cat\/esc-mariapages-ordis\/wp-content\/uploads\/usu2156\/2026\/03\/Concurs-SANT-JORDIS-escola-1024x572.jpg\" alt=\"\" width=\"1024\" height=\"572\" srcset=\"https:\/\/agora.xtec.cat\/esc-mariapages-ordis\/wp-content\/uploads\/usu2156\/2026\/03\/Concurs-SANT-JORDIS-escola-1024x572.jpg 1024w, https:\/\/agora.xtec.cat\/esc-mariapages-ordis\/wp-content\/uploads\/usu2156\/2026\/03\/Concurs-SANT-JORDIS-escola-300x168.jpg 300w, https:\/\/agora.xtec.cat\/esc-mariapages-ordis\/wp-content\/uploads\/usu2156\/2026\/03\/Concurs-SANT-JORDIS-escola-768x429.jpg 768w, https:\/\/agora.xtec.cat\/esc-mariapages-ordis\/wp-content\/uploads\/usu2156\/2026\/03\/Concurs-SANT-JORDIS-escola.jpg 1259w\" sizes=\"auto, (max-width: 1024px) 100vw, 1024px\" \/><\/a><\/p>\n<p>&nbsp;<\/p>\n<p>&nbsp;<\/p>\n<p>&nbsp;<\/p>\n","protected":false},"excerpt":{"rendered":"<p><a href=\"https:\/\/agora.xtec.cat\/esc-mariapages-ordis\/wp-content\/uploads\/usu2156\/2023\/03\/llibre_drac.jpg\"><\/a><br \/>\nEl concurs literari Sant J&#8217;Ordis es va engegar per primer cop l&#8217;any 2017. Si b\u00e9 va comen\u00e7ar essent una activitat organitzada per l&#8217;AFA, des del 2023 s&#8217;organitza en l&#8217;\u00e0mbit de l&#8217;escola i es limita a la participaci\u00f3 de l&#8217;alumnat del nostre centre per tal&hellip;  <a href=\"https:\/\/agora.xtec.cat\/esc-mariapages-ordis\/sant-jordis\/\" title=\"Read SANT J&#8217;ORDIS\">Llegeix m\u00e9s\u00bb<\/a><\/p>\n","protected":false},"author":1,"featured_media":0,"parent":0,"menu_order":25,"comment_status":"closed","ping_status":"closed","template":"page-templates\/side-menu.php","meta":{"_bbp_topic_count":0,"_bbp_reply_count":0,"_bbp_total_topic_count":0,"_bbp_total_reply_count":0,"_bbp_voice_count":0,"_bbp_anonymous_reply_count":0,"_bbp_topic_count_hidden":0,"_bbp_reply_count_hidden":0,"_bbp_forum_subforum_count":0,"footnotes":""},"class_list":["post-642","page","type-page","status-publish","hentry"],"post_mailing_queue_ids":[],"_links":{"self":[{"href":"https:\/\/agora.xtec.cat\/esc-mariapages-ordis\/wp-json\/wp\/v2\/pages\/642","targetHints":{"allow":["GET"]}}],"collection":[{"href":"https:\/\/agora.xtec.cat\/esc-mariapages-ordis\/wp-json\/wp\/v2\/pages"}],"about":[{"href":"https:\/\/agora.xtec.cat\/esc-mariapages-ordis\/wp-json\/wp\/v2\/types\/page"}],"author":[{"embeddable":true,"href":"https:\/\/agora.xtec.cat\/esc-mariapages-ordis\/wp-json\/wp\/v2\/users\/1"}],"replies":[{"embeddable":true,"href":"https:\/\/agora.xtec.cat\/esc-mariapages-ordis\/wp-json\/wp\/v2\/comments?post=642"}],"version-history":[{"count":6,"href":"https:\/\/agora.xtec.cat\/esc-mariapages-ordis\/wp-json\/wp\/v2\/pages\/642\/revisions"}],"predecessor-version":[{"id":2539,"href":"https:\/\/agora.xtec.cat\/esc-mariapages-ordis\/wp-json\/wp\/v2\/pages\/642\/revisions\/2539"}],"wp:attachment":[{"href":"https:\/\/agora.xtec.cat\/esc-mariapages-ordis\/wp-json\/wp\/v2\/media?parent=642"}],"curies":[{"name":"wp","href":"https:\/\/api.w.org\/{rel}","templated":true}]}}