{"id":34,"date":"2014-09-18T12:32:18","date_gmt":"2014-09-18T11:32:18","guid":{"rendered":"http:\/\/agora.xtec.cat\/esc-mariapages-ordis\/?page_id=34"},"modified":"2026-02-27T17:32:44","modified_gmt":"2026-02-27T16:32:44","slug":"oferta-educativa","status":"publish","type":"page","link":"https:\/\/agora.xtec.cat\/esc-mariapages-ordis\/projecte-educatiu\/oferta-educativa\/","title":{"rendered":"Oferta educativa"},"content":{"rendered":"<p>L&#8217;escola ofereix l&#8217;ensenyament per a la segona etapa d&#8217;Educaci\u00f3 Infantil (de 3 a 6 anys) en els cursos de I3, I4 i I5. Aqu\u00ed trobareu el <a href=\"https:\/\/xtec.gencat.cat\/ca\/curriculum\/infantil\/\" target=\"_blank\" rel=\"noopener\">curr\u00edculum actualitzat d&#8217;Educaci\u00f3 Infantil<\/a>. A continuaci\u00f3 s&#8217;ofereix l&#8217;ensenyament obligatori de l&#8217;etapa de Prim\u00e0ria (de 6 a 12 anys) durant els cursos de 1r a 6\u00e8 agrupats en 3 cicles: el Cicle Inicial, el Mitj\u00e0 i el Superior. Aquest \u00e9s el <a href=\"https:\/\/xtec.gencat.cat\/ca\/curriculum\/primaria\/curriculum-175-2022\/\" target=\"_blank\" rel=\"noopener\">curr\u00edculum actualitzat de Prim\u00e0ria<\/a> on s&#8217;hi troben les compet\u00e8ncies (tamb\u00e9 les transversals i espec\u00edfiques), els sabers i els criteris d&#8217;avaluaci\u00f3 que fem servir en el nostre centre.<\/p>\n<p>El nostre centre educatiu \u00e9s una escola rural i, com a tal, els alumnes sovint s&#8217;apleguen en grups-classe que engloben m\u00e9s d&#8217;un curs i que, sovint, en funci\u00f3 de l&#8217;activitat o la mat\u00e8ria, aquests agrupaments poden variar.<\/p>\n","protected":false},"excerpt":{"rendered":"<p>L&#8217;escola ofereix l&#8217;ensenyament per a la segona etapa d&#8217;Educaci\u00f3 Infantil (de 3 a 6 anys) en els cursos de I3, I4 i I5. Aqu\u00ed trobareu el <a href=\"https:\/\/xtec.gencat.cat\/ca\/curriculum\/infantil\/\" target=\"_blank\" rel=\"noopener\">curr\u00edculum actualitzat d&#8217;Educaci\u00f3 Infantil<\/a>. A continuaci\u00f3 s&#8217;ofereix l&#8217;ensenyament obligatori de l&#8217;etapa de Prim\u00e0ria (de 6 a&hellip;  <a href=\"https:\/\/agora.xtec.cat\/esc-mariapages-ordis\/projecte-educatiu\/oferta-educativa\/\" title=\"Read Oferta educativa\">Llegeix m\u00e9s\u00bb<\/a><\/p>\n","protected":false},"author":1,"featured_media":0,"parent":64,"menu_order":10,"comment_status":"closed","ping_status":"closed","template":"page-templates\/side-menu.php","meta":{"_bbp_topic_count":0,"_bbp_reply_count":0,"_bbp_total_topic_count":0,"_bbp_total_reply_count":0,"_bbp_voice_count":0,"_bbp_anonymous_reply_count":0,"_bbp_topic_count_hidden":0,"_bbp_reply_count_hidden":0,"_bbp_forum_subforum_count":0,"footnotes":""},"class_list":["post-34","page","type-page","status-publish","hentry"],"post_mailing_queue_ids":[],"_links":{"self":[{"href":"https:\/\/agora.xtec.cat\/esc-mariapages-ordis\/wp-json\/wp\/v2\/pages\/34","targetHints":{"allow":["GET"]}}],"collection":[{"href":"https:\/\/agora.xtec.cat\/esc-mariapages-ordis\/wp-json\/wp\/v2\/pages"}],"about":[{"href":"https:\/\/agora.xtec.cat\/esc-mariapages-ordis\/wp-json\/wp\/v2\/types\/page"}],"author":[{"embeddable":true,"href":"https:\/\/agora.xtec.cat\/esc-mariapages-ordis\/wp-json\/wp\/v2\/users\/1"}],"replies":[{"embeddable":true,"href":"https:\/\/agora.xtec.cat\/esc-mariapages-ordis\/wp-json\/wp\/v2\/comments?post=34"}],"version-history":[{"count":4,"href":"https:\/\/agora.xtec.cat\/esc-mariapages-ordis\/wp-json\/wp\/v2\/pages\/34\/revisions"}],"predecessor-version":[{"id":2529,"href":"https:\/\/agora.xtec.cat\/esc-mariapages-ordis\/wp-json\/wp\/v2\/pages\/34\/revisions\/2529"}],"up":[{"embeddable":true,"href":"https:\/\/agora.xtec.cat\/esc-mariapages-ordis\/wp-json\/wp\/v2\/pages\/64"}],"wp:attachment":[{"href":"https:\/\/agora.xtec.cat\/esc-mariapages-ordis\/wp-json\/wp\/v2\/media?parent=34"}],"curies":[{"name":"wp","href":"https:\/\/api.w.org\/{rel}","templated":true}]}}