{"id":1539,"date":"2022-09-20T17:53:33","date_gmt":"2022-09-20T15:53:33","guid":{"rendered":"https:\/\/agora.xtec.cat\/esc-mariapages-ordis\/?page_id=1539"},"modified":"2023-01-20T15:34:28","modified_gmt":"2023-01-20T14:34:28","slug":"projectes","status":"publish","type":"page","link":"https:\/\/agora.xtec.cat\/esc-mariapages-ordis\/nivells\/primaria\/projectes\/","title":{"rendered":"PROJECTES"},"content":{"rendered":"<p>Al llarg dels cursos, a l&#8217;escola treballem diferents projectes (teatre, hort&#8230;). Algun d&#8217;ells tamb\u00e9 tenen material relacionat que \u00e9s interessant de con\u00e8ixer:<\/p>\n<table style=\"border-collapse: collapse; width: 100%;\">\n<tbody>\n<tr>\n<td style=\"width: 25%; border-style: solid; border-color: #ab1818; background-color: #c6c5e8;\" colspan=\"4\">\n<h4><span style=\"color: #800000;\">PROJECTE CUIDEM EL PLANETA (curs 2022-23)<br \/>\n<\/span><\/h4>\n<\/td>\n<\/tr>\n<tr>\n<td style=\"width: 25%; border-style: solid; border-color: #ab1818; background-color: #b0f5f1;\"><a href=\"https:\/\/view.genial.ly\/62ea22533a28d00018852869\" target=\"_blank\" rel=\"noopener\">Nou model energ\u00e8tic<\/a><\/td>\n<td style=\"width: 25%; border-style: solid; border-color: #ab1818; background-color: #b0f5f1;\"><a href=\"https:\/\/icaen.gencat.cat\/ca\/l_icaen\/campanyes\/setmana-de-l-energia\/\" target=\"_blank\" rel=\"noopener\">Setmana de l&#8217;energia<\/a><\/td>\n<td style=\"width: 25%; border-style: solid; border-color: #ab1818; background-color: #b0f5f1;\"><a href=\"https:\/\/agora.xtec.cat\/esc-mariapages-ordis\/nivells\/primaria\/projectes\/caixes-niu-descola\/\">Caixes-niu<\/a><\/td>\n<td style=\"width: 25%; border-style: solid; border-color: #ab1818; background-color: #b0f5f1;\"><\/td>\n<\/tr>\n<tr>\n<td style=\"width: 25%; border-style: solid; border-color: #ab1818; background-color: #b0f5f1;\"><\/td>\n<td style=\"width: 25%; border-style: solid; border-color: #ab1818; background-color: #b0f5f1;\"><\/td>\n<td style=\"width: 25%; border-style: solid; border-color: #ab1818; background-color: #b0f5f1;\"><\/td>\n<td style=\"width: 25%; border-style: solid; border-color: #ab1818; background-color: #b0f5f1;\"><\/td>\n<\/tr>\n<\/tbody>\n<\/table>\n","protected":false},"excerpt":{"rendered":"<p>Al llarg dels cursos, a l&#8217;escola treballem diferents projectes (teatre, hort&#8230;). Algun d&#8217;ells tamb\u00e9 tenen material relacionat que \u00e9s interessant de con\u00e8ixer:<\/p>\n<p>PROJECTE CUIDEM EL PLANETA (curs 2022-23)<\/p>\n<p><a href=\"https:\/\/view.genial.ly\/62ea22533a28d00018852869\" target=\"_blank\" rel=\"noopener\">Nou model energ\u00e8tic<\/a><br \/>\n<a href=\"https:\/\/icaen.gencat.cat\/ca\/l_icaen\/campanyes\/setmana-de-l-energia\/\" target=\"_blank\" rel=\"noopener\">Setmana de l&#8217;energia<\/a><br \/>\n<a href=\"https:\/\/agora.xtec.cat\/esc-mariapages-ordis\/nivells\/primaria\/projectes\/caixes-niu-descola\/\">Caixes-niu<\/a><\/p>\n","protected":false},"author":1,"featured_media":0,"parent":658,"menu_order":50,"comment_status":"closed","ping_status":"closed","template":"page-templates\/side-menu.php","meta":{"_bbp_topic_count":0,"_bbp_reply_count":0,"_bbp_total_topic_count":0,"_bbp_total_reply_count":0,"_bbp_voice_count":0,"_bbp_anonymous_reply_count":0,"_bbp_topic_count_hidden":0,"_bbp_reply_count_hidden":0,"_bbp_forum_subforum_count":0,"footnotes":""},"class_list":["post-1539","page","type-page","status-publish","hentry"],"post_mailing_queue_ids":[],"_links":{"self":[{"href":"https:\/\/agora.xtec.cat\/esc-mariapages-ordis\/wp-json\/wp\/v2\/pages\/1539","targetHints":{"allow":["GET"]}}],"collection":[{"href":"https:\/\/agora.xtec.cat\/esc-mariapages-ordis\/wp-json\/wp\/v2\/pages"}],"about":[{"href":"https:\/\/agora.xtec.cat\/esc-mariapages-ordis\/wp-json\/wp\/v2\/types\/page"}],"author":[{"embeddable":true,"href":"https:\/\/agora.xtec.cat\/esc-mariapages-ordis\/wp-json\/wp\/v2\/users\/1"}],"replies":[{"embeddable":true,"href":"https:\/\/agora.xtec.cat\/esc-mariapages-ordis\/wp-json\/wp\/v2\/comments?post=1539"}],"version-history":[{"count":3,"href":"https:\/\/agora.xtec.cat\/esc-mariapages-ordis\/wp-json\/wp\/v2\/pages\/1539\/revisions"}],"predecessor-version":[{"id":1710,"href":"https:\/\/agora.xtec.cat\/esc-mariapages-ordis\/wp-json\/wp\/v2\/pages\/1539\/revisions\/1710"}],"up":[{"embeddable":true,"href":"https:\/\/agora.xtec.cat\/esc-mariapages-ordis\/wp-json\/wp\/v2\/pages\/658"}],"wp:attachment":[{"href":"https:\/\/agora.xtec.cat\/esc-mariapages-ordis\/wp-json\/wp\/v2\/media?parent=1539"}],"curies":[{"name":"wp","href":"https:\/\/api.w.org\/{rel}","templated":true}]}}