{"id":341,"date":"2016-08-18T10:46:06","date_gmt":"2016-08-18T09:46:06","guid":{"rendered":"http:\/\/agora.xtec.cat\/esc-maria-cubi\/?page_id=341"},"modified":"2016-08-19T17:50:41","modified_gmt":"2016-08-19T16:50:41","slug":"muntantges-fotografics-curs-2015-16-i-anteriors","status":"publish","type":"page","link":"https:\/\/agora.xtec.cat\/esc-maria-cubi\/muntatges-fotografics\/muntantges-fotografics-curs-2015-16-i-anteriors\/","title":{"rendered":"Muntatges Fotogr\u00e0fics curs 2015-16 i anteriors"},"content":{"rendered":"<p>Aqu\u00ed teniu enlla\u00e7ada la p\u00e0gina amb fotos i videos de cursos anteriors.<\/p>\n<blockquote class=\"wp-embedded-content\" data-secret=\"xZync5gSZV\"><p><a href=\"https:\/\/blocs.xtec.cat\/mariacubi\/?page_id=609\">MUNTATGES FOTOGR\u00c0FICS<\/a><\/p><\/blockquote>\n<p><iframe loading=\"lazy\" class=\"wp-embedded-content\" sandbox=\"allow-scripts\" security=\"restricted\" style=\"position: absolute; clip: rect(1px, 1px, 1px, 1px);\" title=\"&#8220;MUNTATGES FOTOGR\u00c0FICS&#8221; &#8212; ESCOLA MARI\u00c0 CUB\u00cd I SOLER\" src=\"https:\/\/blocs.xtec.cat\/mariacubi\/?page_id=609&#038;embed=true#?secret=xZync5gSZV\" data-secret=\"xZync5gSZV\" width=\"500\" height=\"282\" frameborder=\"0\" marginwidth=\"0\" marginheight=\"0\" scrolling=\"no\"><\/iframe><\/p>\n","protected":false},"excerpt":{"rendered":"<p>Aqu\u00ed teniu enlla\u00e7ada la p\u00e0gina amb fotos i videos de cursos anteriors.<br \/>\n<a href=\"https:\/\/blocs.xtec.cat\/mariacubi\/?page_id=609\">MUNTATGES FOTOGR\u00c0FICS<\/a><\/p>\n","protected":false},"author":1,"featured_media":0,"parent":347,"menu_order":0,"comment_status":"closed","ping_status":"closed","template":"page-templates\/side-menu.php","meta":{"_bbp_topic_count":0,"_bbp_reply_count":0,"_bbp_total_topic_count":0,"_bbp_total_reply_count":0,"_bbp_voice_count":0,"_bbp_anonymous_reply_count":0,"_bbp_topic_count_hidden":0,"_bbp_reply_count_hidden":0,"_bbp_forum_subforum_count":0,"footnotes":""},"class_list":["post-341","page","type-page","status-publish","hentry"],"post_mailing_queue_ids":[],"_links":{"self":[{"href":"https:\/\/agora.xtec.cat\/esc-maria-cubi\/wp-json\/wp\/v2\/pages\/341","targetHints":{"allow":["GET"]}}],"collection":[{"href":"https:\/\/agora.xtec.cat\/esc-maria-cubi\/wp-json\/wp\/v2\/pages"}],"about":[{"href":"https:\/\/agora.xtec.cat\/esc-maria-cubi\/wp-json\/wp\/v2\/types\/page"}],"author":[{"embeddable":true,"href":"https:\/\/agora.xtec.cat\/esc-maria-cubi\/wp-json\/wp\/v2\/users\/1"}],"replies":[{"embeddable":true,"href":"https:\/\/agora.xtec.cat\/esc-maria-cubi\/wp-json\/wp\/v2\/comments?post=341"}],"version-history":[{"count":2,"href":"https:\/\/agora.xtec.cat\/esc-maria-cubi\/wp-json\/wp\/v2\/pages\/341\/revisions"}],"predecessor-version":[{"id":354,"href":"https:\/\/agora.xtec.cat\/esc-maria-cubi\/wp-json\/wp\/v2\/pages\/341\/revisions\/354"}],"up":[{"embeddable":true,"href":"https:\/\/agora.xtec.cat\/esc-maria-cubi\/wp-json\/wp\/v2\/pages\/347"}],"wp:attachment":[{"href":"https:\/\/agora.xtec.cat\/esc-maria-cubi\/wp-json\/wp\/v2\/media?parent=341"}],"curies":[{"name":"wp","href":"https:\/\/api.w.org\/{rel}","templated":true}]}}