{"id":302,"date":"2016-07-15T19:30:16","date_gmt":"2016-07-15T18:30:16","guid":{"rendered":"http:\/\/agora.xtec.cat\/esc-maria-cubi\/?page_id=302"},"modified":"2026-01-15T16:00:06","modified_gmt":"2026-01-15T15:00:06","slug":"equip-huma","status":"publish","type":"page","link":"https:\/\/agora.xtec.cat\/esc-maria-cubi\/lescola\/equip-huma\/","title":{"rendered":"Equip Hum\u00e0"},"content":{"rendered":"<p><strong>El Claustre per aquest curs escolar 2025-26 est\u00e0 format pels seg\u00fcents mestres (falten actualitzacions):<\/strong><\/p>\n<p><strong>Infantil<\/strong><\/p>\n<p>I3A\/B:Laura Castro\/ Lidia Infiesta<\/p>\n<p>I4A\/B:Neus Gim\u00e8nez\/Eva Serrano<\/p>\n<p>I5:Asun Corona<\/p>\n<p>TEI: Anna Terrados<\/p>\n<p>Refor\u00e7:Silvia Pareja \/ M\u00f2nica Subirana<\/p>\n<p><strong>Prim\u00e0ria<\/strong><\/p>\n<p>1rA\/B:Ivana Ruz\/Neus Duran<\/p>\n<p>2nA\/B:Eva Mateus\/N\u00faria Carrasco<\/p>\n<p>3rA\/B:M\u00f2nica Mart\u00ednez\/Maria Franco<\/p>\n<p>4tA\/B: Fran Cordobilla\/Jordi Robert<\/p>\n<p>5\u00e8A\/B:Marta Iba\u00f1ez\/Patr\u00edcia Serra-Sara Garc\u00eda<\/p>\n<p>6\u00e8A\/B:Maria Jesus Puente\/Miquel Valenzuela<\/p>\n<p><strong>Especialistes<\/strong><\/p>\n<p>Angl\u00e8s: Helen Roy\/Enric Puig\/Roci\u00f3 Fern\u00e0ndez(Arts and Craft)<\/p>\n<p>E.F\u00edsica: Xavier \u00c1lvarez<\/p>\n<p>E.Musical: Ester Tejada<\/p>\n<p>Audici\u00f3 i Llenguatge: Isabel Lorente<\/p>\n<p>Educaci\u00f3 Especial:Blanca Gallan\/\u00c0urea Romera\/ Miriam Aznar<\/p>\n<p>Vetlladores: Yolanda Gonz\u00e0lez \/ Montse Salazar<\/p>\n<p>SIEI: Nerea Tapia \/ Laura Cort\u00e8s<\/p>\n<p>Suport: Maite Tornamorell<\/p>\n<p><strong>Personal PAS<\/strong><\/p>\n<p>Administrativa: Luz Mateo<\/p>\n<p>Conserge: Rosa Boix<\/p>\n<p><strong>Equip Directiu<\/strong><\/p>\n<p>Directora: Sara Rubio<\/p>\n<p>Cap d&#8217;estudis: M\u00f2nica Subirana<\/p>\n<p>Secret\u00e0ria: Isabel Lorente<\/p>\n<p>&nbsp;<\/p>\n","protected":false},"excerpt":{"rendered":"<p>El Claustre per aquest curs escolar 2025-26 est\u00e0 format pels seg\u00fcents mestres (falten actualitzacions):<br \/>\nInfantil<br \/>\nI3A\/B:Laura Castro\/ Lidia Infiesta<br \/>\nI4A\/B:Neus Gim\u00e8nez\/Eva Serrano<br \/>\nI5:Asun Corona<br \/>\nTEI: Anna Terrados<br \/>\nRefor\u00e7:Silvia Pareja \/ M\u00f2nica Subirana<br \/>\nPrim\u00e0ria<br \/>\n1rA\/B:Ivana Ruz\/Neus Duran<br \/>\n2nA\/B:Eva Mateus\/N\u00faria Carrasco<br \/>\n3rA\/B:M\u00f2nica Mart\u00ednez\/Maria Franco<br \/>\n4tA\/B: Fran Cordobilla\/Jordi Robert<br \/>\n5\u00e8A\/B:Marta Iba\u00f1ez\/Patr\u00edcia Serra-Sara Garc\u00eda<br \/>\n6\u00e8A\/B:Maria Jesus Puente\/Miquel Valenzuela<br \/>\nEspecialistes<br \/>\nAngl\u00e8s: Helen Roy\/Enric Puig\/Roci\u00f3 Fern\u00e0ndez(Arts&hellip;  <a href=\"https:\/\/agora.xtec.cat\/esc-maria-cubi\/lescola\/equip-huma\/\" title=\"Read Equip Hum\u00e0\">Llegeix m\u00e9s\u00bb<\/a><\/p>\n","protected":false},"author":1,"featured_media":0,"parent":22,"menu_order":50,"comment_status":"closed","ping_status":"closed","template":"page-templates\/side-menu.php","meta":{"_bbp_topic_count":0,"_bbp_reply_count":0,"_bbp_total_topic_count":0,"_bbp_total_reply_count":0,"_bbp_voice_count":0,"_bbp_anonymous_reply_count":0,"_bbp_topic_count_hidden":0,"_bbp_reply_count_hidden":0,"_bbp_forum_subforum_count":0,"footnotes":""},"class_list":["post-302","page","type-page","status-publish","hentry"],"post_mailing_queue_ids":[],"_links":{"self":[{"href":"https:\/\/agora.xtec.cat\/esc-maria-cubi\/wp-json\/wp\/v2\/pages\/302","targetHints":{"allow":["GET"]}}],"collection":[{"href":"https:\/\/agora.xtec.cat\/esc-maria-cubi\/wp-json\/wp\/v2\/pages"}],"about":[{"href":"https:\/\/agora.xtec.cat\/esc-maria-cubi\/wp-json\/wp\/v2\/types\/page"}],"author":[{"embeddable":true,"href":"https:\/\/agora.xtec.cat\/esc-maria-cubi\/wp-json\/wp\/v2\/users\/1"}],"replies":[{"embeddable":true,"href":"https:\/\/agora.xtec.cat\/esc-maria-cubi\/wp-json\/wp\/v2\/comments?post=302"}],"version-history":[{"count":7,"href":"https:\/\/agora.xtec.cat\/esc-maria-cubi\/wp-json\/wp\/v2\/pages\/302\/revisions"}],"predecessor-version":[{"id":2668,"href":"https:\/\/agora.xtec.cat\/esc-maria-cubi\/wp-json\/wp\/v2\/pages\/302\/revisions\/2668"}],"up":[{"embeddable":true,"href":"https:\/\/agora.xtec.cat\/esc-maria-cubi\/wp-json\/wp\/v2\/pages\/22"}],"wp:attachment":[{"href":"https:\/\/agora.xtec.cat\/esc-maria-cubi\/wp-json\/wp\/v2\/media?parent=302"}],"curies":[{"name":"wp","href":"https:\/\/api.w.org\/{rel}","templated":true}]}}