{"id":1648,"date":"2021-10-27T13:42:02","date_gmt":"2021-10-27T11:42:02","guid":{"rendered":"https:\/\/agora.xtec.cat\/esc-maria-cubi\/?page_id=1648"},"modified":"2025-07-10T16:40:30","modified_gmt":"2025-07-10T14:40:30","slug":"projecte-de-direccio-2021-2025","status":"publish","type":"page","link":"https:\/\/agora.xtec.cat\/esc-maria-cubi\/projecte-de-direccio-2021-2025\/","title":{"rendered":"Projecte de Direcci\u00f3 2025-2029"},"content":{"rendered":"<p>Benvolgudes fam\u00edlies,<br \/>\nEm complau compartir amb tota la comunitat la renovaci\u00f3 del projecte de direcci\u00f3 pel periodel 2025-2029.<br \/>\nAquest projecte \u00e9s fruit de la il\u2022lusi\u00f3 de continuar construint una escola de qualitat, acollidora i oberta a l\u2019entorn, que permeti respondre als reptes que planteja la societat del segle XXI i on es prioritzi la formaci\u00f3 integral i el creixement personal de l\u2019alumne. Pensem que tots junts podem construir la hist\u00f2ria de la nostra escola. El que, en definitiva, ser\u00e0 la nostra pr\u00f2pia hist\u00f2ria.<\/p>\n<p>Sara Rubio Jim\u00e9nez<br \/>\nDirectora de l&#8217;Escola Mari\u00e0 Cub\u00ed i Soler<\/p>\n<h4 style=\"text-align: center;\"><a href=\"https:\/\/drive.google.com\/file\/d\/1Rv75hzRbRpIt2DVFyo3vNBJ4fsVOy7OK\/view?usp=drive_link\" target=\"_blank\" rel=\"noopener\">PROJECTE DE DIRECCI\u00d3 2025-2029<\/a><\/h4>\n<p>&nbsp;<\/p>\n<p>&nbsp;<\/p>\n","protected":false},"excerpt":{"rendered":"<p>Benvolgudes fam\u00edlies,<br \/>\nEm complau compartir amb tota la comunitat la renovaci\u00f3 del projecte de direcci\u00f3 pel periodel 2025-2029.<br \/>\nAquest projecte \u00e9s fruit de la il\u2022lusi\u00f3 de continuar construint una escola de qualitat, acollidora i oberta a l\u2019entorn, que permeti respondre als reptes que planteja la societat del&hellip;  <a href=\"https:\/\/agora.xtec.cat\/esc-maria-cubi\/projecte-de-direccio-2021-2025\/\" title=\"Read Projecte de Direcci\u00f3 2025-2029\">Llegeix m\u00e9s\u00bb<\/a><\/p>\n","protected":false},"author":1,"featured_media":0,"parent":0,"menu_order":0,"comment_status":"closed","ping_status":"closed","template":"","meta":{"_bbp_topic_count":0,"_bbp_reply_count":0,"_bbp_total_topic_count":0,"_bbp_total_reply_count":0,"_bbp_voice_count":0,"_bbp_anonymous_reply_count":0,"_bbp_topic_count_hidden":0,"_bbp_reply_count_hidden":0,"_bbp_forum_subforum_count":0,"footnotes":""},"class_list":["post-1648","page","type-page","status-publish","hentry"],"post_mailing_queue_ids":[],"_links":{"self":[{"href":"https:\/\/agora.xtec.cat\/esc-maria-cubi\/wp-json\/wp\/v2\/pages\/1648","targetHints":{"allow":["GET"]}}],"collection":[{"href":"https:\/\/agora.xtec.cat\/esc-maria-cubi\/wp-json\/wp\/v2\/pages"}],"about":[{"href":"https:\/\/agora.xtec.cat\/esc-maria-cubi\/wp-json\/wp\/v2\/types\/page"}],"author":[{"embeddable":true,"href":"https:\/\/agora.xtec.cat\/esc-maria-cubi\/wp-json\/wp\/v2\/users\/1"}],"replies":[{"embeddable":true,"href":"https:\/\/agora.xtec.cat\/esc-maria-cubi\/wp-json\/wp\/v2\/comments?post=1648"}],"version-history":[{"count":6,"href":"https:\/\/agora.xtec.cat\/esc-maria-cubi\/wp-json\/wp\/v2\/pages\/1648\/revisions"}],"predecessor-version":[{"id":2604,"href":"https:\/\/agora.xtec.cat\/esc-maria-cubi\/wp-json\/wp\/v2\/pages\/1648\/revisions\/2604"}],"wp:attachment":[{"href":"https:\/\/agora.xtec.cat\/esc-maria-cubi\/wp-json\/wp\/v2\/media?parent=1648"}],"curies":[{"name":"wp","href":"https:\/\/api.w.org\/{rel}","templated":true}]}}