{"id":835,"date":"2017-03-31T12:21:30","date_gmt":"2017-03-31T10:21:30","guid":{"rendered":"http:\/\/agora.xtec.cat\/esc-maragallripoll\/?page_id=835"},"modified":"2025-11-20T21:09:19","modified_gmt":"2025-11-20T20:09:19","slug":"qui-som-i-que-fem","status":"publish","type":"page","link":"https:\/\/agora.xtec.cat\/esc-maragallripoll\/ampa\/qui-som-i-que-fem\/","title":{"rendered":"QUI SOM I QU\u00c8 FEM?"},"content":{"rendered":"<h3><span style=\"color: #33cccc;\">PRESENTACI\u00d3 ASSOCIACI\u00d3 DE FAM\u00cdLIES D&#8217;ALUMNES (AFA)<\/span><\/h3>\n<p>Des de l\u2019AFA es treballa per millorar i ajudar\u00a0les fam\u00edlies i\u00a0l\u2019escola en tot el que sigui possible.<\/p>\n<p>Els <strong>objectius<\/strong> fonamentals s\u00f3n <span style=\"color: #333399;\">facilitar la participaci\u00f3 de mares i pares en activitats del centre, contribuir a la millora de la qualitat del sistema i facilitar la prestaci\u00f3 de serveis fora de l\u2019horari lectiu.<\/span><\/p>\n<p>Treballem de manera conjunta per poder gaudir d&#8217;una escola m\u00e9s propera, cohesionada, inclusiva i participativa.<\/p>\n<p>Algunes de les <strong>activitats<\/strong> en les quals participem activament s\u00f3n:<\/p>\n<ul>\n<li><span style=\"color: #3366ff;\">Gesti\u00f3 dels llibres escolars<\/span><\/li>\n<li><span style=\"color: #3366ff;\">Servei d\u2019acollida matinal.<\/span><\/li>\n<li><span style=\"color: #3366ff;\">Col\u00b7laboraci\u00f3 amb el Consell Comarcal del Ripoll\u00e8s per la gesti\u00f3 del menjador.<\/span><\/li>\n<li><span style=\"color: #3366ff;\">Organitzaci\u00f3 del Bicib\u00fas.<\/span><\/li>\n<li><span style=\"color: #3366ff;\">Organitzaci\u00f3 de la Marxa infantil de regularitat per muntanya de l\u2019escola i la Marxa familiar de regularitat.<\/span><\/li>\n<li><span style=\"color: #3366ff;\">Organitzaci\u00f3 de festes: festa de benvinguda, xocolatada solid\u00e0ria, castanyada, festa final de curs\u2026<\/span><\/li>\n<li><span style=\"color: #3366ff;\">Organitzaci\u00f3 d\u2019activitats extraescolars.<\/span><\/li>\n<li><span style=\"color: #3366ff;\">Gesti\u00f3 de la compra i venda de samarretes i motxilles.<\/span><\/li>\n<li><span style=\"color: #3366ff;\">Organitzaci\u00f3 de tallers i activitats familiars.<\/span><\/li>\n<li><span style=\"color: #3366ff;\">Coordinaci\u00f3 amb altres AFA tant de Ripoll com de la comarca, amb l\u2019ajuntament, consell escolar, consell comarcal&#8230;<\/span><\/li>\n<\/ul>\n<p>Totes aquestes activitats s\u2019organitzen a trav\u00e9s de comissions.<\/p>\n<p>Tots\/es els pares i les mares som part de l\u2019AFA. Hem de pensar que tenir una AFA activa i s\u00f2lida vol dir tenir una escola molt millor<em>.<\/em><\/p>\n<p>Us animem a col\u00b7laborar-hi, ja que tots tenim qualitats que podem aportar i qualsevol gest i esfor\u00e7 sempre suma!<\/p>\n<p><span style=\"background-color: #ccffff;\"><strong>QUI FORMA L\u2019AFA?<\/strong><\/span><\/p>\n<p>L\u2019AFA treballa per poder oferir als infants una major qualitat tant en l&#8217;\u00e0mbit pedag\u00f2gic, col\u00b7laborant estretament amb l\u2019equip directiu i mestres de l\u2019escola, com en l&#8217;\u00e0mbit social, informatiu i\/o d\u2019acompanyament a les fam\u00edlies.<\/p>\n<p><span style=\"background-color: #99ccff;\"><strong><u>La Junta:<\/u><\/strong><\/span><\/p>\n<p><span style=\"background-color: #ccffff;\">Presidenta: Susana Dalmau<\/span><\/p>\n<p><span style=\"background-color: #ccffff;\">Tresorers: S\u00f2nia M\u00e9ndez<\/span><\/p>\n<p><span style=\"background-color: #ccffff;\">Secret\u00e0ria: Lourdes Batlle<\/span><\/p>\n<p><span style=\"background-color: #ccffff;\">Comissi\u00f3 esports (bicib\u00fas i marxes): Arnau Urgell<\/span><\/p>\n<p><span style=\"background-color: #ccffff;\">Comissi\u00f3 extraescolars: Isabel Pons.<\/span><\/p>\n<p>A part de la junta i les comissions, l\u2019AFA compta amb l\u2019ajuda de la Merc\u00e8 Mauri i d\u2019en Xevi Escrib\u00e0, antics membres de la junta per a ocasions especials. Aix\u00ed mateix, els vocals de l\u2019AFA col\u00b7laboren activament amb la comunicaci\u00f3 de les activitats que es porten a terme.<\/p>\n<p>Som una entitat sense \u00e0nim de lucre i associada a l\u2019<a href=\"https:\/\/affac.cat\/\" target=\"_blank\" rel=\"noopener\">aFFac<\/a>.<\/p>\n<p>L\u2019AFA som tots i totes, i per aix\u00f2 us encoratgem a participar amb nosaltres!<\/p>\n<p><span style=\"background-color: #ccffff;\"><strong><span style=\"background-color: #00ffff;\">Correu electr\u00f2nic:<\/span>\u00a0ampajoanmaragallripoll@gmail.com<\/strong><\/span><br \/><span style=\"background-color: #ccffff;\"><strong><span style=\"background-color: #00ffff;\">Instagram:<\/span>\u00a0@afajoanmaragall<\/strong><\/span><\/p>\n<p><span style=\"color: #0000ff;\"><strong>SERVEI HORA MATINERA<\/strong><\/span><\/p>\n<p>L\u2019hora matinera \u00e9s un servei de monitoratge per als infants de les fam\u00edlies que per motius de conciliaci\u00f3, necessiten que els seus fills i filles acudeixin m\u00e9s d\u2019hora a l&#8217;escola.<\/p>\n<p>Les tarifes de l\u2019hora matinera s\u00f3n:<\/p>\n<p>Usuaris de 7:45 a 9 h: 35 euros\/mes<\/p>\n<p>Usuaris de 8:30 a 9 h: 21 euros\/mes<\/p>\n<p>Usuaris per dies espor\u00e0dics: 7 euros\/dia<\/p>\n<p><span style=\"color: #0000ff;\"><strong>SERVEI DE MENJADOR<\/strong><\/span><\/p>\n<p>El servei de menjador \u00e9s prestat pel Consell Comarcal del Ripoll\u00e8s mitjan\u00e7ant una licitaci\u00f3 p\u00fablica.\u00a0 Aquest servei engloba la cuina i el monitoratge.<\/p>\n<p>L\u2019AFA vetlla pel compliment de les obligacions per part de l\u2019empresa, tant pel que fa a la qualitat del menjar amb el qual es cuina com els men\u00fas que s\u2019ofereixen. S\u2019intenta garantir que els infants disposin d\u2019una alimentaci\u00f3 sana i equilibrada amb alguns productes de proximitat. El nostre equip de cuina fa que cap infant es queixi del menjar!<\/p>\n<p>Al mateix temps, l\u2019AFA tamb\u00e9 est\u00e0 en permanent contacte amb la coordinaci\u00f3 del servei de monitoratge per gestionar els projectes pedag\u00f2gics i de lleure que es porten a terme durant l\u2019espai de temps del menjador. Es treballa conjuntament per resoldre els conflictes que puguin sorgir i crear un ambient de diversi\u00f3, esbarjo i aprenentatge adequat per a cada edat.<\/p>\n<p><strong>\u00a0<\/strong><\/p>\n<p><span style=\"background-color: #33cccc;\"><strong>EXTRAESCOLARS:<\/strong><\/span><\/p>\n<p><span style=\"color: #33cccc;\"><strong>ANGL\u00c8S<\/strong><\/span><\/p>\n<p>L\u2019angl\u00e8s\u00a0 es realitza en col\u00b7laboraci\u00f3 amb el <a href=\"https:\/\/calanguages.com\/\">CA Languages<\/a> de Ripoll.<\/p>\n<p>A partir de les 17:00 h al CA Languagues. Des d\u2019I3 a 4t es realitza la recollida de l\u2019alumnat a l\u2019escola Joan Maragall per anar al centre CA Languages.<\/p>\n<p><span style=\"color: #33cccc;\"><strong>Si teniu alguna altra proposta d&#8217;activitats en podem parlar, totes les aportacions s\u00f3n bones.<\/strong><\/span><\/p>\n<h4>\u00a0<\/h4>\n\n\n<div data-wp-interactive=\"core\/file\" class=\"wp-block-file\"><object data-wp-bind--hidden=\"!state.hasPdfPreview\" hidden class=\"wp-block-file__embed\" data=\"https:\/\/agora.xtec.cat\/esc-maragallripoll\/wp-content\/uploads\/usu1419\/2025\/09\/DOCUMENT-AFA-25-26.pdf\" type=\"application\/pdf\" style=\"width:100%;height:600px\" aria-label=\"Incrustaci\u00f3 del fitxer DOCUMENT AFA 25-26.\"><\/object><a id=\"wp-block-file--media-5ef6457f-2263-48a3-b47c-1c01ce4b850d\" href=\"https:\/\/agora.xtec.cat\/esc-maragallripoll\/wp-content\/uploads\/usu1419\/2025\/09\/DOCUMENT-AFA-25-26.pdf\">DOCUMENT AFA 25-26<\/a><a href=\"https:\/\/agora.xtec.cat\/esc-maragallripoll\/wp-content\/uploads\/usu1419\/2025\/09\/DOCUMENT-AFA-25-26.pdf\" class=\"wp-block-file__button wp-element-button\" download aria-describedby=\"wp-block-file--media-5ef6457f-2263-48a3-b47c-1c01ce4b850d\">Baixa<\/a><\/div>\n","protected":false},"excerpt":{"rendered":"<p>PRESENTACI\u00d3 ASSOCIACI\u00d3 DE FAM\u00cdLIES D&#8217;ALUMNES (AFA) Des de l\u2019AFA es treballa per millorar i ajudar\u00a0les fam\u00edlies i\u00a0l\u2019escola en tot el que sigui possible. Els objectius fonamentals s\u00f3n facilitar la participaci\u00f3 de mares i pares en activitats del centre, contribuir a la millora de la qualitat del sistema i facilitar la prestaci\u00f3 de serveis fora de [&hellip;]<\/p>\n","protected":false},"author":1,"featured_media":0,"parent":1255,"menu_order":120,"comment_status":"closed","ping_status":"closed","template":"","meta":{"_bbp_topic_count":0,"_bbp_reply_count":0,"_bbp_total_topic_count":0,"_bbp_total_reply_count":0,"_bbp_voice_count":0,"_bbp_anonymous_reply_count":0,"_bbp_topic_count_hidden":0,"_bbp_reply_count_hidden":0,"_bbp_forum_subforum_count":0,"site-sidebar-layout":"default","site-content-layout":"","ast-site-content-layout":"default","site-content-style":"default","site-sidebar-style":"default","ast-global-header-display":"","ast-banner-title-visibility":"","ast-main-header-display":"","ast-hfb-above-header-display":"","ast-hfb-below-header-display":"","ast-hfb-mobile-header-display":"","site-post-title":"","ast-breadcrumbs-content":"","ast-featured-img":"","footer-sml-layout":"","theme-transparent-header-meta":"","adv-header-id-meta":"","stick-header-meta":"","header-above-stick-meta":"","header-main-stick-meta":"","header-below-stick-meta":"","astra-migrate-meta-layouts":"set","ast-page-background-enabled":"default","ast-page-background-meta":{"desktop":{"background-color":"var(--ast-global-color-4)","background-image":"","background-repeat":"repeat","background-position":"center center","background-size":"auto","background-attachment":"scroll","background-type":"","background-media":"","overlay-type":"","overlay-color":"","overlay-opacity":"","overlay-gradient":""},"tablet":{"background-color":"","background-image":"","background-repeat":"repeat","background-position":"center center","background-size":"auto","background-attachment":"scroll","background-type":"","background-media":"","overlay-type":"","overlay-color":"","overlay-opacity":"","overlay-gradient":""},"mobile":{"background-color":"","background-image":"","background-repeat":"repeat","background-position":"center center","background-size":"auto","background-attachment":"scroll","background-type":"","background-media":"","overlay-type":"","overlay-color":"","overlay-opacity":"","overlay-gradient":""}},"ast-content-background-meta":{"desktop":{"background-color":"var(--ast-global-color-5)","background-image":"","background-repeat":"repeat","background-position":"center center","background-size":"auto","background-attachment":"scroll","background-type":"","background-media":"","overlay-type":"","overlay-color":"","overlay-opacity":"","overlay-gradient":""},"tablet":{"background-color":"var(--ast-global-color-5)","background-image":"","background-repeat":"repeat","background-position":"center center","background-size":"auto","background-attachment":"scroll","background-type":"","background-media":"","overlay-type":"","overlay-color":"","overlay-opacity":"","overlay-gradient":""},"mobile":{"background-color":"var(--ast-global-color-5)","background-image":"","background-repeat":"repeat","background-position":"center center","background-size":"auto","background-attachment":"scroll","background-type":"","background-media":"","overlay-type":"","overlay-color":"","overlay-opacity":"","overlay-gradient":""}},"footnotes":""},"class_list":["post-835","page","type-page","status-publish","hentry"],"post_mailing_queue_ids":[],"_links":{"self":[{"href":"https:\/\/agora.xtec.cat\/esc-maragallripoll\/wp-json\/wp\/v2\/pages\/835","targetHints":{"allow":["GET"]}}],"collection":[{"href":"https:\/\/agora.xtec.cat\/esc-maragallripoll\/wp-json\/wp\/v2\/pages"}],"about":[{"href":"https:\/\/agora.xtec.cat\/esc-maragallripoll\/wp-json\/wp\/v2\/types\/page"}],"author":[{"embeddable":true,"href":"https:\/\/agora.xtec.cat\/esc-maragallripoll\/wp-json\/wp\/v2\/users\/1"}],"replies":[{"embeddable":true,"href":"https:\/\/agora.xtec.cat\/esc-maragallripoll\/wp-json\/wp\/v2\/comments?post=835"}],"version-history":[{"count":6,"href":"https:\/\/agora.xtec.cat\/esc-maragallripoll\/wp-json\/wp\/v2\/pages\/835\/revisions"}],"predecessor-version":[{"id":9751,"href":"https:\/\/agora.xtec.cat\/esc-maragallripoll\/wp-json\/wp\/v2\/pages\/835\/revisions\/9751"}],"up":[{"embeddable":true,"href":"https:\/\/agora.xtec.cat\/esc-maragallripoll\/wp-json\/wp\/v2\/pages\/1255"}],"wp:attachment":[{"href":"https:\/\/agora.xtec.cat\/esc-maragallripoll\/wp-json\/wp\/v2\/media?parent=835"}],"curies":[{"name":"wp","href":"https:\/\/api.w.org\/{rel}","templated":true}]}}