{"id":598,"date":"2017-01-27T12:27:52","date_gmt":"2017-01-27T11:27:52","guid":{"rendered":"http:\/\/agora.xtec.cat\/esc-maragallripoll\/?page_id=598"},"modified":"2026-09-02T12:31:55","modified_gmt":"2026-09-02T10:31:55","slug":"claustre","status":"publish","type":"page","link":"https:\/\/agora.xtec.cat\/esc-maragallripoll\/lescola\/claustre\/","title":{"rendered":"Claustre"},"content":{"rendered":"<h3 style=\"text-align: left;\"><span style=\"color: #0000ff;\"><strong>EQUIP DE MESTRES &#8211; CURS 2026\/<\/strong><\/span><span style=\"color: #0000ff;\"><strong>27<\/strong><\/span><\/h3>\n<p><a href=\"https:\/\/agora.xtec.cat\/esc-maragallripoll\/wp-content\/uploads\/usu1419\/2026\/09\/da170316-c8e6-41a1-aa98-7d557bff78cf.jpg\"><img loading=\"lazy\" decoding=\"async\" class=\"alignnone size-full wp-image-11431\" src=\"https:\/\/agora.xtec.cat\/esc-maragallripoll\/wp-content\/uploads\/usu1419\/2026\/09\/da170316-c8e6-41a1-aa98-7d557bff78cf.jpg\" alt=\"\" width=\"640\" height=\"360\" srcset=\"https:\/\/agora.xtec.cat\/esc-maragallripoll\/wp-content\/uploads\/usu1419\/2026\/09\/da170316-c8e6-41a1-aa98-7d557bff78cf.jpg 640w, https:\/\/agora.xtec.cat\/esc-maragallripoll\/wp-content\/uploads\/usu1419\/2026\/09\/da170316-c8e6-41a1-aa98-7d557bff78cf-300x169.jpg 300w\" sizes=\"auto, (max-width: 640px) 100vw, 640px\" \/><\/a><\/p>\n<p><span style=\"color: #0000ff;\"><strong>EQUIP DIRECTIU:<\/strong><\/span><\/p>\n<p><strong>DIRECTORA:<\/strong> Lali Ventura<\/p>\n<p><strong>CAP D&#8217;ESTUDIS:<\/strong> Cristina Tarr\u00e9<\/p>\n<p><strong>SECRET\u00c0RIA:<\/strong> Maria Guillaumes<\/p>\n<p><strong><span style=\"color: #0000ff;\">EDUCACI\u00d3 INFANTIL:<\/span><\/strong><\/p>\n<p><strong>I3:<\/strong> Maria Guillaumes i Montse Banaset<\/p>\n<p><strong>I4: <\/strong>N\u00faria Fern\u00e1ndez<\/p>\n<p><strong>I5:<\/strong> Anna Sucarrats<\/p>\n<p><strong>SUPORT AL CICLE: <\/strong>Marina Rivera<\/p>\n<p><strong>T\u00e8cnica d&#8217;Educaci\u00f3 infantil (TEEI):<\/strong> Laura Moreno<\/p>\n<p><strong>Coordinadora:<\/strong> N\u00faria Fern\u00e1ndez<\/p>\n<p><span style=\"color: #0000ff;\"><strong>CICLE INICIAL:<\/strong><\/span><\/p>\n<p><span style=\"color: #000000;\"><strong>1r : <\/strong>Laura Perea<\/span><\/p>\n<p><span style=\"color: #000000;\"><strong>2n A: <\/strong>Mariona Santanach<\/span><\/p>\n<p><strong>2n B:<\/strong> <span style=\"color: #000000;\">Dolors Alegre<\/span><\/p>\n<p><strong>SUPORT AL CICLE: <\/strong><span style=\"color: #000000; font-family: inherit; font-size: 1em;\">Gl\u00f2ria Tuset, Ester Carb\u00f3<\/span><\/p>\n<p><strong>Coordinadora:<\/strong> Laura Perea<\/p>\n<p><span style=\"color: #0000ff;\"><strong>CICLE MITJ\u00c0: \u00a0<\/strong><\/span><\/p>\n<p><strong>3r A:<\/strong> Maria Josep Casals<\/p>\n<p><strong>3r B:<\/strong> Esther Maideu<\/p>\n<p><strong>4t:<\/strong> Carme Roca<\/p>\n<p><strong>SUPORT AL CICLE: <\/strong>M\u00aa Jes\u00fas, Jordi Sala i Maria Garrigoles<\/p>\n<p><strong>Coordinadora:<\/strong> Maria Josep Casals<\/p>\n<p><span style=\"color: #0000ff;\"><strong>CICLE SUPERIOR:<\/strong><\/span><\/p>\n<p><strong>5\u00e8 : <\/strong>Olga G\u00f3mez<\/p>\n<p><strong>6\u00e8 A: <\/strong>Mireia Guillaumes\/ Raquel Cruz<\/p>\n<p><strong>6\u00e8 B<\/strong>: Marta Burgos<\/p>\n<p><strong>SUPORT AL CICLE:<\/strong> Neus Verdaguer, N\u00faria Obispo i Marc<\/p>\n<p><strong>Coordinadora:<\/strong> Olga G\u00f3mez<\/p>\n<p><span style=\"color: #0000ff;\"><strong>ESPECIALISTES<\/strong><strong>:<\/strong><\/span><\/p>\n<p><strong>EDUCACI\u00d3 F\u00cdSICA:<\/strong> Jordi Sala<\/p>\n<p><strong>ANGL\u00c8S:<\/strong>\u00a0 Marta Burgos \/ Marc i Esther Maideu (prim\u00e0ria) \/\/ Maria Guillaumes ( infantil)<\/p>\n<p><strong>M\u00daSICA:<\/strong> Ester Carb\u00f3<\/p>\n<p><strong>EDUCACI\u00d3 ESPECIAL:<\/strong> Maria Garrigoles<\/p>\n<p><strong>Suport Intensiu a l&#8217;Escolaritzaci\u00f3 Inclusiva (SIEI):<\/strong> Gl\u00f2ria Tuset i Marina Rivera<\/p>\n<p><strong>CULTURA:<\/strong> M. Jes\u00fas de Sande<\/p>\n<p><strong>AULA D&#8217;ACOLLIDA i COCOBE:<\/strong> Neus Verdaguer<\/p>\n<p><strong>COORDINADORA DIGITAL:<\/strong> Raquel Cruz<\/p>\n<p><strong>COORDINADORA RISCOS:<\/strong> Dolors Alegre<\/p>\n<p><strong>COORDINADORA CLIC:<\/strong> Gl\u00f2ria Tuset<\/p>\n<p><span style=\"color: #0000ff;\"><strong>ALTRES PROFESSIONALS DEL CENTRE:<\/strong><\/span><\/p>\n<p><strong>VETLLADORES:<\/strong> Sara i Anna<\/p>\n<p><strong>LOGOPEDA:<\/strong> Cristina Ojeda<\/p>\n<p><strong>EAP:<\/strong> Laia Del R\u00edo (psicopedagoga)<\/p>\n<p><strong>ADMINISTRATIVA:<\/strong> Ruth<\/p>\n<p><strong>BIDELL: <\/strong>Vicente i Xevi G\u00f3mez<\/p>\n","protected":false},"excerpt":{"rendered":"<p>EQUIP DE MESTRES &#8211; CURS 2026\/27 EQUIP DIRECTIU: DIRECTORA: Lali Ventura CAP D&#8217;ESTUDIS: Cristina Tarr\u00e9 SECRET\u00c0RIA: Maria Guillaumes EDUCACI\u00d3 INFANTIL: I3: Maria Guillaumes i Montse Banaset I4: N\u00faria Fern\u00e1ndez I5: Anna Sucarrats SUPORT AL CICLE: Marina Rivera T\u00e8cnica d&#8217;Educaci\u00f3 infantil (TEEI): Laura Moreno Coordinadora: N\u00faria Fern\u00e1ndez CICLE INICIAL: 1r : Laura Perea 2n A: Mariona [&hellip;]<\/p>\n","protected":false},"author":1,"featured_media":0,"parent":22,"menu_order":90,"comment_status":"closed","ping_status":"closed","template":"","meta":{"_bbp_topic_count":0,"_bbp_reply_count":0,"_bbp_total_topic_count":0,"_bbp_total_reply_count":0,"_bbp_voice_count":0,"_bbp_anonymous_reply_count":0,"_bbp_topic_count_hidden":0,"_bbp_reply_count_hidden":0,"_bbp_forum_subforum_count":0,"site-sidebar-layout":"default","site-content-layout":"","ast-site-content-layout":"default","site-content-style":"default","site-sidebar-style":"default","ast-global-header-display":"","ast-banner-title-visibility":"","ast-main-header-display":"","ast-hfb-above-header-display":"","ast-hfb-below-header-display":"","ast-hfb-mobile-header-display":"","site-post-title":"","ast-breadcrumbs-content":"","ast-featured-img":"","footer-sml-layout":"","theme-transparent-header-meta":"","adv-header-id-meta":"","stick-header-meta":"","header-above-stick-meta":"","header-main-stick-meta":"","header-below-stick-meta":"","astra-migrate-meta-layouts":"set","ast-page-background-enabled":"default","ast-page-background-meta":{"desktop":{"background-color":"var(--ast-global-color-4)","background-image":"","background-repeat":"repeat","background-position":"center center","background-size":"auto","background-attachment":"scroll","background-type":"","background-media":"","overlay-type":"","overlay-color":"","overlay-opacity":"","overlay-gradient":""},"tablet":{"background-color":"","background-image":"","background-repeat":"repeat","background-position":"center center","background-size":"auto","background-attachment":"scroll","background-type":"","background-media":"","overlay-type":"","overlay-color":"","overlay-opacity":"","overlay-gradient":""},"mobile":{"background-color":"","background-image":"","background-repeat":"repeat","background-position":"center center","background-size":"auto","background-attachment":"scroll","background-type":"","background-media":"","overlay-type":"","overlay-color":"","overlay-opacity":"","overlay-gradient":""}},"ast-content-background-meta":{"desktop":{"background-color":"var(--ast-global-color-5)","background-image":"","background-repeat":"repeat","background-position":"center center","background-size":"auto","background-attachment":"scroll","background-type":"","background-media":"","overlay-type":"","overlay-color":"","overlay-opacity":"","overlay-gradient":""},"tablet":{"background-color":"var(--ast-global-color-5)","background-image":"","background-repeat":"repeat","background-position":"center center","background-size":"auto","background-attachment":"scroll","background-type":"","background-media":"","overlay-type":"","overlay-color":"","overlay-opacity":"","overlay-gradient":""},"mobile":{"background-color":"var(--ast-global-color-5)","background-image":"","background-repeat":"repeat","background-position":"center center","background-size":"auto","background-attachment":"scroll","background-type":"","background-media":"","overlay-type":"","overlay-color":"","overlay-opacity":"","overlay-gradient":""}},"footnotes":""},"class_list":["post-598","page","type-page","status-publish","hentry"],"post_mailing_queue_ids":[],"_links":{"self":[{"href":"https:\/\/agora.xtec.cat\/esc-maragallripoll\/wp-json\/wp\/v2\/pages\/598","targetHints":{"allow":["GET"]}}],"collection":[{"href":"https:\/\/agora.xtec.cat\/esc-maragallripoll\/wp-json\/wp\/v2\/pages"}],"about":[{"href":"https:\/\/agora.xtec.cat\/esc-maragallripoll\/wp-json\/wp\/v2\/types\/page"}],"author":[{"embeddable":true,"href":"https:\/\/agora.xtec.cat\/esc-maragallripoll\/wp-json\/wp\/v2\/users\/1"}],"replies":[{"embeddable":true,"href":"https:\/\/agora.xtec.cat\/esc-maragallripoll\/wp-json\/wp\/v2\/comments?post=598"}],"version-history":[{"count":5,"href":"https:\/\/agora.xtec.cat\/esc-maragallripoll\/wp-json\/wp\/v2\/pages\/598\/revisions"}],"predecessor-version":[{"id":11433,"href":"https:\/\/agora.xtec.cat\/esc-maragallripoll\/wp-json\/wp\/v2\/pages\/598\/revisions\/11433"}],"up":[{"embeddable":true,"href":"https:\/\/agora.xtec.cat\/esc-maragallripoll\/wp-json\/wp\/v2\/pages\/22"}],"wp:attachment":[{"href":"https:\/\/agora.xtec.cat\/esc-maragallripoll\/wp-json\/wp\/v2\/media?parent=598"}],"curies":[{"name":"wp","href":"https:\/\/api.w.org\/{rel}","templated":true}]}}

<h3 style="text-align: left;"><span style="color: #0000ff;"><strong>EQUIP DE MESTRES &#8211; CURS 2026/</strong></span><span style="color: #0000ff;"><strong>27</strong></span></h3>
<p><a href="https://agora.xtec.cat/esc-maragallripoll/wp-content/uploads/usu1419/2026/09/da170316-c8e6-41a1-aa98-7d557bff78cf.jpg"><img loading="lazy" decoding="async" class="alignnone size-full wp-image-11431" src="https://agora.xtec.cat/esc-maragallripoll/wp-content/uploads/usu1419/2026/09/da170316-c8e6-41a1-aa98-7d557bff78cf.jpg" alt="" width="640" height="360" srcset="https://agora.xtec.cat/esc-maragallripoll/wp-content/uploads/usu1419/2026/09/da170316-c8e6-41a1-aa98-7d557bff78cf.jpg 640w, https://agora.xtec.cat/esc-maragallripoll/wp-content/uploads/usu1419/2026/09/da170316-c8e6-41a1-aa98-7d557bff78cf-300x169.jpg 300w" sizes="auto, (max-width: 640px) 100vw, 640px" /></a></p>
<p><span style="color: #0000ff;"><strong>EQUIP DIRECTIU:</strong></span></p>
<p><strong>DIRECTORA:</strong> Lali Ventura</p>
<p><strong>CAP D&#8217;ESTUDIS:</strong> Cristina Tarré</p>
<p><strong>SECRETÀRIA:</strong> Maria Guillaumes</p>
<p><strong><span style="color: #0000ff;">EDUCACIÓ INFANTIL:</span></strong></p>
<p><strong>I3:</strong> Maria Guillaumes i Montse Banaset</p>
<p><strong>I4: </strong>Núria Fernández</p>
<p><strong>I5:</strong> Anna Sucarrats</p>
<p><strong>SUPORT AL CICLE: </strong>Marina Rivera</p>
<p><strong>Tècnica d&#8217;Educació infantil (TEEI):</strong> Laura Moreno</p>
<p><strong>Coordinadora:</strong> Núria Fernández</p>
<p><span style="color: #0000ff;"><strong>CICLE INICIAL:</strong></span></p>
<p><span style="color: #000000;"><strong>1r : </strong>Laura Perea</span></p>
<p><span style="color: #000000;"><strong>2n A: </strong>Mariona Santanach</span></p>
<p><strong>2n B:</strong> <span style="color: #000000;">Dolors Alegre</span></p>
<p><strong>SUPORT AL CICLE: </strong><span style="color: #000000; font-family: inherit; font-size: 1em;">Glòria Tuset, Ester Carbó</span></p>
<p><strong>Coordinadora:</strong> Laura Perea</p>
<p><span style="color: #0000ff;"><strong>CICLE MITJÀ:  </strong></span></p>
<p><strong>3r A:</strong> Maria Josep Casals</p>
<p><strong>3r B:</strong> Esther Maideu</p>
<p><strong>4t:</strong> Carme Roca</p>
<p><strong>SUPORT AL CICLE: </strong>Mª Jesús, Jordi Sala i Maria Garrigoles</p>
<p><strong>Coordinadora:</strong> Maria Josep Casals</p>
<p><span style="color: #0000ff;"><strong>CICLE SUPERIOR:</strong></span></p>
<p><strong>5è : </strong>Olga Gómez</p>
<p><strong>6è A: </strong>Mireia Guillaumes/ Raquel Cruz</p>
<p><strong>6è B</strong>: Marta Burgos</p>
<p><strong>SUPORT AL CICLE:</strong> Neus Verdaguer, Núria Obispo i Marc</p>
<p><strong>Coordinadora:</strong> Olga Gómez</p>
<p><span style="color: #0000ff;"><strong>ESPECIALISTES</strong><strong>:</strong></span></p>
<p><strong>EDUCACIÓ FÍSICA:</strong> Jordi Sala</p>
<p><strong>ANGLÈS:</strong>  Marta Burgos / Marc i Esther Maideu (primària) // Maria Guillaumes ( infantil)</p>
<p><strong>MÚSICA:</strong> Ester Carbó</p>
<p><strong>EDUCACIÓ ESPECIAL:</strong> Maria Garrigoles</p>
<p><strong>Suport Intensiu a l&#8217;Escolarització Inclusiva (SIEI):</strong> Glòria Tuset i Marina Rivera</p>
<p><strong>CULTURA:</strong> M. Jesús de Sande</p>
<p><strong>AULA D&#8217;ACOLLIDA i COCOBE:</strong> Neus Verdaguer</p>
<p><strong>COORDINADORA DIGITAL:</strong> Raquel Cruz</p>
<p><strong>COORDINADORA RISCOS:</strong> Dolors Alegre</p>
<p><strong>COORDINADORA CLIC:</strong> Glòria Tuset</p>
<p><span style="color: #0000ff;"><strong>ALTRES PROFESSIONALS DEL CENTRE:</strong></span></p>
<p><strong>VETLLADORES:</strong> Sara i Anna</p>
<p><strong>LOGOPEDA:</strong> Cristina Ojeda</p>
<p><strong>EAP:</strong> Laia Del Río (psicopedagoga)</p>
<p><strong>ADMINISTRATIVA:</strong> Ruth</p>
<p><strong>BIDELL: </strong>Vicente i Xevi Gómez</p>

<p>EQUIP DE MESTRES &#8211; CURS 2026/27 EQUIP DIRECTIU: DIRECTORA: Lali Ventura CAP D&#8217;ESTUDIS: Cristina Tarré SECRETÀRIA: Maria Guillaumes EDUCACIÓ INFANTIL: I3: Maria Guillaumes i Montse Banaset I4: Núria Fernández I5: Anna Sucarrats SUPORT AL CICLE: Marina Rivera Tècnica d&#8217;Educació infantil (TEEI): Laura Moreno Coordinadora: Núria Fernández CICLE INICIAL: 1r : Laura Perea 2n A: Mariona [&hellip;]</p>
