{"id":1328,"date":"2017-11-17T00:01:58","date_gmt":"2017-11-16T23:01:58","guid":{"rendered":"http:\/\/agora.xtec.cat\/esc-maragallripoll\/?page_id=1328"},"modified":"2022-02-25T13:50:43","modified_gmt":"2022-02-25T12:50:43","slug":"esqui-escolar","status":"publish","type":"page","link":"https:\/\/agora.xtec.cat\/esc-maragallripoll\/projectes-descola\/esqui-escolar\/","title":{"rendered":"Esport Blanc Escolar"},"content":{"rendered":"<p>L\u2019Esport Blanc Escolar \u00e9s un programa del Consell Catal\u00e0 de l\u2019Esport, amb el suport del Departament d\u2019Educaci\u00f3 de la Generalitat de Catalunya, i la col\u00b7laboraci\u00f3 de la Federaci\u00f3 Catalana d\u2019Esports d\u2019Hivern, encarregada de desenvolupar el programa t\u00e8cnic.<\/p>\n<p>El programa va destinat a la promoci\u00f3 de l\u2019esqu\u00ed escolar (en les seves diferents modalitats) entre els alumnes de les escoles de les comarques del Pirineu.<\/p>\n<p><strong>Quines s\u00f3n les caracter\u00edstiques generals?<\/strong><\/p>\n<ul>\n<li>\u00c9s un programa multidisciplinar. Els alumnes practiquen l\u2019esqu\u00ed alp\u00ed, l\u2019esqu\u00ed n\u00f2rdic i el surf de neu.<\/li>\n<li>Est\u00e0 integrat dins del curr\u00edculum d\u2019educaci\u00f3 f\u00edsica del centre.<\/li>\n<li>La durada del programa \u00e9s de 5 o 6 setmanes o sessions, dins de l\u2019horari lectiu del centre, durant el segon trimestre del curs amb una durada de 2 o 3 hores setmanals de pr\u00e0ctica.<\/li>\n<li>El programa est\u00e0 adre\u00e7at als alumnes de cicle mitj\u00e0 de prim\u00e0ria (3r i 4t curs)<\/li>\n<li>Les sessions estan dirigides per t\u00e8cnics esportius de nivell II (TDEII) inscrits en el registre de professionals de l\u2019esport.<\/li>\n<li>El cost per als participants \u00e9s de 32\u20ac que inclou: els despla\u00e7aments, el lloguer de material, el cost del t\u00e8cnic esportiu i l\u2019asseguran\u00e7a.<\/li>\n<li>La vestimenta i el material auxiliar (guants, ulleres, etc..) s\u00f3n responsabilitat del participant.<\/li>\n<\/ul>\n<p><span style=\"color: #0000ff;\">Per a m\u00e9s informaci\u00f3, podeu clicar l&#8217;enlla\u00e7 seg\u00fcent:<\/span><\/p>\n<p><strong><span style=\"color: #0000ff;\"><a style=\"color: #0000ff;\" href=\"http:\/\/ceripolles.cat\/p\/que-es\/\">CONSELL ESPORTIU DEL RIPOLL\u00c8S<\/a><\/span><\/strong><\/p>\n<h3><span style=\"color: #00ccff;\">ESPORT BLANC ESCOLAR 2021\/22<\/span><\/h3>\n<p><a href=\"https:\/\/photos.app.goo.gl\/fSmx6fFVu6bKUyxN9\">GALERIA D&#8217;IMATGES\u00a0<\/a><\/p>\n<p><a href=\"https:\/\/agora.xtec.cat\/esc-maragallripoll\/wp-content\/uploads\/usu1419\/2022\/02\/IMG-20220215-WA0015.jpg\"><img loading=\"lazy\" decoding=\"async\" class=\"alignnone wp-image-5285\" src=\"https:\/\/agora.xtec.cat\/esc-maragallripoll\/wp-content\/uploads\/usu1419\/2022\/02\/IMG-20220215-WA0015-225x300.jpg\" alt=\"\" width=\"559\" height=\"745\" srcset=\"https:\/\/agora.xtec.cat\/esc-maragallripoll\/wp-content\/uploads\/usu1419\/2022\/02\/IMG-20220215-WA0015-225x300.jpg 225w, https:\/\/agora.xtec.cat\/esc-maragallripoll\/wp-content\/uploads\/usu1419\/2022\/02\/IMG-20220215-WA0015-768x1024.jpg 768w, https:\/\/agora.xtec.cat\/esc-maragallripoll\/wp-content\/uploads\/usu1419\/2022\/02\/IMG-20220215-WA0015-1152x1536.jpg 1152w, https:\/\/agora.xtec.cat\/esc-maragallripoll\/wp-content\/uploads\/usu1419\/2022\/02\/IMG-20220215-WA0015.jpg 1536w\" sizes=\"auto, (max-width: 559px) 100vw, 559px\" \/><\/a><\/p>\n<h3><span style=\"color: #00ccff;\">ESPORT BLANC ESCOLAR 2020\/21<\/span><\/h3>\n<p><a href=\"https:\/\/photos.app.goo.gl\/RQVke5VVcspnTgL38\">GALERIA D&#8217;IMATGES<\/a><\/p>\n<p><a href=\"https:\/\/agora.xtec.cat\/esc-maragallripoll\/wp-content\/uploads\/usu1419\/2021\/03\/IMG-20210322-WA0006.jpg\"><img loading=\"lazy\" decoding=\"async\" class=\"alignnone wp-image-4348\" src=\"https:\/\/agora.xtec.cat\/esc-maragallripoll\/wp-content\/uploads\/usu1419\/2021\/03\/IMG-20210322-WA0006-300x225.jpg\" alt=\"\" width=\"559\" height=\"419\" srcset=\"https:\/\/agora.xtec.cat\/esc-maragallripoll\/wp-content\/uploads\/usu1419\/2021\/03\/IMG-20210322-WA0006-300x225.jpg 300w, https:\/\/agora.xtec.cat\/esc-maragallripoll\/wp-content\/uploads\/usu1419\/2021\/03\/IMG-20210322-WA0006-768x576.jpg 768w, https:\/\/agora.xtec.cat\/esc-maragallripoll\/wp-content\/uploads\/usu1419\/2021\/03\/IMG-20210322-WA0006.jpg 1024w, https:\/\/agora.xtec.cat\/esc-maragallripoll\/wp-content\/uploads\/usu1419\/2021\/03\/IMG-20210322-WA0006-200x150.jpg 200w\" sizes=\"auto, (max-width: 559px) 100vw, 559px\" \/><\/a><\/p>\n<h3><span style=\"color: #00ccff;\">ESPORT BLANC ESCOLAR 2019\/20<\/span><\/h3>\n<p><a href=\"https:\/\/agora.xtec.cat\/esc-maragallripoll\/wp-content\/uploads\/usu1419\/2020\/01\/IMG-20200115-WA0000.jpg\"><img loading=\"lazy\" decoding=\"async\" class=\"alignnone size-large wp-image-3069\" src=\"https:\/\/agora.xtec.cat\/esc-maragallripoll\/wp-content\/uploads\/usu1419\/2020\/01\/IMG-20200115-WA0000-1024x768.jpg\" alt=\"\" width=\"1024\" height=\"768\" srcset=\"https:\/\/agora.xtec.cat\/esc-maragallripoll\/wp-content\/uploads\/usu1419\/2020\/01\/IMG-20200115-WA0000-1024x768.jpg 1024w, https:\/\/agora.xtec.cat\/esc-maragallripoll\/wp-content\/uploads\/usu1419\/2020\/01\/IMG-20200115-WA0000-300x225.jpg 300w, https:\/\/agora.xtec.cat\/esc-maragallripoll\/wp-content\/uploads\/usu1419\/2020\/01\/IMG-20200115-WA0000-768x576.jpg 768w, https:\/\/agora.xtec.cat\/esc-maragallripoll\/wp-content\/uploads\/usu1419\/2020\/01\/IMG-20200115-WA0000-200x150.jpg 200w, https:\/\/agora.xtec.cat\/esc-maragallripoll\/wp-content\/uploads\/usu1419\/2020\/01\/IMG-20200115-WA0000.jpg 1600w\" sizes=\"auto, (max-width: 1024px) 100vw, 1024px\" \/><\/a><\/p>\n<p><a href=\"https:\/\/agora.xtec.cat\/esc-maragallripoll\/wp-content\/uploads\/usu1419\/2020\/01\/IMG-20200115-WA0001.jpg\"><img loading=\"lazy\" decoding=\"async\" class=\"alignnone size-large wp-image-3070\" src=\"https:\/\/agora.xtec.cat\/esc-maragallripoll\/wp-content\/uploads\/usu1419\/2020\/01\/IMG-20200115-WA0001-1024x768.jpg\" alt=\"\" width=\"1024\" height=\"768\" srcset=\"https:\/\/agora.xtec.cat\/esc-maragallripoll\/wp-content\/uploads\/usu1419\/2020\/01\/IMG-20200115-WA0001-1024x768.jpg 1024w, https:\/\/agora.xtec.cat\/esc-maragallripoll\/wp-content\/uploads\/usu1419\/2020\/01\/IMG-20200115-WA0001-300x225.jpg 300w, https:\/\/agora.xtec.cat\/esc-maragallripoll\/wp-content\/uploads\/usu1419\/2020\/01\/IMG-20200115-WA0001-768x576.jpg 768w, https:\/\/agora.xtec.cat\/esc-maragallripoll\/wp-content\/uploads\/usu1419\/2020\/01\/IMG-20200115-WA0001-200x150.jpg 200w, https:\/\/agora.xtec.cat\/esc-maragallripoll\/wp-content\/uploads\/usu1419\/2020\/01\/IMG-20200115-WA0001.jpg 1600w\" sizes=\"auto, (max-width: 1024px) 100vw, 1024px\" \/><\/a><\/p>\n<h3><span style=\"color: #00ccff;\">ESPORT BLANC ESCOLAR 2018\/19<\/span><\/h3>\n<p><a title=\"ESPORT BLANC ESCOLAR\" href=\"https:\/\/www.flickr.com\/photos\/142099758@N05\/albums\/72157706643828215\" data-flickr-embed=\"true\"><img loading=\"lazy\" decoding=\"async\" src=\"https:\/\/farm8.staticflickr.com\/7927\/46172443075_8e1f2c6eaa_z.jpg\" alt=\"ESPORT BLANC ESCOLAR\" width=\"640\" height=\"480\" \/><\/a><script async src=\"\/\/embedr.flickr.com\/assets\/client-code.js\" charset=\"utf-8\"><\/script><\/p>\n<h3><span style=\"color: #00ccff;\">ESPORT BLANC ESCOLAR 2017\/18<\/span><\/h3>\n<p><a title=\"Esport blanc \" href=\"https:\/\/www.flickr.com\/photos\/152060423@N08\/albums\/72157692146389385\" data-flickr-embed=\"true\"><img loading=\"lazy\" decoding=\"async\" src=\"https:\/\/farm5.staticflickr.com\/4762\/25775555468_f5ac0debac_z.jpg\" alt=\"Esport blanc \" width=\"640\" height=\"360\" \/><\/a><script async src=\"\/\/embedr.flickr.com\/assets\/client-code.js\" charset=\"utf-8\"><\/script><\/p>\n<p>&nbsp;<\/p>\n","protected":false},"excerpt":{"rendered":"<p>L\u2019Esport Blanc Escolar \u00e9s un programa del Consell Catal\u00e0 de l\u2019Esport, amb el suport del Departament d\u2019Educaci\u00f3 de la Generalitat de Catalunya, i la col\u00b7laboraci\u00f3 de la Federaci\u00f3 Catalana d\u2019Esports d\u2019Hivern, encarregada de desenvolupar el programa t\u00e8cnic. El programa va destinat a la promoci\u00f3 de l\u2019esqu\u00ed escolar (en les seves diferents modalitats) entre els alumnes [&hellip;]<\/p>\n","protected":false},"author":1,"featured_media":0,"parent":1305,"menu_order":8,"comment_status":"closed","ping_status":"closed","template":"","meta":{"_bbp_topic_count":0,"_bbp_reply_count":0,"_bbp_total_topic_count":0,"_bbp_total_reply_count":0,"_bbp_voice_count":0,"_bbp_anonymous_reply_count":0,"_bbp_topic_count_hidden":0,"_bbp_reply_count_hidden":0,"_bbp_forum_subforum_count":0,"site-sidebar-layout":"default","site-content-layout":"","ast-site-content-layout":"","site-content-style":"default","site-sidebar-style":"default","ast-global-header-display":"","ast-banner-title-visibility":"","ast-main-header-display":"","ast-hfb-above-header-display":"","ast-hfb-below-header-display":"","ast-hfb-mobile-header-display":"","site-post-title":"","ast-breadcrumbs-content":"","ast-featured-img":"","footer-sml-layout":"","theme-transparent-header-meta":"","adv-header-id-meta":"","stick-header-meta":"","header-above-stick-meta":"","header-main-stick-meta":"","header-below-stick-meta":"","astra-migrate-meta-layouts":"default","ast-page-background-enabled":"default","ast-page-background-meta":{"desktop":{"background-color":"var(--ast-global-color-4)","background-image":"","background-repeat":"repeat","background-position":"center center","background-size":"auto","background-attachment":"scroll","background-type":"","background-media":"","overlay-type":"","overlay-color":"","overlay-opacity":"","overlay-gradient":""},"tablet":{"background-color":"","background-image":"","background-repeat":"repeat","background-position":"center center","background-size":"auto","background-attachment":"scroll","background-type":"","background-media":"","overlay-type":"","overlay-color":"","overlay-opacity":"","overlay-gradient":""},"mobile":{"background-color":"","background-image":"","background-repeat":"repeat","background-position":"center center","background-size":"auto","background-attachment":"scroll","background-type":"","background-media":"","overlay-type":"","overlay-color":"","overlay-opacity":"","overlay-gradient":""}},"ast-content-background-meta":{"desktop":{"background-color":"var(--ast-global-color-5)","background-image":"","background-repeat":"repeat","background-position":"center center","background-size":"auto","background-attachment":"scroll","background-type":"","background-media":"","overlay-type":"","overlay-color":"","overlay-opacity":"","overlay-gradient":""},"tablet":{"background-color":"var(--ast-global-color-5)","background-image":"","background-repeat":"repeat","background-position":"center center","background-size":"auto","background-attachment":"scroll","background-type":"","background-media":"","overlay-type":"","overlay-color":"","overlay-opacity":"","overlay-gradient":""},"mobile":{"background-color":"var(--ast-global-color-5)","background-image":"","background-repeat":"repeat","background-position":"center center","background-size":"auto","background-attachment":"scroll","background-type":"","background-media":"","overlay-type":"","overlay-color":"","overlay-opacity":"","overlay-gradient":""}},"footnotes":""},"class_list":["post-1328","page","type-page","status-publish","hentry"],"post_mailing_queue_ids":[],"_links":{"self":[{"href":"https:\/\/agora.xtec.cat\/esc-maragallripoll\/wp-json\/wp\/v2\/pages\/1328","targetHints":{"allow":["GET"]}}],"collection":[{"href":"https:\/\/agora.xtec.cat\/esc-maragallripoll\/wp-json\/wp\/v2\/pages"}],"about":[{"href":"https:\/\/agora.xtec.cat\/esc-maragallripoll\/wp-json\/wp\/v2\/types\/page"}],"author":[{"embeddable":true,"href":"https:\/\/agora.xtec.cat\/esc-maragallripoll\/wp-json\/wp\/v2\/users\/1"}],"replies":[{"embeddable":true,"href":"https:\/\/agora.xtec.cat\/esc-maragallripoll\/wp-json\/wp\/v2\/comments?post=1328"}],"version-history":[{"count":4,"href":"https:\/\/agora.xtec.cat\/esc-maragallripoll\/wp-json\/wp\/v2\/pages\/1328\/revisions"}],"predecessor-version":[{"id":5278,"href":"https:\/\/agora.xtec.cat\/esc-maragallripoll\/wp-json\/wp\/v2\/pages\/1328\/revisions\/5278"}],"up":[{"embeddable":true,"href":"https:\/\/agora.xtec.cat\/esc-maragallripoll\/wp-json\/wp\/v2\/pages\/1305"}],"wp:attachment":[{"href":"https:\/\/agora.xtec.cat\/esc-maragallripoll\/wp-json\/wp\/v2\/media?parent=1328"}],"curies":[{"name":"wp","href":"https:\/\/api.w.org\/{rel}","templated":true}]}}