{"id":3019,"date":"2021-11-17T13:35:13","date_gmt":"2021-11-17T12:35:13","guid":{"rendered":"https:\/\/agora.xtec.cat\/esc-maragall-arenys\/?page_id=3019"},"modified":"2024-02-14T12:22:57","modified_gmt":"2024-02-14T11:22:57","slug":"criteris-de-no-assistencia","status":"publish","type":"page","link":"https:\/\/agora.xtec.cat\/esc-maragall-arenys\/organitzacio-del-curs\/salut\/criteris-de-no-assistencia\/","title":{"rendered":"Criteris de no assist\u00e8ncia per malalties"},"content":{"rendered":"<p>En general, els infants no s&#8217;han d&#8217;excloure de l&#8217;escola per malalties banals, llevat qu\u00e8 es doni<br \/>\nalguna de les seg\u00fcents condicions:<br \/>\n\u2022 La malaltia impedeix que l&#8217;alumne dugui a terme les seves activitats amb normalitat.<br \/>\n\u2022 La malaltia requereix m\u00e9s atencions de les que els responsables a c\u00e0rrec de l&#8217;alumne<br \/>\npoden donar-li, reduint l&#8217;atenci\u00f3 envers la resta d&#8217;alumnes.<br \/>\n\u2022 El nen presenta: febre, letargia, irritabilitat, plora constantment, respira amb dificultat<br \/>\no altres signes que evidenci\u00efn una malaltia greu.<br \/>\n\u2022 Presenta exantema amb febre o canvis de comportament i el metge no ha determinat<br \/>\nque no es tracta d&#8217;una malaltia infecciosa.<\/p>\n<p><strong>En totes les malalties que cursin amb febre, a m\u00e9s de seguir les recomanacions<\/strong><\/p>\n<p><strong>espec\u00edfiques per a cadascuna d\u2019elles, caldr\u00e0 que el nen hagi estat 24 hores sense<\/strong><\/p>\n<p><strong>febre abans de tornar a l\u2019escola.<\/strong><\/p>\n<p><a href=\"https:\/\/agora.xtec.cat\/esc-maragall-arenys\/wp-content\/uploads\/usu1260\/2021\/11\/Criteris-no-asistencia-escolar-malalties-transmissibles.pdf\" target=\"_blank\" rel=\"noopener\">Criteris no assist\u00e8ncia escolar malalties transmissibles &#8211; Departament de Salut<\/a><\/p>\n","protected":false},"excerpt":{"rendered":"<p>En general, els infants no s&#8217;han d&#8217;excloure de l&#8217;escola per malalties banals, llevat qu\u00e8 es doni alguna de les seg\u00fcents condicions: \u2022 La malaltia impedeix que l&#8217;alumne dugui a terme les seves activitats amb normalitat. \u2022 La malaltia requereix m\u00e9s atencions de les que els responsables a c\u00e0rrec de l&#8217;alumne poden donar-li, reduint l&#8217;atenci\u00f3 envers [&hellip;]<\/p>\n","protected":false},"author":1,"featured_media":0,"parent":3010,"menu_order":30,"comment_status":"closed","ping_status":"closed","template":"page-templates\/side-menu.php","meta":{"_bbp_topic_count":0,"_bbp_reply_count":0,"_bbp_total_topic_count":0,"_bbp_total_reply_count":0,"_bbp_voice_count":0,"_bbp_anonymous_reply_count":0,"_bbp_topic_count_hidden":0,"_bbp_reply_count_hidden":0,"_bbp_forum_subforum_count":0,"site-sidebar-layout":"default","site-content-layout":"","ast-site-content-layout":"","site-content-style":"default","site-sidebar-style":"default","ast-global-header-display":"","ast-banner-title-visibility":"","ast-main-header-display":"","ast-hfb-above-header-display":"","ast-hfb-below-header-display":"","ast-hfb-mobile-header-display":"","site-post-title":"","ast-breadcrumbs-content":"","ast-featured-img":"","footer-sml-layout":"","theme-transparent-header-meta":"","adv-header-id-meta":"","stick-header-meta":"","header-above-stick-meta":"","header-main-stick-meta":"","header-below-stick-meta":"","astra-migrate-meta-layouts":"default","ast-page-background-enabled":"default","ast-page-background-meta":{"desktop":{"background-color":"var(--ast-global-color-4)","background-image":"","background-repeat":"repeat","background-position":"center center","background-size":"auto","background-attachment":"scroll","background-type":"","background-media":"","overlay-type":"","overlay-color":"","overlay-opacity":"","overlay-gradient":""},"tablet":{"background-color":"","background-image":"","background-repeat":"repeat","background-position":"center center","background-size":"auto","background-attachment":"scroll","background-type":"","background-media":"","overlay-type":"","overlay-color":"","overlay-opacity":"","overlay-gradient":""},"mobile":{"background-color":"","background-image":"","background-repeat":"repeat","background-position":"center center","background-size":"auto","background-attachment":"scroll","background-type":"","background-media":"","overlay-type":"","overlay-color":"","overlay-opacity":"","overlay-gradient":""}},"ast-content-background-meta":{"desktop":{"background-color":"var(--ast-global-color-5)","background-image":"","background-repeat":"repeat","background-position":"center center","background-size":"auto","background-attachment":"scroll","background-type":"","background-media":"","overlay-type":"","overlay-color":"","overlay-opacity":"","overlay-gradient":""},"tablet":{"background-color":"var(--ast-global-color-5)","background-image":"","background-repeat":"repeat","background-position":"center center","background-size":"auto","background-attachment":"scroll","background-type":"","background-media":"","overlay-type":"","overlay-color":"","overlay-opacity":"","overlay-gradient":""},"mobile":{"background-color":"var(--ast-global-color-5)","background-image":"","background-repeat":"repeat","background-position":"center center","background-size":"auto","background-attachment":"scroll","background-type":"","background-media":"","overlay-type":"","overlay-color":"","overlay-opacity":"","overlay-gradient":""}},"footnotes":""},"class_list":["post-3019","page","type-page","status-publish","hentry"],"post_mailing_queue_ids":[],"_links":{"self":[{"href":"https:\/\/agora.xtec.cat\/esc-maragall-arenys\/wp-json\/wp\/v2\/pages\/3019","targetHints":{"allow":["GET"]}}],"collection":[{"href":"https:\/\/agora.xtec.cat\/esc-maragall-arenys\/wp-json\/wp\/v2\/pages"}],"about":[{"href":"https:\/\/agora.xtec.cat\/esc-maragall-arenys\/wp-json\/wp\/v2\/types\/page"}],"author":[{"embeddable":true,"href":"https:\/\/agora.xtec.cat\/esc-maragall-arenys\/wp-json\/wp\/v2\/users\/1"}],"replies":[{"embeddable":true,"href":"https:\/\/agora.xtec.cat\/esc-maragall-arenys\/wp-json\/wp\/v2\/comments?post=3019"}],"version-history":[{"count":5,"href":"https:\/\/agora.xtec.cat\/esc-maragall-arenys\/wp-json\/wp\/v2\/pages\/3019\/revisions"}],"predecessor-version":[{"id":4302,"href":"https:\/\/agora.xtec.cat\/esc-maragall-arenys\/wp-json\/wp\/v2\/pages\/3019\/revisions\/4302"}],"up":[{"embeddable":true,"href":"https:\/\/agora.xtec.cat\/esc-maragall-arenys\/wp-json\/wp\/v2\/pages\/3010"}],"wp:attachment":[{"href":"https:\/\/agora.xtec.cat\/esc-maragall-arenys\/wp-json\/wp\/v2\/media?parent=3019"}],"curies":[{"name":"wp","href":"https:\/\/api.w.org\/{rel}","templated":true}]}}