{"id":26,"date":"2014-09-18T12:24:32","date_gmt":"2014-09-18T11:24:32","guid":{"rendered":"http:\/\/agora.xtec.cat\/esc-maragall-arenys\/?page_id=26"},"modified":"2025-07-06T18:45:41","modified_gmt":"2025-07-06T16:45:41","slug":"historia","status":"publish","type":"page","link":"https:\/\/agora.xtec.cat\/esc-maragall-arenys\/lescola\/historia\/","title":{"rendered":"Hist\u00f2ria"},"content":{"rendered":"<p lang=\"ca-ES\" align=\"JUSTIFY\"><a href=\"https:\/\/agora.xtec.cat\/esc-maragall-arenys\/wp-content\/uploads\/usu1260\/2024\/11\/IMG_6547.jpg\"><img loading=\"lazy\" decoding=\"async\" class=\"aligncenter size-full wp-image-4768\" src=\"https:\/\/agora.xtec.cat\/esc-maragall-arenys\/wp-content\/uploads\/usu1260\/2024\/11\/IMG_6547.jpg\" alt=\"\" width=\"640\" height=\"480\" srcset=\"https:\/\/agora.xtec.cat\/esc-maragall-arenys\/wp-content\/uploads\/usu1260\/2024\/11\/IMG_6547.jpg 640w, https:\/\/agora.xtec.cat\/esc-maragall-arenys\/wp-content\/uploads\/usu1260\/2024\/11\/IMG_6547-300x225.jpg 300w, https:\/\/agora.xtec.cat\/esc-maragall-arenys\/wp-content\/uploads\/usu1260\/2024\/11\/IMG_6547-200x150.jpg 200w\" sizes=\"auto, (max-width: 640px) 100vw, 640px\" \/><\/a><\/p>\n<p lang=\"ca-ES\" align=\"JUSTIFY\">L\u2019any 1960 es va estrenar l\u2019edifici situat al carrer d\u2019Anna M Ravell, edifici projectat en un principi per l\u2019arquitecte, C\u00e8sar Martinell; tamb\u00e9 \u00e9s l\u2019arquitecte, per exemple, de l\u2019antiga f\u00e0brica del licor Calisay. Els primers alumnes foren tres grups: un de nois, un de noies i un d\u2019orientaci\u00f3 mar\u00edtima format nom\u00e9s per nois. Anteriorment tots aquests alumnes estaven ubicats al poble en locals diferents. Els dos grups primers constitu\u00efen l\u2019anomenada \u201cEscola de la vila\u201d. El 1967 ja funcion\u00e0 com una \u00fanica escola graduada amb set grups, amb els serveis de menjador i de guarderia; aquests, per\u00f2, amb gesti\u00f3 privada. El primer director de la nova escola fou el mestre, Sebasti\u00e0 Pons. Aquest mateix any es constitu\u00ed l\u2019Associaci\u00f3 de Pares d\u2019Alumnes, essent el seu primer president, Fidel Soler.<\/p>\n<p lang=\"ca-ES\" align=\"JUSTIFY\">El 1971 s\u2019inaugur\u00e0 el segon edifici al Rial Sa Clavella, formant ambd\u00f3s tot un recinte escolar intercomunicat pels patis interiors i amb una sola direcci\u00f3. Aquesta ampliaci\u00f3 signific\u00e0 una important millora, no nom\u00e9s amb m\u00e9s aules, sin\u00f3 amb els nous espais destinats a serveis interns: biblioteca, laboratori, tutoria, gimn\u00e0s, pistes poliesportives, despatxos,\u2026<\/p>\n<p lang=\"ca-ES\" align=\"JUSTIFY\">A partir del 1980 ja es va comptar amb l\u2019equip psicol\u00f2gic municipal homologat, amb els mestres especialistes i amb les aules d\u2019educaci\u00f3 especial per a la integraci\u00f3 d\u2019alumnes amb necessitats educatives especials i el tractament de la diversitat que ha estat un eix b\u00e0sic i permanent del centre.<\/p>\n<p lang=\"ca-ES\" align=\"JUSTIFY\">El curs 1984\/85, ja en plena democr\u00e0cia i amb les compet\u00e8ncies d\u2019ensenyament traspassades a la Generalitat, l\u2019escola inici\u00e0 el seu proc\u00e9s de normalitzaci\u00f3 ling\u00fc\u00edstica que es complet\u00e0 al curs 1990\/91.<\/p>\n<p lang=\"ca-ES\" align=\"JUSTIFY\">A la d\u00e8cada dels 80 el centre ja va poder disposar de l\u2019especialitat de m\u00fasica amb una mestra especialista i gr\u00e0cies al suport de l\u2019AMPA del centre fins que es va poder completar el claustre amb la plantilla completa per part del Departament. Des dels primers anys ja es va crear la coral infantil del centre amb alumnes oferint concerts per Nadal i en acabar el curs, alhora es van introduir danses en les festes de la castanyada i de Nadal, una d\u2019elles la dels Arenyons, recuperada per N\u00faria Mu\u00f1oz. El 1992 el centre va iniciar-se en les noves tecnologies de la informaci\u00f3 dins del Programa d\u2019Inform\u00e0tica Educativa del Departament d\u2019Ensenyament, amb la creaci\u00f3 de la primera aula d\u2019inform\u00e0tica i l\u2019elaboraci\u00f3 del projecte curricular. Actualment s\u2019aplica el programa Linkat. L\u2019educaci\u00f3 f\u00edsica i esports ha estat una altra de les \u00e0rees que s\u2019han potenciat al llarg dels anys i des dels primers anys amb qu\u00e8 es va comptar amb instal\u00b7lacions adequades. Cal deixar const\u00e0ncia de la bona i fruct\u00edfera col\u00b7laboraci\u00f3 entre el professorat especialista i l\u2019AMPA. Una mostra d\u2019aix\u00f2 \u00e9s el 1r Cros d\u2019Arenys, que fou organitzat per mestres del centre. El centre tamb\u00e9 fou qui organitz\u00e0 el 1r Trofeu Vila d\u2019Arenys de Voleibol i d\u2019ac\u00ed es va crear el Club de Voleibol. Molts alumnes han pogut intervenir cada curs en els Jocs Escolars del Maresme amb molta participaci\u00f3 i bons resultats. I des de l\u2019AMPA es va iniciar l\u2019activitat de gimn\u00e0stica r\u00edtmica, aconseguint l\u2019equip del centre el t\u00edtol de Millor Esportista Arenyenc el 1997. Cal esmentar que en la darrera edici\u00f3 de la regata de la Copa Catalana de Vela Escolar celebrada a Barcelona el juny de 2011, les tripulacions, amb alumnes de 6\u00e8, que representaven l\u2019Escola Joan Maragall i el Club N\u00e0utic d\u2019Arenys de Mar han assolit les dues primeres posicions. Deixem const\u00e0ncia tamb\u00e9 que el col\u00b7legi ha rebut dos cursos consecutius (2007\/08 i 2008\/09) un premi Baldiri Reixac, concretament als alumnes de 1r amb la mestra Rosa Montserrat Roig.<\/p>\n<p lang=\"ca-ES\" align=\"JUSTIFY\">Molt recentment, el mes de juny d\u2019aquest any 2011, el Consell de l\u2019Audiovisual de Catalunya (CAC) ha lliurat, en el marc dels\u00a0<em>VIII\u00a0Premis El CAC a l\u2019escola<\/em>, el primer premi al treball de l\u2019alumnat de sis\u00e8 titolat<em>Sis\u00e8 parla<\/em>, realitzat en col\u00b7laboraci\u00f3 amb R\u00e0dio Arenys.<\/p>\n<p lang=\"ca-ES\" align=\"JUSTIFY\">I, finalment, podem felicitar-nos per la darrera millora\/ampliaci\u00f3 al centre amb la nova sala polivalent en l\u2019antiga caserna dels bombers, espai cedit per l\u2019Ajuntament i amb l\u2019obra finan\u00e7ada per la Generalitat de Catalunya.<\/p>\n","protected":false},"excerpt":{"rendered":"<p>L\u2019any 1960 es va estrenar l\u2019edifici situat al carrer d\u2019Anna M Ravell, edifici projectat en un principi per l\u2019arquitecte, C\u00e8sar Martinell; tamb\u00e9 \u00e9s l\u2019arquitecte, per exemple, de l\u2019antiga f\u00e0brica del licor Calisay. Els primers alumnes foren tres grups: un de nois, un de noies i un d\u2019orientaci\u00f3 mar\u00edtima format nom\u00e9s per nois. Anteriorment tots aquests [&hellip;]<\/p>\n","protected":false},"author":1,"featured_media":0,"parent":22,"menu_order":20,"comment_status":"closed","ping_status":"closed","template":"page-templates\/side-menu.php","meta":{"_bbp_topic_count":0,"_bbp_reply_count":0,"_bbp_total_topic_count":0,"_bbp_total_reply_count":0,"_bbp_voice_count":0,"_bbp_anonymous_reply_count":0,"_bbp_topic_count_hidden":0,"_bbp_reply_count_hidden":0,"_bbp_forum_subforum_count":0,"site-sidebar-layout":"default","site-content-layout":"","ast-site-content-layout":"","site-content-style":"default","site-sidebar-style":"default","ast-global-header-display":"","ast-banner-title-visibility":"","ast-main-header-display":"","ast-hfb-above-header-display":"","ast-hfb-below-header-display":"","ast-hfb-mobile-header-display":"","site-post-title":"","ast-breadcrumbs-content":"","ast-featured-img":"","footer-sml-layout":"","theme-transparent-header-meta":"","adv-header-id-meta":"","stick-header-meta":"","header-above-stick-meta":"","header-main-stick-meta":"","header-below-stick-meta":"","astra-migrate-meta-layouts":"default","ast-page-background-enabled":"default","ast-page-background-meta":{"desktop":{"background-color":"var(--ast-global-color-4)","background-image":"","background-repeat":"repeat","background-position":"center center","background-size":"auto","background-attachment":"scroll","background-type":"","background-media":"","overlay-type":"","overlay-color":"","overlay-opacity":"","overlay-gradient":""},"tablet":{"background-color":"","background-image":"","background-repeat":"repeat","background-position":"center center","background-size":"auto","background-attachment":"scroll","background-type":"","background-media":"","overlay-type":"","overlay-color":"","overlay-opacity":"","overlay-gradient":""},"mobile":{"background-color":"","background-image":"","background-repeat":"repeat","background-position":"center center","background-size":"auto","background-attachment":"scroll","background-type":"","background-media":"","overlay-type":"","overlay-color":"","overlay-opacity":"","overlay-gradient":""}},"ast-content-background-meta":{"desktop":{"background-color":"var(--ast-global-color-5)","background-image":"","background-repeat":"repeat","background-position":"center center","background-size":"auto","background-attachment":"scroll","background-type":"","background-media":"","overlay-type":"","overlay-color":"","overlay-opacity":"","overlay-gradient":""},"tablet":{"background-color":"var(--ast-global-color-5)","background-image":"","background-repeat":"repeat","background-position":"center center","background-size":"auto","background-attachment":"scroll","background-type":"","background-media":"","overlay-type":"","overlay-color":"","overlay-opacity":"","overlay-gradient":""},"mobile":{"background-color":"var(--ast-global-color-5)","background-image":"","background-repeat":"repeat","background-position":"center center","background-size":"auto","background-attachment":"scroll","background-type":"","background-media":"","overlay-type":"","overlay-color":"","overlay-opacity":"","overlay-gradient":""}},"footnotes":""},"class_list":["post-26","page","type-page","status-publish","hentry"],"post_mailing_queue_ids":[],"_links":{"self":[{"href":"https:\/\/agora.xtec.cat\/esc-maragall-arenys\/wp-json\/wp\/v2\/pages\/26","targetHints":{"allow":["GET"]}}],"collection":[{"href":"https:\/\/agora.xtec.cat\/esc-maragall-arenys\/wp-json\/wp\/v2\/pages"}],"about":[{"href":"https:\/\/agora.xtec.cat\/esc-maragall-arenys\/wp-json\/wp\/v2\/types\/page"}],"author":[{"embeddable":true,"href":"https:\/\/agora.xtec.cat\/esc-maragall-arenys\/wp-json\/wp\/v2\/users\/1"}],"replies":[{"embeddable":true,"href":"https:\/\/agora.xtec.cat\/esc-maragall-arenys\/wp-json\/wp\/v2\/comments?post=26"}],"version-history":[{"count":4,"href":"https:\/\/agora.xtec.cat\/esc-maragall-arenys\/wp-json\/wp\/v2\/pages\/26\/revisions"}],"predecessor-version":[{"id":5327,"href":"https:\/\/agora.xtec.cat\/esc-maragall-arenys\/wp-json\/wp\/v2\/pages\/26\/revisions\/5327"}],"up":[{"embeddable":true,"href":"https:\/\/agora.xtec.cat\/esc-maragall-arenys\/wp-json\/wp\/v2\/pages\/22"}],"wp:attachment":[{"href":"https:\/\/agora.xtec.cat\/esc-maragall-arenys\/wp-json\/wp\/v2\/media?parent=26"}],"curies":[{"name":"wp","href":"https:\/\/api.w.org\/{rel}","templated":true}]}}