{"id":5955,"date":"2025-04-08T12:06:07","date_gmt":"2025-04-08T10:06:07","guid":{"rendered":"https:\/\/agora.xtec.cat\/esc-llevantidemar\/?page_id=5955"},"modified":"2025-04-08T12:18:24","modified_gmt":"2025-04-08T10:18:24","slug":"pehc","status":"publish","type":"page","link":"https:\/\/agora.xtec.cat\/esc-llevantidemar\/projecte-educatiu\/projectes-singulars\/pehc\/","title":{"rendered":"PEHC"},"content":{"rendered":"\n<div class=\"wp-block-columns is-layout-flex wp-container-core-columns-is-layout-1 wp-block-columns-is-layout-flex\" style=\"margin-top:0;margin-bottom:0;padding-right:0;padding-left:0\">\n<div class=\"wp-block-column is-vertically-aligned-center is-layout-flow wp-block-column-is-layout-flow\">\n<figure class=\"wp-block-image aligncenter size-full is-resized\"><a href=\"https:\/\/agora.xtec.cat\/form0265\/wp-content\/uploads\/usu2836\/2025\/02\/Captura-de-pantalla-2024-10-22-203710-1.png\"><img decoding=\"async\" src=\"https:\/\/agora.xtec.cat\/form0265\/wp-content\/uploads\/usu2836\/2025\/02\/Captura-de-pantalla-2024-10-22-203710-1.png\" alt=\"\" class=\"wp-image-1110\" style=\"width:321px;height:auto\"\/><\/a><\/figure>\n<\/div>\n\n\n\n<div class=\"wp-block-column is-layout-flow wp-block-column-is-layout-flow\">\n<p>El PEHC (Physical Education Health and Children) \u00e9s un projecte que t\u00e9 per objectiu la prevenci\u00f3 de l&#8217;obesitat infantil i l&#8217;adher\u00e8ncia a un estil de vida actiu incorporant el treball neuromuscular integrat per a la millora de la compet\u00e8ncia motriu. <\/p>\n\n\n\n<p>Per tant, \u00e9s una proposta d&#8217;intervenci\u00f3 per afavorir la millora de les habilitats motrius b\u00e0siques i la comprensi\u00f3 del cos en moviment des del cicle mitj\u00e0 de l&#8217;etapa d&#8217;educaci\u00f3 prim\u00e0ria. <\/p>\n\n\n\n<p>Des de l&#8217;\u00e0rea d&#8217;educaci\u00f3 f\u00edsica es proposen 30 escalfaments de 20 minuts organitzats en 3 unitats de treball: Habilitats de locomoci\u00f3 (10 escalfaments), Habilitats d&#8217;equilibri (10 escalfaments) i habilitats de control i manipulaci\u00f3 d&#8217;objectes (10 escalfaments), que incideixen sobre el control i la consci\u00e8ncia corporal, la millora de les habilitats motrius b\u00e0siques i la integraci\u00f3 d&#8217;aquests patrons en situacions jugades. <\/p>\n<\/div>\n<\/div>\n","protected":false},"excerpt":{"rendered":"<p>El PEHC (Physical Education Health and Children) \u00e9s un projecte que t\u00e9 per objectiu la prevenci\u00f3 de l&#8217;obesitat infantil i l&#8217;adher\u00e8ncia a un estil de vida actiu incorporant el treball neuromuscular integrat per a la millora de la compet\u00e8ncia motriu. Per tant, \u00e9s una proposta d&#8217;intervenci\u00f3 per afavorir la millora de les habilitats motrius b\u00e0siques [&hellip;]<\/p>\n","protected":false},"author":5,"featured_media":0,"parent":769,"menu_order":7,"comment_status":"closed","ping_status":"close","template":"","meta":{"site-sidebar-layout":"default","site-content-layout":"","ast-site-content-layout":"default","site-content-style":"default","site-sidebar-style":"default","ast-global-header-display":"","ast-banner-title-visibility":"","ast-main-header-display":"","ast-hfb-above-header-display":"","ast-hfb-below-header-display":"","ast-hfb-mobile-header-display":"","site-post-title":"","ast-breadcrumbs-content":"","ast-featured-img":"","footer-sml-layout":"","theme-transparent-header-meta":"","adv-header-id-meta":"","stick-header-meta":"","header-above-stick-meta":"","header-main-stick-meta":"","header-below-stick-meta":"","astra-migrate-meta-layouts":"set","ast-page-background-enabled":"default","ast-page-background-meta":{"desktop":{"background-color":"var(--ast-global-color-4)","background-image":"","background-repeat":"repeat","background-position":"center center","background-size":"auto","background-attachment":"scroll","background-type":"","background-media":"","overlay-type":"","overlay-color":"","overlay-opacity":"","overlay-gradient":""},"tablet":{"background-color":"","background-image":"","background-repeat":"repeat","background-position":"center center","background-size":"auto","background-attachment":"scroll","background-type":"","background-media":"","overlay-type":"","overlay-color":"","overlay-opacity":"","overlay-gradient":""},"mobile":{"background-color":"","background-image":"","background-repeat":"repeat","background-position":"center center","background-size":"auto","background-attachment":"scroll","background-type":"","background-media":"","overlay-type":"","overlay-color":"","overlay-opacity":"","overlay-gradient":""}},"ast-content-background-meta":{"desktop":{"background-color":"var(--ast-global-color-5)","background-image":"","background-repeat":"repeat","background-position":"center center","background-size":"auto","background-attachment":"scroll","background-type":"","background-media":"","overlay-type":"","overlay-color":"","overlay-opacity":"","overlay-gradient":""},"tablet":{"background-color":"var(--ast-global-color-5)","background-image":"","background-repeat":"repeat","background-position":"center center","background-size":"auto","background-attachment":"scroll","background-type":"","background-media":"","overlay-type":"","overlay-color":"","overlay-opacity":"","overlay-gradient":""},"mobile":{"background-color":"var(--ast-global-color-5)","background-image":"","background-repeat":"repeat","background-position":"center center","background-size":"auto","background-attachment":"scroll","background-type":"","background-media":"","overlay-type":"","overlay-color":"","overlay-opacity":"","overlay-gradient":""}},"footnotes":""},"class_list":["post-5955","page","type-page","status-publish","hentry"],"post_mailing_queue_ids":[],"_links":{"self":[{"href":"https:\/\/agora.xtec.cat\/esc-llevantidemar\/wp-json\/wp\/v2\/pages\/5955","targetHints":{"allow":["GET"]}}],"collection":[{"href":"https:\/\/agora.xtec.cat\/esc-llevantidemar\/wp-json\/wp\/v2\/pages"}],"about":[{"href":"https:\/\/agora.xtec.cat\/esc-llevantidemar\/wp-json\/wp\/v2\/types\/page"}],"author":[{"embeddable":true,"href":"https:\/\/agora.xtec.cat\/esc-llevantidemar\/wp-json\/wp\/v2\/users\/5"}],"replies":[{"embeddable":true,"href":"https:\/\/agora.xtec.cat\/esc-llevantidemar\/wp-json\/wp\/v2\/comments?post=5955"}],"version-history":[{"count":5,"href":"https:\/\/agora.xtec.cat\/esc-llevantidemar\/wp-json\/wp\/v2\/pages\/5955\/revisions"}],"predecessor-version":[{"id":5971,"href":"https:\/\/agora.xtec.cat\/esc-llevantidemar\/wp-json\/wp\/v2\/pages\/5955\/revisions\/5971"}],"up":[{"embeddable":true,"href":"https:\/\/agora.xtec.cat\/esc-llevantidemar\/wp-json\/wp\/v2\/pages\/769"}],"wp:attachment":[{"href":"https:\/\/agora.xtec.cat\/esc-llevantidemar\/wp-json\/wp\/v2\/media?parent=5955"}],"curies":[{"name":"wp","href":"https:\/\/api.w.org\/{rel}","templated":true}]}}