{"id":5951,"date":"2025-04-08T12:04:44","date_gmt":"2025-04-08T10:04:44","guid":{"rendered":"https:\/\/agora.xtec.cat\/esc-llevantidemar\/?page_id=5951"},"modified":"2025-04-08T12:35:56","modified_gmt":"2025-04-08T10:35:56","slug":"robotica","status":"publish","type":"page","link":"https:\/\/agora.xtec.cat\/esc-llevantidemar\/projecte-educatiu\/projectes-singulars\/robotica\/","title":{"rendered":"Rob\u00f2tica"},"content":{"rendered":"\n<div class=\"wp-block-columns is-layout-flex wp-container-core-columns-is-layout-1 wp-block-columns-is-layout-flex\">\n<div class=\"wp-block-column is-layout-flow wp-block-column-is-layout-flow\" style=\"flex-basis:100%\">\n<div class=\"wp-block-getwid-toggle has-icon-left\">\n<div class=\"wp-block-getwid-toggle__row\"><div class=\"wp-block-getwid-toggle__header-wrapper\"><span class=\"wp-block-getwid-toggle__header\"><a href=\"#\"><span class=\"wp-block-getwid-toggle__header-title\">Projecte educatiu<\/span><span class=\"wp-block-getwid-toggle__icon is-active\"><i class=\"fas fa-plus\"><\/i><\/span><span class=\"wp-block-getwid-toggle__icon is-passive\"><i class=\"fas fa-minus\"><\/i><\/span><\/a><\/span><\/div><div class=\"wp-block-getwid-toggle__content-wrapper\"><div class=\"wp-block-getwid-toggle__content\">\n<p>Desenvolupar les capacitats creatives i d\u2019organitzaci\u00f3, fomentar el treball en grup, promoure la necessitat d\u2019experimentar, de descobrir noves habilitats i l\u2019inter\u00e8s per investigar, etc., s\u00f3n alguns dels aspectes m\u00e9s rellevants de la rob\u00f2tica educativa, fent especial \u00e8mfasi en:<\/p>\n\n\n\n<ul class=\"wp-block-list\">\n<li><strong>Treball en equip<\/strong>, aprenent que, generalment, les solucions als reptes trobades en grup solen ser millors, m\u00e9s efectives, que les solucions pensades individualment.<\/li>\n\n\n\n<li><strong>Lideratge<\/strong>, en fer que l\u2019alumne, al veure\u2019s capa\u00e7 de resoldre reptes cada vegada m\u00e9s complexos, tingui la confian\u00e7a en si mateix necess\u00e0ria per ser capdavantera en el futur.<\/li>\n\n\n\n<li><strong>Aprenentatge a partir dels errors<\/strong>. S\u2019apr\u00e8n tamb\u00e9 a com manejar el sentiment de frustraci\u00f3 que suposa plantejar solucions err\u00f2nies. L\u2019error forma part del proc\u00e9s d\u2019aprenentatge, perqu\u00e8 el fet de con\u00e8ixer les solucions err\u00f2nies aporta informaci\u00f3 molt valuosa per no cometre els errors en futurs reptes.<\/li>\n\n\n\n<li><strong>Autonomia i emprenedoria<\/strong>. Es fomenta en els nens la llibertat de provar els seus l\u00edmits i de dominar les seves pors a l\u2019hora d\u2019iniciar un repte nou. Aprendre fent, desenvolupar aptituds i habilitats \u00fatils per crear, innovar i pensar de forma aut\u00f2noma.<\/li>\n\n\n\n<li><strong>Aprendre jugant<\/strong>. La rob\u00f2tica implica un component l\u00fadic, intr\u00ednsec a la construcci\u00f3 de models i a la discussi\u00f3 de les millors solucions amb altres alumnes. Aquest component l\u00fadic fa que sigui una activitat ideal des del punt de vista dels infants.<\/li>\n<\/ul>\n<\/div><\/div><\/div>\n\n\n\n<div class=\"wp-block-getwid-toggle__row\"><div class=\"wp-block-getwid-toggle__header-wrapper\"><span class=\"wp-block-getwid-toggle__header\"><a href=\"#\"><span class=\"wp-block-getwid-toggle__header-title\">Objectius<\/span><span class=\"wp-block-getwid-toggle__icon is-active\"><i class=\"fas fa-plus\"><\/i><\/span><span class=\"wp-block-getwid-toggle__icon is-passive\"><i class=\"fas fa-minus\"><\/i><\/span><\/a><\/span><\/div><div class=\"wp-block-getwid-toggle__content-wrapper\"><div class=\"wp-block-getwid-toggle__content\">\n<ul class=\"wp-block-list\">\n<li>Iniciar els alumnes en la programaci\u00f3 d&#8217;un robot.<\/li>\n\n\n\n<li>Accedir a continguts curriculars d&#8217;una manera diferent.<\/li>\n\n\n\n<li>Valorar la rob\u00f2tica educativa com un recurs m\u00e9s per l&#8217;aprenentatge.<\/li>\n\n\n\n<li>Despertar la curiositat pel m\u00f3n de la rob\u00f2tica.<\/li>\n\n\n\n<li>Aprendre conceptes b\u00e0sics del pensament computacional.&nbsp;<\/li>\n\n\n\n<li>Desenvolupar la compet\u00e8ncia digital de l&#8217;alumnat.&nbsp;&nbsp;<\/li>\n\n\n\n<li>Construcci\u00f3 del coneixement personal a partir de la programaci\u00f3 per blocs.&nbsp;<\/li>\n\n\n\n<li>Treballar la resoluci\u00f3 de problemes o reptes senzills.&nbsp;<\/li>\n<\/ul>\n<\/div><\/div><\/div>\n\n\n\n<div class=\"wp-block-getwid-toggle__row\"><div class=\"wp-block-getwid-toggle__header-wrapper\"><span class=\"wp-block-getwid-toggle__header\"><a href=\"#\"><span class=\"wp-block-getwid-toggle__header-title\">Materials<\/span><span class=\"wp-block-getwid-toggle__icon is-active\"><i class=\"fas fa-plus\"><\/i><\/span><span class=\"wp-block-getwid-toggle__icon is-passive\"><i class=\"fas fa-minus\"><\/i><\/span><\/a><\/span><\/div><div class=\"wp-block-getwid-toggle__content-wrapper\"><div class=\"wp-block-getwid-toggle__content\">\n<p>A Educaci\u00f3 Infantil, es fa un treball a partir dels BeeBots, els quals els alumnes hauran de saber programar cadascun dels seus moviments i fer-los moure per l&#8217;espai en funci\u00f3 de les indicacions que se&#8217;ls donen. Tamb\u00e9 tenen les BlueBots, on la programaci\u00f3 es fa a partir d&#8217;una tauleta.&nbsp;<\/p>\n\n\n\n<div class=\"wp-block-getwid-images-slider has-arrows-inside has-dots-inside has-images-center has-fitted-images has-fixed-height\"><div class=\"wp-block-getwid-images-slider__wrapper\" data-effect=\"slide\" data-slides-show=\"1\" data-slides-show-laptop=\"1\" data-slides-show-tablet=\"1\" data-slides-show-mobile=\"1\" data-slides-scroll=\"1\" data-autoplay=\"true\" data-pause-hover=\"false\" data-autoplay-speed=\"6000\" data-infinite=\"true\" data-animation-speed=\"800\" data-center-mode=\"false\" data-variable-width=\"false\" data-arrows=\"inside\" data-dots=\"inside\" data-spacing=\"none\"><div class=\"wp-block-getwid-images-slider__item\" style=\"height:350px\"><figure><img decoding=\"async\" src=\"https:\/\/agora.xtec.cat\/form0265\/wp-content\/uploads\/usu2836\/2025\/01\/IMG_20220923_094946.jpg\" alt=\"\" data-id=\"1026\" data-link=\"https:\/\/agora.xtec.cat\/form0265\/projecte-educatiu\/projectes-singulars\/robotica\/attachment\/img_20220923_094946\/\" data-original-link=\"https:\/\/agora.xtec.cat\/form0265\/wp-content\/uploads\/usu2836\/2025\/01\/IMG_20220923_094946.jpg\" class=\"wp-block-getwid-images-slider__image wp-image-1026\"\/><\/figure><\/div><div class=\"wp-block-getwid-images-slider__item\" style=\"height:350px\"><figure><img decoding=\"async\" src=\"https:\/\/agora.xtec.cat\/form0265\/wp-content\/uploads\/usu2836\/2025\/01\/IMG_20220916_095842.jpg\" alt=\"\" data-id=\"1027\" data-link=\"https:\/\/agora.xtec.cat\/form0265\/projecte-educatiu\/projectes-singulars\/robotica\/attachment\/img_20220916_095842\/\" data-original-link=\"https:\/\/agora.xtec.cat\/form0265\/wp-content\/uploads\/usu2836\/2025\/01\/IMG_20220916_095842.jpg\" class=\"wp-block-getwid-images-slider__image wp-image-1027\"\/><\/figure><\/div><div class=\"wp-block-getwid-images-slider__item\" style=\"height:350px\"><figure><img decoding=\"async\" src=\"https:\/\/agora.xtec.cat\/form0265\/wp-content\/uploads\/usu2836\/2025\/01\/IMG_20220923_102124.jpg\" alt=\"\" data-id=\"1025\" data-link=\"https:\/\/agora.xtec.cat\/form0265\/projecte-educatiu\/projectes-singulars\/robotica\/attachment\/img_20220923_102124\/\" data-original-link=\"https:\/\/agora.xtec.cat\/form0265\/wp-content\/uploads\/usu2836\/2025\/01\/IMG_20220923_102124.jpg\" class=\"wp-block-getwid-images-slider__image wp-image-1025\"\/><\/figure><\/div><div class=\"wp-block-getwid-images-slider__item\" style=\"height:350px\"><figure><img decoding=\"async\" src=\"https:\/\/agora.xtec.cat\/form0265\/wp-content\/uploads\/usu2836\/2025\/01\/IMG_20220930_094346.jpg\" alt=\"\" data-id=\"1024\" data-link=\"https:\/\/agora.xtec.cat\/form0265\/projecte-educatiu\/projectes-singulars\/robotica\/attachment\/img_20220930_094346\/\" data-original-link=\"https:\/\/agora.xtec.cat\/form0265\/wp-content\/uploads\/usu2836\/2025\/01\/IMG_20220930_094346.jpg\" class=\"wp-block-getwid-images-slider__image wp-image-1024\"\/><\/figure><\/div><div class=\"wp-block-getwid-images-slider__item\" style=\"height:350px\"><figure><img decoding=\"async\" src=\"https:\/\/agora.xtec.cat\/form0265\/wp-content\/uploads\/usu2836\/2025\/01\/IMG_20220930_101704.jpg\" alt=\"\" data-id=\"1023\" data-link=\"https:\/\/agora.xtec.cat\/form0265\/projecte-educatiu\/projectes-singulars\/robotica\/attachment\/img_20220930_101704\/\" data-original-link=\"https:\/\/agora.xtec.cat\/form0265\/wp-content\/uploads\/usu2836\/2025\/01\/IMG_20220930_101704.jpg\" class=\"wp-block-getwid-images-slider__image wp-image-1023\"\/><\/figure><\/div><div class=\"wp-block-getwid-images-slider__item\" style=\"height:350px\"><figure><img decoding=\"async\" src=\"https:\/\/agora.xtec.cat\/form0265\/wp-content\/uploads\/usu2836\/2025\/01\/IMG_20221118_101938.jpg\" alt=\"\" data-id=\"1022\" data-link=\"https:\/\/agora.xtec.cat\/form0265\/projecte-educatiu\/projectes-singulars\/robotica\/attachment\/img_20221118_101938\/\" data-original-link=\"https:\/\/agora.xtec.cat\/form0265\/wp-content\/uploads\/usu2836\/2025\/01\/IMG_20221118_101938.jpg\" class=\"wp-block-getwid-images-slider__image wp-image-1022\"\/><\/figure><\/div><div class=\"wp-block-getwid-images-slider__item\" style=\"height:350px\"><figure><img decoding=\"async\" src=\"https:\/\/agora.xtec.cat\/form0265\/wp-content\/uploads\/usu2836\/2025\/01\/IMG_20230120_093917.jpg\" alt=\"\" data-id=\"1021\" data-link=\"https:\/\/agora.xtec.cat\/form0265\/projecte-educatiu\/projectes-singulars\/robotica\/attachment\/img_20230120_093917\/\" data-original-link=\"https:\/\/agora.xtec.cat\/form0265\/wp-content\/uploads\/usu2836\/2025\/01\/IMG_20230120_093917.jpg\" class=\"wp-block-getwid-images-slider__image wp-image-1021\"\/><\/figure><\/div><\/div><\/div>\n\n\n\n<p><\/p>\n\n\n\n<p>A Cicle Inicial, es fa una iniciaci\u00f3 al Code i Kodable. En aquest cicle, tamb\u00e9 es fa un treball de programaci\u00f3 amb el Vex123 i el Tale Bot Pro, on els alumnes comencen a aprendre el pensament computacional i a resoldre problemes a trav\u00e9s de la programaci\u00f3 per blocs.&nbsp;<\/p>\n\n\n\n<div class=\"wp-block-getwid-images-slider has-arrows-inside has-dots-inside has-images-center has-fitted-images has-fixed-height\"><div class=\"wp-block-getwid-images-slider__wrapper\" data-effect=\"slide\" data-slides-show=\"1\" data-slides-show-laptop=\"1\" data-slides-show-tablet=\"1\" data-slides-show-mobile=\"1\" data-slides-scroll=\"1\" data-autoplay=\"true\" data-pause-hover=\"false\" data-autoplay-speed=\"6000\" data-infinite=\"true\" data-animation-speed=\"800\" data-center-mode=\"false\" data-variable-width=\"false\" data-arrows=\"inside\" data-dots=\"inside\" data-spacing=\"none\"><div class=\"wp-block-getwid-images-slider__item\" style=\"height:350px\"><figure><img decoding=\"async\" src=\"https:\/\/agora.xtec.cat\/form0265\/wp-content\/uploads\/usu2836\/2025\/01\/IMG_1704-1.jpg\" data-id=\"1033\" data-link=\"https:\/\/agora.xtec.cat\/form0265\/projecte-educatiu\/projectes-singulars\/robotica\/attachment\/img_1704-1\/\" data-original-link=\"https:\/\/agora.xtec.cat\/form0265\/wp-content\/uploads\/usu2836\/2025\/01\/IMG_1704-1.jpg\" class=\"wp-block-getwid-images-slider__image wp-image-1033\"\/><\/figure><\/div><div class=\"wp-block-getwid-images-slider__item\" style=\"height:350px\"><figure><img decoding=\"async\" src=\"https:\/\/agora.xtec.cat\/form0265\/wp-content\/uploads\/usu2836\/2025\/01\/IMG_1702-1-scaled.jpg\" data-id=\"1034\" data-link=\"https:\/\/agora.xtec.cat\/form0265\/projecte-educatiu\/projectes-singulars\/robotica\/attachment\/img_1702-1\/\" data-original-link=\"https:\/\/agora.xtec.cat\/form0265\/wp-content\/uploads\/usu2836\/2025\/01\/IMG_1702-1-scaled.jpg\" class=\"wp-block-getwid-images-slider__image wp-image-1034\"\/><\/figure><\/div><div class=\"wp-block-getwid-images-slider__item\" style=\"height:350px\"><figure><img decoding=\"async\" src=\"https:\/\/agora.xtec.cat\/form0265\/wp-content\/uploads\/usu2836\/2025\/01\/IMG_9694-1-scaled.jpg\" data-id=\"1035\" data-link=\"https:\/\/agora.xtec.cat\/form0265\/projecte-educatiu\/projectes-singulars\/robotica\/attachment\/img_9694-1\/\" data-original-link=\"https:\/\/agora.xtec.cat\/form0265\/wp-content\/uploads\/usu2836\/2025\/01\/IMG_9694-1-scaled.jpg\" class=\"wp-block-getwid-images-slider__image wp-image-1035\"\/><\/figure><\/div><div class=\"wp-block-getwid-images-slider__item\" style=\"height:350px\"><figure><img decoding=\"async\" src=\"https:\/\/agora.xtec.cat\/form0265\/wp-content\/uploads\/usu2836\/2025\/01\/IMG_9707.png\" data-id=\"1036\" data-link=\"https:\/\/agora.xtec.cat\/form0265\/projecte-educatiu\/projectes-singulars\/robotica\/attachment\/img_9707\/\" data-original-link=\"https:\/\/agora.xtec.cat\/form0265\/wp-content\/uploads\/usu2836\/2025\/01\/IMG_9707.png\" class=\"wp-block-getwid-images-slider__image wp-image-1036\"\/><\/figure><\/div><div class=\"wp-block-getwid-images-slider__item\" style=\"height:350px\"><figure><img decoding=\"async\" src=\"https:\/\/agora.xtec.cat\/form0265\/wp-content\/uploads\/usu2836\/2025\/02\/IMG_1844-scaled.jpg\" data-id=\"1053\" data-link=\"https:\/\/agora.xtec.cat\/form0265\/projecte-educatiu\/projectes-singulars\/robotica\/attachment\/img_1844\/\" data-original-link=\"https:\/\/agora.xtec.cat\/form0265\/wp-content\/uploads\/usu2836\/2025\/02\/IMG_1844-scaled.jpg\" class=\"wp-block-getwid-images-slider__image wp-image-1053\"\/><\/figure><\/div><div class=\"wp-block-getwid-images-slider__item\" style=\"height:350px\"><figure><img decoding=\"async\" src=\"https:\/\/agora.xtec.cat\/form0265\/wp-content\/uploads\/usu2836\/2025\/02\/IMG_1845-scaled.jpg\" data-id=\"1054\" data-link=\"https:\/\/agora.xtec.cat\/form0265\/projecte-educatiu\/projectes-singulars\/robotica\/attachment\/img_1845\/\" data-original-link=\"https:\/\/agora.xtec.cat\/form0265\/wp-content\/uploads\/usu2836\/2025\/02\/IMG_1845-scaled.jpg\" class=\"wp-block-getwid-images-slider__image wp-image-1054\"\/><\/figure><\/div><\/div><\/div>\n\n\n\n<p><\/p>\n\n\n\n<p>A Cicle Mitj\u00e0 es continua el treball amb el Code i Kodable. I tamb\u00e9 s&#8217;inicien amb el Lego WeDo i Lego Spike, on els alumnes han de construir un robot i programar-lo. Tamb\u00e9 es fa una iniciaci\u00f3 a l&#8217;Scratch i a la placa micro:bit.&nbsp;<\/p>\n\n\n\n<div class=\"wp-block-getwid-images-slider has-arrows-inside has-dots-inside has-images-center has-fitted-images has-fixed-height\"><div class=\"wp-block-getwid-images-slider__wrapper\" data-effect=\"slide\" data-slides-show=\"1\" data-slides-show-laptop=\"1\" data-slides-show-tablet=\"1\" data-slides-show-mobile=\"1\" data-slides-scroll=\"1\" data-autoplay=\"true\" data-pause-hover=\"false\" data-autoplay-speed=\"6000\" data-infinite=\"true\" data-animation-speed=\"800\" data-center-mode=\"false\" data-variable-width=\"false\" data-arrows=\"inside\" data-dots=\"inside\" data-spacing=\"none\"><div class=\"wp-block-getwid-images-slider__item\" style=\"height:350px\"><figure><img decoding=\"async\" src=\"https:\/\/agora.xtec.cat\/form0265\/wp-content\/uploads\/usu2836\/2025\/01\/IMG_4759-scaled.jpg\" data-id=\"1037\" data-link=\"https:\/\/agora.xtec.cat\/form0265\/projecte-educatiu\/projectes-singulars\/robotica\/attachment\/img_4759\/\" data-original-link=\"https:\/\/agora.xtec.cat\/form0265\/wp-content\/uploads\/usu2836\/2025\/01\/IMG_4759-scaled.jpg\" class=\"wp-block-getwid-images-slider__image wp-image-1037\"\/><\/figure><\/div><div class=\"wp-block-getwid-images-slider__item\" style=\"height:350px\"><figure><img decoding=\"async\" src=\"https:\/\/agora.xtec.cat\/form0265\/wp-content\/uploads\/usu2836\/2025\/01\/IMG_4765-scaled.jpg\" data-id=\"1038\" data-link=\"https:\/\/agora.xtec.cat\/form0265\/projecte-educatiu\/projectes-singulars\/robotica\/attachment\/img_4765\/\" data-original-link=\"https:\/\/agora.xtec.cat\/form0265\/wp-content\/uploads\/usu2836\/2025\/01\/IMG_4765-scaled.jpg\" class=\"wp-block-getwid-images-slider__image wp-image-1038\"\/><\/figure><\/div><div class=\"wp-block-getwid-images-slider__item\" style=\"height:350px\"><figure><img decoding=\"async\" src=\"https:\/\/agora.xtec.cat\/form0265\/wp-content\/uploads\/usu2836\/2025\/02\/IMG_2052-scaled.jpg\" data-id=\"1125\" data-link=\"https:\/\/agora.xtec.cat\/form0265\/projecte-educatiu\/projectes-singulars\/robotica\/attachment\/img_2052\/\" data-original-link=\"https:\/\/agora.xtec.cat\/form0265\/wp-content\/uploads\/usu2836\/2025\/02\/IMG_2052-scaled.jpg\" class=\"wp-block-getwid-images-slider__image wp-image-1125\"\/><\/figure><\/div><div class=\"wp-block-getwid-images-slider__item\" style=\"height:350px\"><figure><img decoding=\"async\" src=\"https:\/\/agora.xtec.cat\/form0265\/wp-content\/uploads\/usu2836\/2025\/02\/IMG_2053-scaled.jpg\" data-id=\"1126\" data-link=\"https:\/\/agora.xtec.cat\/form0265\/projecte-educatiu\/projectes-singulars\/robotica\/attachment\/img_2053\/\" data-original-link=\"https:\/\/agora.xtec.cat\/form0265\/wp-content\/uploads\/usu2836\/2025\/02\/IMG_2053-scaled.jpg\" class=\"wp-block-getwid-images-slider__image wp-image-1126\"\/><\/figure><\/div><div class=\"wp-block-getwid-images-slider__item\" style=\"height:350px\"><figure><img decoding=\"async\" src=\"https:\/\/agora.xtec.cat\/form0265\/wp-content\/uploads\/usu2836\/2025\/02\/IMG_2060-scaled.jpg\" data-id=\"1127\" data-link=\"https:\/\/agora.xtec.cat\/form0265\/projecte-educatiu\/projectes-singulars\/robotica\/attachment\/img_2060\/\" data-original-link=\"https:\/\/agora.xtec.cat\/form0265\/wp-content\/uploads\/usu2836\/2025\/02\/IMG_2060-scaled.jpg\" class=\"wp-block-getwid-images-slider__image wp-image-1127\"\/><\/figure><\/div><\/div><\/div>\n\n\n\n<p><\/p>\n\n\n\n<p>A Cicle superior, es treballa amb el Lego Spike, el Makey Makey i l&#8217;Scratch. Tamb\u00e9 es treballa amb els robots Codey Rocky i amb la placa micro:bit.&nbsp;<\/p>\n\n\n\n<div class=\"wp-block-getwid-images-slider has-arrows-inside has-dots-inside has-images-center has-fitted-images has-fixed-height\"><div class=\"wp-block-getwid-images-slider__wrapper\" data-effect=\"slide\" data-slides-show=\"1\" data-slides-show-laptop=\"1\" data-slides-show-tablet=\"1\" data-slides-show-mobile=\"1\" data-slides-scroll=\"1\" data-autoplay=\"true\" data-pause-hover=\"false\" data-autoplay-speed=\"6000\" data-infinite=\"true\" data-animation-speed=\"800\" data-center-mode=\"false\" data-variable-width=\"false\" data-arrows=\"inside\" data-dots=\"inside\" data-spacing=\"none\"><div class=\"wp-block-getwid-images-slider__item\" style=\"height:350px\"><figure><img decoding=\"async\" src=\"https:\/\/agora.xtec.cat\/form0265\/wp-content\/uploads\/usu2836\/2025\/01\/IMG_0096.png\" data-id=\"1039\" data-link=\"https:\/\/agora.xtec.cat\/form0265\/projecte-educatiu\/projectes-singulars\/robotica\/attachment\/img_0096\/\" data-original-link=\"https:\/\/agora.xtec.cat\/form0265\/wp-content\/uploads\/usu2836\/2025\/01\/IMG_0096.png\" class=\"wp-block-getwid-images-slider__image wp-image-1039\"\/><\/figure><\/div><div class=\"wp-block-getwid-images-slider__item\" style=\"height:350px\"><figure><img decoding=\"async\" src=\"https:\/\/agora.xtec.cat\/form0265\/wp-content\/uploads\/usu2836\/2025\/01\/IMG_0091-scaled.jpg\" data-id=\"1040\" data-link=\"https:\/\/agora.xtec.cat\/form0265\/projecte-educatiu\/projectes-singulars\/robotica\/attachment\/img_0091\/\" data-original-link=\"https:\/\/agora.xtec.cat\/form0265\/wp-content\/uploads\/usu2836\/2025\/01\/IMG_0091-scaled.jpg\" class=\"wp-block-getwid-images-slider__image wp-image-1040\"\/><\/figure><\/div><div class=\"wp-block-getwid-images-slider__item\" style=\"height:350px\"><figure><img decoding=\"async\" src=\"https:\/\/agora.xtec.cat\/form0265\/wp-content\/uploads\/usu2836\/2025\/01\/IMG_0093-scaled.jpg\" data-id=\"1041\" data-link=\"https:\/\/agora.xtec.cat\/form0265\/projecte-educatiu\/projectes-singulars\/robotica\/attachment\/img_0093\/\" data-original-link=\"https:\/\/agora.xtec.cat\/form0265\/wp-content\/uploads\/usu2836\/2025\/01\/IMG_0093-scaled.jpg\" class=\"wp-block-getwid-images-slider__image wp-image-1041\"\/><\/figure><\/div><div class=\"wp-block-getwid-images-slider__item\" style=\"height:350px\"><figure><img decoding=\"async\" src=\"https:\/\/agora.xtec.cat\/form0265\/wp-content\/uploads\/usu2836\/2025\/01\/IMG_0100-scaled.jpg\" data-id=\"1042\" data-link=\"https:\/\/agora.xtec.cat\/form0265\/projecte-educatiu\/projectes-singulars\/robotica\/attachment\/img_0100\/\" data-original-link=\"https:\/\/agora.xtec.cat\/form0265\/wp-content\/uploads\/usu2836\/2025\/01\/IMG_0100-scaled.jpg\" class=\"wp-block-getwid-images-slider__image wp-image-1042\"\/><\/figure><\/div><div class=\"wp-block-getwid-images-slider__item\" style=\"height:350px\"><figure><img decoding=\"async\" src=\"https:\/\/agora.xtec.cat\/form0265\/wp-content\/uploads\/usu2836\/2025\/01\/IMG_0101-scaled.jpg\" data-id=\"1044\" data-link=\"https:\/\/agora.xtec.cat\/form0265\/projecte-educatiu\/projectes-singulars\/robotica\/attachment\/img_0101\/\" data-original-link=\"https:\/\/agora.xtec.cat\/form0265\/wp-content\/uploads\/usu2836\/2025\/01\/IMG_0101-scaled.jpg\" class=\"wp-block-getwid-images-slider__image wp-image-1044\"\/><\/figure><\/div><div class=\"wp-block-getwid-images-slider__item\" style=\"height:350px\"><figure><img decoding=\"async\" src=\"https:\/\/agora.xtec.cat\/form0265\/wp-content\/uploads\/usu2836\/2025\/02\/IMG_1848-scaled.jpg\" data-id=\"1056\" data-link=\"https:\/\/agora.xtec.cat\/form0265\/projecte-educatiu\/projectes-singulars\/robotica\/attachment\/img_1848\/\" data-original-link=\"https:\/\/agora.xtec.cat\/form0265\/wp-content\/uploads\/usu2836\/2025\/02\/IMG_1848-scaled.jpg\" class=\"wp-block-getwid-images-slider__image wp-image-1056\"\/><\/figure><\/div><div class=\"wp-block-getwid-images-slider__item\" style=\"height:350px\"><figure><img decoding=\"async\" src=\"https:\/\/agora.xtec.cat\/form0265\/wp-content\/uploads\/usu2836\/2025\/02\/IMG_1847-scaled.jpg\" data-id=\"1057\" data-link=\"https:\/\/agora.xtec.cat\/form0265\/projecte-educatiu\/projectes-singulars\/robotica\/attachment\/img_1847\/\" data-original-link=\"https:\/\/agora.xtec.cat\/form0265\/wp-content\/uploads\/usu2836\/2025\/02\/IMG_1847-scaled.jpg\" class=\"wp-block-getwid-images-slider__image wp-image-1057\"\/><\/figure><\/div><\/div><\/div>\n<\/div><\/div><\/div>\n<\/div>\n<\/div>\n<\/div>\n\n\n\n<p>Si voleu veure alguns dels pojectes creats amb Scratch per l&#8217;alumant de Cicle Superio podeu accedir al seg\u00fcent enlla\u00e7: <\/p>\n\n\n\n<figure class=\"wp-block-image aligncenter size-large has-custom-border\"><a href=\"https:\/\/sites.google.com\/llevantidemar.cat\/robotica-escola-llevant-de-mar\/inici?authuser=0\" target=\"_blank\" rel=\"noreferrer noopener\"><img decoding=\"async\" src=\"https:\/\/agora.xtec.cat\/form0265\/wp-content\/uploads\/usu2836\/2025\/01\/Captura-de-pantalla-2025-01-31-155543-1024x285.png\" alt=\"\" class=\"wp-image-1017\" style=\"border-radius:17px\"\/><\/a><\/figure>\n","protected":false},"excerpt":{"rendered":"<p>Si voleu veure alguns dels pojectes creats amb Scratch per l&#8217;alumant de Cicle Superio podeu accedir al seg\u00fcent enlla\u00e7:<\/p>\n","protected":false},"author":5,"featured_media":0,"parent":769,"menu_order":5,"comment_status":"closed","ping_status":"close","template":"","meta":{"site-sidebar-layout":"default","site-content-layout":"","ast-site-content-layout":"default","site-content-style":"default","site-sidebar-style":"default","ast-global-header-display":"","ast-banner-title-visibility":"","ast-main-header-display":"","ast-hfb-above-header-display":"","ast-hfb-below-header-display":"","ast-hfb-mobile-header-display":"","site-post-title":"","ast-breadcrumbs-content":"","ast-featured-img":"","footer-sml-layout":"","theme-transparent-header-meta":"","adv-header-id-meta":"","stick-header-meta":"","header-above-stick-meta":"","header-main-stick-meta":"","header-below-stick-meta":"","astra-migrate-meta-layouts":"set","ast-page-background-enabled":"default","ast-page-background-meta":{"desktop":{"background-color":"var(--ast-global-color-4)","background-image":"","background-repeat":"repeat","background-position":"center center","background-size":"auto","background-attachment":"scroll","background-type":"","background-media":"","overlay-type":"","overlay-color":"","overlay-opacity":"","overlay-gradient":""},"tablet":{"background-color":"","background-image":"","background-repeat":"repeat","background-position":"center center","background-size":"auto","background-attachment":"scroll","background-type":"","background-media":"","overlay-type":"","overlay-color":"","overlay-opacity":"","overlay-gradient":""},"mobile":{"background-color":"","background-image":"","background-repeat":"repeat","background-position":"center center","background-size":"auto","background-attachment":"scroll","background-type":"","background-media":"","overlay-type":"","overlay-color":"","overlay-opacity":"","overlay-gradient":""}},"ast-content-background-meta":{"desktop":{"background-color":"var(--ast-global-color-5)","background-image":"","background-repeat":"repeat","background-position":"center center","background-size":"auto","background-attachment":"scroll","background-type":"","background-media":"","overlay-type":"","overlay-color":"","overlay-opacity":"","overlay-gradient":""},"tablet":{"background-color":"var(--ast-global-color-5)","background-image":"","background-repeat":"repeat","background-position":"center center","background-size":"auto","background-attachment":"scroll","background-type":"","background-media":"","overlay-type":"","overlay-color":"","overlay-opacity":"","overlay-gradient":""},"mobile":{"background-color":"var(--ast-global-color-5)","background-image":"","background-repeat":"repeat","background-position":"center center","background-size":"auto","background-attachment":"scroll","background-type":"","background-media":"","overlay-type":"","overlay-color":"","overlay-opacity":"","overlay-gradient":""}},"footnotes":""},"class_list":["post-5951","page","type-page","status-publish","hentry"],"post_mailing_queue_ids":[],"_links":{"self":[{"href":"https:\/\/agora.xtec.cat\/esc-llevantidemar\/wp-json\/wp\/v2\/pages\/5951","targetHints":{"allow":["GET"]}}],"collection":[{"href":"https:\/\/agora.xtec.cat\/esc-llevantidemar\/wp-json\/wp\/v2\/pages"}],"about":[{"href":"https:\/\/agora.xtec.cat\/esc-llevantidemar\/wp-json\/wp\/v2\/types\/page"}],"author":[{"embeddable":true,"href":"https:\/\/agora.xtec.cat\/esc-llevantidemar\/wp-json\/wp\/v2\/users\/5"}],"replies":[{"embeddable":true,"href":"https:\/\/agora.xtec.cat\/esc-llevantidemar\/wp-json\/wp\/v2\/comments?post=5951"}],"version-history":[{"count":6,"href":"https:\/\/agora.xtec.cat\/esc-llevantidemar\/wp-json\/wp\/v2\/pages\/5951\/revisions"}],"predecessor-version":[{"id":5980,"href":"https:\/\/agora.xtec.cat\/esc-llevantidemar\/wp-json\/wp\/v2\/pages\/5951\/revisions\/5980"}],"up":[{"embeddable":true,"href":"https:\/\/agora.xtec.cat\/esc-llevantidemar\/wp-json\/wp\/v2\/pages\/769"}],"wp:attachment":[{"href":"https:\/\/agora.xtec.cat\/esc-llevantidemar\/wp-json\/wp\/v2\/media?parent=5951"}],"curies":[{"name":"wp","href":"https:\/\/api.w.org\/{rel}","templated":true}]}}