{"id":5932,"date":"2025-04-08T10:07:07","date_gmt":"2025-04-08T08:07:07","guid":{"rendered":"https:\/\/agora.xtec.cat\/esc-llevantidemar\/?page_id=5932"},"modified":"2025-04-09T12:10:05","modified_gmt":"2025-04-09T10:10:05","slug":"consell-escolar","status":"publish","type":"page","link":"https:\/\/agora.xtec.cat\/esc-llevantidemar\/lescola\/comunitat-educativa\/consell-escolar\/","title":{"rendered":"Consell escolar"},"content":{"rendered":"\n<p>El Consell Escolar \u00e9s l&#8217;\u00f2rgan de participaci\u00f3 de la comunitat educativa en la gesti\u00f3 i funcionament del centre. Aquest organisme garanteix la col\u00b7laboraci\u00f3 entre els diferents sectors de l&#8217;escola i contribueix a la presa de decisions importants per a la millora del centre.<\/p>\n\n\n\n<h3 class=\"wp-block-heading\"><strong>Qui en forma part?<\/strong><\/h3>\n\n\n\n<p>El Consell Escolar est\u00e0 format per representants de tota la comunitat educativa:<\/p>\n\n\n\n<ul class=\"wp-block-list\">\n<li>Direcci\u00f3 del centre, que n&#8217;\u00e9s el president\/a.<\/li>\n\n\n\n<li>El\/la cap d&#8217;estudis.<\/li>\n\n\n\n<li>Un\/a representant de l&#8217;Ajuntament.<\/li>\n\n\n\n<li>Professorat, elegit pel claustre de mestres.<\/li>\n\n\n\n<li>Fam\u00edlies, representades per mares i pares escollits per votaci\u00f3.<\/li>\n\n\n\n<li>Personal d\u2019administraci\u00f3 i serveis (PAS).<\/li>\n<\/ul>\n\n\n\n<h3 class=\"wp-block-heading\"><strong>Funcions principals del Consell Escolar<\/strong><\/h3>\n\n\n\n<ul class=\"wp-block-list\">\n<li>Aprovar i avaluar el Projecte Educatiu de Centre i el Reglament de R\u00e8gim Intern.<\/li>\n\n\n\n<li>Aprovar el pressupost i supervisar la gesti\u00f3 econ\u00f2mica del centre.<\/li>\n\n\n\n<li>Participar en la selecci\u00f3 de la direcci\u00f3 del centre i fer el seguiment de la seva gesti\u00f3.<\/li>\n\n\n\n<li>Debatre i proposar millores per al funcionament de l\u2019escola.<\/li>\n<\/ul>\n\n\n\n<p>La participaci\u00f3 al Consell Escolar \u00e9s una oportunitat perqu\u00e8 les fam\u00edlies i el professorat tinguin veu en el funcionament del centre i en la presa de decisions que afecten la comunitat educativa.<\/p>\n\n\n\n<p>Els representants del consell escolar s\u00f3n escollits per un per\u00edode de quatre anys, per\u00f2 cada dos anys es convoquen eleccions per renovar la meitat dels seus membres.<\/p>\n\n\n\n<p>Les vacants del consell escolar s&#8217;ocupen segons els resultats de les eleccions. Si un membre deixa el consell, passar\u00e0 a ocupar el seu lloc la seg\u00fcent candidatura m\u00e9s votada en les darreres eleccions. Si no hi ha m\u00e9s candidats per cobrir la pla\u00e7a, queda vacant fins a la pr\u00f2xima renovaci\u00f3 del consell escolar.<\/p>\n\n\n\n<p>Normalment, es fan cinc reunions ordin\u00e0ries del Consell Escolar, m\u00e9s les extraordin\u00e0ries que calgui per a la bona gesti\u00f3 del centre.<\/p>\n\n\n\n<p>\ud83d\udce2 <strong>Participa i implica\u2019t en la vida del centre!<\/strong><\/p>\n","protected":false},"excerpt":{"rendered":"<p>El Consell Escolar \u00e9s l&#8217;\u00f2rgan de participaci\u00f3 de la comunitat educativa en la gesti\u00f3 i funcionament del centre. Aquest organisme garanteix la col\u00b7laboraci\u00f3 entre els diferents sectors de l&#8217;escola i contribueix a la presa de decisions importants per a la millora del centre. Qui en forma part? El Consell Escolar est\u00e0 format per representants de [&hellip;]<\/p>\n","protected":false},"author":5,"featured_media":0,"parent":24,"menu_order":5,"comment_status":"closed","ping_status":"closed","template":"","meta":{"site-sidebar-layout":"default","site-content-layout":"","ast-site-content-layout":"default","site-content-style":"default","site-sidebar-style":"default","ast-global-header-display":"","ast-banner-title-visibility":"","ast-main-header-display":"","ast-hfb-above-header-display":"","ast-hfb-below-header-display":"","ast-hfb-mobile-header-display":"","site-post-title":"","ast-breadcrumbs-content":"","ast-featured-img":"","footer-sml-layout":"","theme-transparent-header-meta":"","adv-header-id-meta":"","stick-header-meta":"","header-above-stick-meta":"","header-main-stick-meta":"","header-below-stick-meta":"","astra-migrate-meta-layouts":"set","ast-page-background-enabled":"default","ast-page-background-meta":{"desktop":{"background-color":"var(--ast-global-color-4)","background-image":"","background-repeat":"repeat","background-position":"center center","background-size":"auto","background-attachment":"scroll","background-type":"","background-media":"","overlay-type":"","overlay-color":"","overlay-opacity":"","overlay-gradient":""},"tablet":{"background-color":"","background-image":"","background-repeat":"repeat","background-position":"center center","background-size":"auto","background-attachment":"scroll","background-type":"","background-media":"","overlay-type":"","overlay-color":"","overlay-opacity":"","overlay-gradient":""},"mobile":{"background-color":"","background-image":"","background-repeat":"repeat","background-position":"center center","background-size":"auto","background-attachment":"scroll","background-type":"","background-media":"","overlay-type":"","overlay-color":"","overlay-opacity":"","overlay-gradient":""}},"ast-content-background-meta":{"desktop":{"background-color":"var(--ast-global-color-5)","background-image":"","background-repeat":"repeat","background-position":"center center","background-size":"auto","background-attachment":"scroll","background-type":"","background-media":"","overlay-type":"","overlay-color":"","overlay-opacity":"","overlay-gradient":""},"tablet":{"background-color":"var(--ast-global-color-5)","background-image":"","background-repeat":"repeat","background-position":"center center","background-size":"auto","background-attachment":"scroll","background-type":"","background-media":"","overlay-type":"","overlay-color":"","overlay-opacity":"","overlay-gradient":""},"mobile":{"background-color":"var(--ast-global-color-5)","background-image":"","background-repeat":"repeat","background-position":"center center","background-size":"auto","background-attachment":"scroll","background-type":"","background-media":"","overlay-type":"","overlay-color":"","overlay-opacity":"","overlay-gradient":""}},"footnotes":""},"class_list":["post-5932","page","type-page","status-publish","hentry"],"post_mailing_queue_ids":[],"_links":{"self":[{"href":"https:\/\/agora.xtec.cat\/esc-llevantidemar\/wp-json\/wp\/v2\/pages\/5932","targetHints":{"allow":["GET"]}}],"collection":[{"href":"https:\/\/agora.xtec.cat\/esc-llevantidemar\/wp-json\/wp\/v2\/pages"}],"about":[{"href":"https:\/\/agora.xtec.cat\/esc-llevantidemar\/wp-json\/wp\/v2\/types\/page"}],"author":[{"embeddable":true,"href":"https:\/\/agora.xtec.cat\/esc-llevantidemar\/wp-json\/wp\/v2\/users\/5"}],"replies":[{"embeddable":true,"href":"https:\/\/agora.xtec.cat\/esc-llevantidemar\/wp-json\/wp\/v2\/comments?post=5932"}],"version-history":[{"count":4,"href":"https:\/\/agora.xtec.cat\/esc-llevantidemar\/wp-json\/wp\/v2\/pages\/5932\/revisions"}],"predecessor-version":[{"id":6057,"href":"https:\/\/agora.xtec.cat\/esc-llevantidemar\/wp-json\/wp\/v2\/pages\/5932\/revisions\/6057"}],"up":[{"embeddable":true,"href":"https:\/\/agora.xtec.cat\/esc-llevantidemar\/wp-json\/wp\/v2\/pages\/24"}],"wp:attachment":[{"href":"https:\/\/agora.xtec.cat\/esc-llevantidemar\/wp-json\/wp\/v2\/media?parent=5932"}],"curies":[{"name":"wp","href":"https:\/\/api.w.org\/{rel}","templated":true}]}}