{"id":64,"date":"2014-09-18T12:39:08","date_gmt":"2014-09-18T11:39:08","guid":{"rendered":"http:\/\/agora.xtec.cat\/esc-leseresdecreixell\/?page_id=64"},"modified":"2016-03-31T10:55:30","modified_gmt":"2016-03-31T09:55:30","slug":"projecte-educatiu","status":"publish","type":"page","link":"https:\/\/agora.xtec.cat\/esc-leseresdecreixell\/projecte-educatiu\/","title":{"rendered":"Projecte educatiu"},"content":{"rendered":"<p style=\"text-align: justify;\"><strong>El projecte educatiu incorpora el car\u00e0cter propi del centre. La nostra escola en destaca els trets d&#8217;indentitat seg\u00fcents:<\/strong><\/p>\n<ul>\n<li style=\"text-align: justify;\">Escola <strong>plural<\/strong>, estimula la solidaritat respecte a l&#8217;altre, el di\u00e0leg, l&#8217;esperit cr\u00edtic i la responsabilitat.<\/li>\n<li style=\"text-align: justify;\">Escola <strong>laica<\/strong>, presenta el fet religi\u00f3s des d&#8217;una perspectiva respecctuosa.<\/li>\n<li style=\"text-align: justify;\">Escola <strong>coeducativa<\/strong>, educant per la igualtat d&#8217;oportunitats.<\/li>\n<li style=\"text-align: justify;\">Escola <strong>formadora<\/strong>, no nom\u00e9s es treballen aspecctes intel\u00b7lectuals sin\u00f3 totes les dimensions de la persona.<\/li>\n<li style=\"text-align: justify;\">Escola catalana i <strong>multicultural<\/strong>. Domini del catal\u00e0 i del castell\u00e0 de forma indistinta i introducci\u00f3 de l&#8217;angl\u00e8s a P3.<\/li>\n<li style=\"text-align: justify;\">Escola amb <strong>l\u00ednia pedag\u00f2gica<\/strong>: unificaci\u00f3 de criteris metodol\u00f2gics, evitant trencament en canvis de nivell.<\/li>\n<li style=\"text-align: justify;\">Escola <strong>participativa<\/strong>. Potencia la participaci\u00f3 entre els diferents sectors de la comunitat educativa.<\/li>\n<li style=\"text-align: justify;\">Escola <strong>arrelada a l&#8217;entorn<\/strong>. Coneixement de les realitats m\u00e9s immediates.<\/li>\n<\/ul>\n<p><a href=\"http:\/\/agora.xtec.cat\/esc-leseresdecreixell\/wp-content\/uploads\/usu1046\/2014\/09\/DSC_04841.jpg\"><img loading=\"lazy\" decoding=\"async\" class=\"aligncenter  wp-image-487\" src=\"http:\/\/agora.xtec.cat\/esc-leseresdecreixell\/wp-content\/uploads\/usu1046\/2014\/09\/DSC_04841-1024x551.jpg\" alt=\"DSC_0484\" width=\"496\" height=\"267\" srcset=\"https:\/\/agora.xtec.cat\/esc-leseresdecreixell\/wp-content\/uploads\/usu1046\/2014\/09\/DSC_04841-1024x551.jpg 1024w, https:\/\/agora.xtec.cat\/esc-leseresdecreixell\/wp-content\/uploads\/usu1046\/2014\/09\/DSC_04841-300x161.jpg 300w\" sizes=\"auto, (max-width: 496px) 100vw, 496px\" \/><\/a><\/p>\n","protected":false},"excerpt":{"rendered":"<p>El projecte educatiu incorpora el car\u00e0cter propi del centre. La nostra escola en destaca els trets d&#8217;indentitat seg\u00fcents: Escola plural, [&hellip;]<\/p>\n","protected":false},"author":1,"featured_media":0,"parent":0,"menu_order":0,"comment_status":"closed","ping_status":"closed","template":"page-templates\/side-menu.php","meta":{"_bbp_topic_count":0,"_bbp_reply_count":0,"_bbp_total_topic_count":0,"_bbp_total_reply_count":0,"_bbp_voice_count":0,"_bbp_anonymous_reply_count":0,"_bbp_topic_count_hidden":0,"_bbp_reply_count_hidden":0,"_bbp_forum_subforum_count":0,"site-sidebar-layout":"default","site-content-layout":"","ast-site-content-layout":"","site-content-style":"default","site-sidebar-style":"default","ast-global-header-display":"","ast-banner-title-visibility":"","ast-main-header-display":"","ast-hfb-above-header-display":"","ast-hfb-below-header-display":"","ast-hfb-mobile-header-display":"","site-post-title":"","ast-breadcrumbs-content":"","ast-featured-img":"","footer-sml-layout":"","theme-transparent-header-meta":"","adv-header-id-meta":"","stick-header-meta":"","header-above-stick-meta":"","header-main-stick-meta":"","header-below-stick-meta":"","astra-migrate-meta-layouts":"default","ast-page-background-enabled":"default","ast-page-background-meta":{"desktop":{"background-color":"var(--ast-global-color-4)","background-image":"","background-repeat":"repeat","background-position":"center center","background-size":"auto","background-attachment":"scroll","background-type":"","background-media":"","overlay-type":"","overlay-color":"","overlay-opacity":"","overlay-gradient":""},"tablet":{"background-color":"","background-image":"","background-repeat":"repeat","background-position":"center center","background-size":"auto","background-attachment":"scroll","background-type":"","background-media":"","overlay-type":"","overlay-color":"","overlay-opacity":"","overlay-gradient":""},"mobile":{"background-color":"","background-image":"","background-repeat":"repeat","background-position":"center center","background-size":"auto","background-attachment":"scroll","background-type":"","background-media":"","overlay-type":"","overlay-color":"","overlay-opacity":"","overlay-gradient":""}},"ast-content-background-meta":{"desktop":{"background-color":"var(--ast-global-color-5)","background-image":"","background-repeat":"repeat","background-position":"center center","background-size":"auto","background-attachment":"scroll","background-type":"","background-media":"","overlay-type":"","overlay-color":"","overlay-opacity":"","overlay-gradient":""},"tablet":{"background-color":"var(--ast-global-color-5)","background-image":"","background-repeat":"repeat","background-position":"center center","background-size":"auto","background-attachment":"scroll","background-type":"","background-media":"","overlay-type":"","overlay-color":"","overlay-opacity":"","overlay-gradient":""},"mobile":{"background-color":"var(--ast-global-color-5)","background-image":"","background-repeat":"repeat","background-position":"center center","background-size":"auto","background-attachment":"scroll","background-type":"","background-media":"","overlay-type":"","overlay-color":"","overlay-opacity":"","overlay-gradient":""}},"footnotes":""},"class_list":["post-64","page","type-page","status-publish","hentry"],"post_mailing_queue_ids":[],"_links":{"self":[{"href":"https:\/\/agora.xtec.cat\/esc-leseresdecreixell\/wp-json\/wp\/v2\/pages\/64","targetHints":{"allow":["GET"]}}],"collection":[{"href":"https:\/\/agora.xtec.cat\/esc-leseresdecreixell\/wp-json\/wp\/v2\/pages"}],"about":[{"href":"https:\/\/agora.xtec.cat\/esc-leseresdecreixell\/wp-json\/wp\/v2\/types\/page"}],"author":[{"embeddable":true,"href":"https:\/\/agora.xtec.cat\/esc-leseresdecreixell\/wp-json\/wp\/v2\/users\/1"}],"replies":[{"embeddable":true,"href":"https:\/\/agora.xtec.cat\/esc-leseresdecreixell\/wp-json\/wp\/v2\/comments?post=64"}],"version-history":[{"count":4,"href":"https:\/\/agora.xtec.cat\/esc-leseresdecreixell\/wp-json\/wp\/v2\/pages\/64\/revisions"}],"predecessor-version":[{"id":488,"href":"https:\/\/agora.xtec.cat\/esc-leseresdecreixell\/wp-json\/wp\/v2\/pages\/64\/revisions\/488"}],"wp:attachment":[{"href":"https:\/\/agora.xtec.cat\/esc-leseresdecreixell\/wp-json\/wp\/v2\/media?parent=64"}],"curies":[{"name":"wp","href":"https:\/\/api.w.org\/{rel}","templated":true}]}}

<p style="text-align: justify;"><strong>El projecte educatiu incorpora el caràcter propi del centre. La nostra escola en destaca els trets d&#8217;indentitat següents:</strong></p>
<ul>
<li style="text-align: justify;">Escola <strong>plural</strong>, estimula la solidaritat respecte a l&#8217;altre, el diàleg, l&#8217;esperit crític i la responsabilitat.</li>
<li style="text-align: justify;">Escola <strong>laica</strong>, presenta el fet religiós des d&#8217;una perspectiva respecctuosa.</li>
<li style="text-align: justify;">Escola <strong>coeducativa</strong>, educant per la igualtat d&#8217;oportunitats.</li>
<li style="text-align: justify;">Escola <strong>formadora</strong>, no només es treballen aspecctes intel·lectuals sinó totes les dimensions de la persona.</li>
<li style="text-align: justify;">Escola catalana i <strong>multicultural</strong>. Domini del català i del castellà de forma indistinta i introducció de l&#8217;anglès a P3.</li>
<li style="text-align: justify;">Escola amb <strong>línia pedagògica</strong>: unificació de criteris metodològics, evitant trencament en canvis de nivell.</li>
<li style="text-align: justify;">Escola <strong>participativa</strong>. Potencia la participació entre els diferents sectors de la comunitat educativa.</li>
<li style="text-align: justify;">Escola <strong>arrelada a l&#8217;entorn</strong>. Coneixement de les realitats més immediates.</li>
</ul>
<p><a href="http://agora.xtec.cat/esc-leseresdecreixell/wp-content/uploads/usu1046/2014/09/DSC_04841.jpg"><img loading="lazy" decoding="async" class="aligncenter  wp-image-487" src="http://agora.xtec.cat/esc-leseresdecreixell/wp-content/uploads/usu1046/2014/09/DSC_04841-1024x551.jpg" alt="DSC_0484" width="496" height="267" srcset="https://agora.xtec.cat/esc-leseresdecreixell/wp-content/uploads/usu1046/2014/09/DSC_04841-1024x551.jpg 1024w, https://agora.xtec.cat/esc-leseresdecreixell/wp-content/uploads/usu1046/2014/09/DSC_04841-300x161.jpg 300w" sizes="auto, (max-width: 496px) 100vw, 496px" /></a></p>

<p>El projecte educatiu incorpora el caràcter propi del centre. La nostra escola en destaca els trets d&#8217;indentitat següents: Escola plural, [&hellip;]</p>
