{"id":5390,"date":"2021-10-19T14:35:46","date_gmt":"2021-10-19T12:35:46","guid":{"rendered":"https:\/\/agora.xtec.cat\/esc-leseresdecreixell\/?page_id=5390"},"modified":"2026-01-28T18:34:33","modified_gmt":"2026-01-28T17:34:33","slug":"laboratori-de-transformacio-educativa","status":"publish","type":"page","link":"https:\/\/agora.xtec.cat\/esc-leseresdecreixell\/laboratori-de-transformacio-educativa\/","title":{"rendered":"Laboratori de Transformaci\u00f3 Educativa"},"content":{"rendered":"<p class=\"\" data-start=\"146\" data-end=\"533\">Al llarg dels darrers tres cursos, l\u2019Escola Les Eres ha format part del programa PACTE (Programa d\u2019Innovaci\u00f3 d\u2019Acceleraci\u00f3 de la Transformaci\u00f3 Educativa) impulsat pel Departament d\u2019Educaci\u00f3. Aquest programa t\u00e9 com a objectiu acompanyar els centres educatius en processos de canvi i millora, oferint eines, recursos i formaci\u00f3 per transformar les pr\u00e0ctiques pedag\u00f2giques i organitzatives.<\/p>\n<p class=\"\" data-start=\"535\" data-end=\"771\">La participaci\u00f3 en el PACTE ens ha perm\u00e8s avan\u00e7ar cap a una escola m\u00e9s oberta, inclusiva, participativa i adaptada a les necessitats dels infants d\u2019avui, fomentant una cultura de treball col\u00b7laborativa entre mestres, alumnat i fam\u00edlies.<\/p>\n<p class=\"\" data-start=\"773\" data-end=\"1005\">Pots consultar m\u00e9s informaci\u00f3 sobre el programa a la <a class=\"\" href=\"https:\/\/projectes.xtec.cat\/transformacioenxarxa\/general\/pacte-programa-dinnovacio-dacceleracio-de-la-transformacio-educativa-eines-per-al-canvi\/\" target=\"_new\" rel=\"noopener\" data-start=\"826\" data-end=\"1004\">web del Departament d\u2019Educaci\u00f3<\/a>.<\/p>\n<p data-start=\"773\" data-end=\"1005\">ASPECTES TREBALLATS DURANT AQUESTS TRES CURSOS<\/p>\n<p><a href=\"https:\/\/agora.xtec.cat\/esc-leseresdecreixell\/wp-content\/uploads\/usu1046\/2021\/10\/LABORATORI-TRANSFORMACIO-EDUCATIVA-ESCOLA-LES-ERES-21-22-2.png\"><img loading=\"lazy\" decoding=\"async\" class=\"aligncenter size-full wp-image-5388\" src=\"https:\/\/agora.xtec.cat\/esc-leseresdecreixell\/wp-content\/uploads\/usu1046\/2021\/10\/LABORATORI-TRANSFORMACIO-EDUCATIVA-ESCOLA-LES-ERES-21-22-2.png\" alt=\"\" width=\"1024\" height=\"768\" srcset=\"https:\/\/agora.xtec.cat\/esc-leseresdecreixell\/wp-content\/uploads\/usu1046\/2021\/10\/LABORATORI-TRANSFORMACIO-EDUCATIVA-ESCOLA-LES-ERES-21-22-2.png 1024w, https:\/\/agora.xtec.cat\/esc-leseresdecreixell\/wp-content\/uploads\/usu1046\/2021\/10\/LABORATORI-TRANSFORMACIO-EDUCATIVA-ESCOLA-LES-ERES-21-22-2-300x225.png 300w, https:\/\/agora.xtec.cat\/esc-leseresdecreixell\/wp-content\/uploads\/usu1046\/2021\/10\/LABORATORI-TRANSFORMACIO-EDUCATIVA-ESCOLA-LES-ERES-21-22-2-768x576.png 768w, https:\/\/agora.xtec.cat\/esc-leseresdecreixell\/wp-content\/uploads\/usu1046\/2021\/10\/LABORATORI-TRANSFORMACIO-EDUCATIVA-ESCOLA-LES-ERES-21-22-2-200x150.png 200w\" sizes=\"auto, (max-width: 1024px) 100vw, 1024px\" \/><\/a><\/p>\n<p>MILLORES IMPLEMENTADES<\/p>\n<ul>\n<li>Canvi en l&#8217;organitzaci\u00f3 i el mobiliari de les aules a tota l&#8217;Educaci\u00f3 Infantil.<\/li>\n<li>Entrada relaxada amb les fam\u00edlies a Educaci\u00f3 Infantil.<\/li>\n<li>Entrada relaxada a prim\u00e0ria amb l&#8217;incorporaci\u00f3 del cor d&#8217;aula.<\/li>\n<li>Tutories individualitzades a l&#8217;educaci\u00f3 prim\u00e0ria.<\/li>\n<li>Matem\u00e0tiques manipulatives a l&#8217;Educaci\u00f3 Prim\u00e0ria.<\/li>\n<li>Tallers internivells a tota l&#8217;escola.<\/li>\n<li>Participaci\u00f3 en el programa ERASMUS+.<\/li>\n<li>Treball de rob\u00f2tica i Scratch (programaci\u00f3) des d&#8217;I3 fins a 6\u00e8.<\/li>\n<li>Creaci\u00f3 de l&#8217;aula adiovisual de l&#8217;Escola.<\/li>\n<li>Incorporaci\u00f3 d&#8217;exposicions orals des d&#8217;I3 fins a 6\u00e8 com a l\u00ednia d\u2019escola.<\/li>\n<li>Treball sistem\u00e0tic i individualitzat de la lectura des d&#8217;I5 fins a 6\u00e8.<\/li>\n<\/ul>\n","protected":false},"excerpt":{"rendered":"<p>Al llarg dels darrers tres cursos, l\u2019Escola Les Eres ha format part del programa PACTE (Programa d\u2019Innovaci\u00f3 d\u2019Acceleraci\u00f3 de la [&hellip;]<\/p>\n","protected":false},"author":1,"featured_media":0,"parent":0,"menu_order":0,"comment_status":"closed","ping_status":"closed","template":"","meta":{"_bbp_topic_count":0,"_bbp_reply_count":0,"_bbp_total_topic_count":0,"_bbp_total_reply_count":0,"_bbp_voice_count":0,"_bbp_anonymous_reply_count":0,"_bbp_topic_count_hidden":0,"_bbp_reply_count_hidden":0,"_bbp_forum_subforum_count":0,"site-sidebar-layout":"default","site-content-layout":"","ast-site-content-layout":"default","site-content-style":"default","site-sidebar-style":"default","ast-global-header-display":"","ast-banner-title-visibility":"","ast-main-header-display":"","ast-hfb-above-header-display":"","ast-hfb-below-header-display":"","ast-hfb-mobile-header-display":"","site-post-title":"","ast-breadcrumbs-content":"","ast-featured-img":"","footer-sml-layout":"","theme-transparent-header-meta":"","adv-header-id-meta":"","stick-header-meta":"","header-above-stick-meta":"","header-main-stick-meta":"","header-below-stick-meta":"","astra-migrate-meta-layouts":"set","ast-page-background-enabled":"default","ast-page-background-meta":{"desktop":{"background-color":"var(--ast-global-color-4)","background-image":"","background-repeat":"repeat","background-position":"center center","background-size":"auto","background-attachment":"scroll","background-type":"","background-media":"","overlay-type":"","overlay-color":"","overlay-opacity":"","overlay-gradient":""},"tablet":{"background-color":"","background-image":"","background-repeat":"repeat","background-position":"center center","background-size":"auto","background-attachment":"scroll","background-type":"","background-media":"","overlay-type":"","overlay-color":"","overlay-opacity":"","overlay-gradient":""},"mobile":{"background-color":"","background-image":"","background-repeat":"repeat","background-position":"center center","background-size":"auto","background-attachment":"scroll","background-type":"","background-media":"","overlay-type":"","overlay-color":"","overlay-opacity":"","overlay-gradient":""}},"ast-content-background-meta":{"desktop":{"background-color":"var(--ast-global-color-5)","background-image":"","background-repeat":"repeat","background-position":"center center","background-size":"auto","background-attachment":"scroll","background-type":"","background-media":"","overlay-type":"","overlay-color":"","overlay-opacity":"","overlay-gradient":""},"tablet":{"background-color":"var(--ast-global-color-5)","background-image":"","background-repeat":"repeat","background-position":"center center","background-size":"auto","background-attachment":"scroll","background-type":"","background-media":"","overlay-type":"","overlay-color":"","overlay-opacity":"","overlay-gradient":""},"mobile":{"background-color":"var(--ast-global-color-5)","background-image":"","background-repeat":"repeat","background-position":"center center","background-size":"auto","background-attachment":"scroll","background-type":"","background-media":"","overlay-type":"","overlay-color":"","overlay-opacity":"","overlay-gradient":""}},"footnotes":""},"class_list":["post-5390","page","type-page","status-publish","hentry"],"post_mailing_queue_ids":[],"_links":{"self":[{"href":"https:\/\/agora.xtec.cat\/esc-leseresdecreixell\/wp-json\/wp\/v2\/pages\/5390","targetHints":{"allow":["GET"]}}],"collection":[{"href":"https:\/\/agora.xtec.cat\/esc-leseresdecreixell\/wp-json\/wp\/v2\/pages"}],"about":[{"href":"https:\/\/agora.xtec.cat\/esc-leseresdecreixell\/wp-json\/wp\/v2\/types\/page"}],"author":[{"embeddable":true,"href":"https:\/\/agora.xtec.cat\/esc-leseresdecreixell\/wp-json\/wp\/v2\/users\/1"}],"replies":[{"embeddable":true,"href":"https:\/\/agora.xtec.cat\/esc-leseresdecreixell\/wp-json\/wp\/v2\/comments?post=5390"}],"version-history":[{"count":5,"href":"https:\/\/agora.xtec.cat\/esc-leseresdecreixell\/wp-json\/wp\/v2\/pages\/5390\/revisions"}],"predecessor-version":[{"id":9680,"href":"https:\/\/agora.xtec.cat\/esc-leseresdecreixell\/wp-json\/wp\/v2\/pages\/5390\/revisions\/9680"}],"wp:attachment":[{"href":"https:\/\/agora.xtec.cat\/esc-leseresdecreixell\/wp-json\/wp\/v2\/media?parent=5390"}],"curies":[{"name":"wp","href":"https:\/\/api.w.org\/{rel}","templated":true}]}}

Laboratori de Transformació Educativa

<p class="" data-start="146" data-end="533">Al llarg dels darrers tres cursos, l’Escola Les Eres ha format part del programa PACTE (Programa d’Innovació d’Acceleració de la Transformació Educativa) impulsat pel Departament d’Educació. Aquest programa té com a objectiu acompanyar els centres educatius en processos de canvi i millora, oferint eines, recursos i formació per transformar les pràctiques pedagògiques i organitzatives.</p>
<p class="" data-start="535" data-end="771">La participació en el PACTE ens ha permès avançar cap a una escola més oberta, inclusiva, participativa i adaptada a les necessitats dels infants d’avui, fomentant una cultura de treball col·laborativa entre mestres, alumnat i famílies.</p>
<p class="" data-start="773" data-end="1005">Pots consultar més informació sobre el programa a la <a class="" href="https://projectes.xtec.cat/transformacioenxarxa/general/pacte-programa-dinnovacio-dacceleracio-de-la-transformacio-educativa-eines-per-al-canvi/" target="_new" rel="noopener" data-start="826" data-end="1004">web del Departament d’Educació</a>.</p>
<p data-start="773" data-end="1005">ASPECTES TREBALLATS DURANT AQUESTS TRES CURSOS</p>
<p><a href="https://agora.xtec.cat/esc-leseresdecreixell/wp-content/uploads/usu1046/2021/10/LABORATORI-TRANSFORMACIO-EDUCATIVA-ESCOLA-LES-ERES-21-22-2.png"><img loading="lazy" decoding="async" class="aligncenter size-full wp-image-5388" src="https://agora.xtec.cat/esc-leseresdecreixell/wp-content/uploads/usu1046/2021/10/LABORATORI-TRANSFORMACIO-EDUCATIVA-ESCOLA-LES-ERES-21-22-2.png" alt="" width="1024" height="768" srcset="https://agora.xtec.cat/esc-leseresdecreixell/wp-content/uploads/usu1046/2021/10/LABORATORI-TRANSFORMACIO-EDUCATIVA-ESCOLA-LES-ERES-21-22-2.png 1024w, https://agora.xtec.cat/esc-leseresdecreixell/wp-content/uploads/usu1046/2021/10/LABORATORI-TRANSFORMACIO-EDUCATIVA-ESCOLA-LES-ERES-21-22-2-300x225.png 300w, https://agora.xtec.cat/esc-leseresdecreixell/wp-content/uploads/usu1046/2021/10/LABORATORI-TRANSFORMACIO-EDUCATIVA-ESCOLA-LES-ERES-21-22-2-768x576.png 768w, https://agora.xtec.cat/esc-leseresdecreixell/wp-content/uploads/usu1046/2021/10/LABORATORI-TRANSFORMACIO-EDUCATIVA-ESCOLA-LES-ERES-21-22-2-200x150.png 200w" sizes="auto, (max-width: 1024px) 100vw, 1024px" /></a></p>
<p>MILLORES IMPLEMENTADES</p>
<ul>
<li>Canvi en l&#8217;organització i el mobiliari de les aules a tota l&#8217;Educació Infantil.</li>
<li>Entrada relaxada amb les famílies a Educació Infantil.</li>
<li>Entrada relaxada a primària amb l&#8217;incorporació del cor d&#8217;aula.</li>
<li>Tutories individualitzades a l&#8217;educació primària.</li>
<li>Matemàtiques manipulatives a l&#8217;Educació Primària.</li>
<li>Tallers internivells a tota l&#8217;escola.</li>
<li>Participació en el programa ERASMUS+.</li>
<li>Treball de robòtica i Scratch (programació) des d&#8217;I3 fins a 6è.</li>
<li>Creació de l&#8217;aula adiovisual de l&#8217;Escola.</li>
<li>Incorporació d&#8217;exposicions orals des d&#8217;I3 fins a 6è com a línia d’escola.</li>
<li>Treball sistemàtic i individualitzat de la lectura des d&#8217;I5 fins a 6è.</li>
</ul>

<p>Al llarg dels darrers tres cursos, l’Escola Les Eres ha format part del programa PACTE (Programa d’Innovació d’Acceleració de la [&hellip;]</p>
