{"id":495,"date":"2019-09-24T11:21:11","date_gmt":"2019-09-24T09:21:11","guid":{"rendered":"http:\/\/agora.xtec.cat\/esc-leseresdecreixell\/?page_id=495"},"modified":"2026-01-28T18:30:50","modified_gmt":"2026-01-28T17:30:50","slug":"qui-som-lorganigrama","status":"publish","type":"page","link":"https:\/\/agora.xtec.cat\/esc-leseresdecreixell\/lescola\/qui-som-lorganigrama\/","title":{"rendered":"Qui som?"},"content":{"rendered":"\n<div class=\"wp-block-columns has-2-columns are-vertically-aligned-center is-layout-flex wp-container-core-columns-is-layout-1 wp-block-columns-is-layout-flex\">\n<div class=\"wp-block-column is-vertically-aligned-center is-layout-flow wp-block-column-is-layout-flow\">\n<div class=\"wp-block-getwid-advanced-heading\" style=\"margin-bottom:0px;margin-top:0px\"><span class=\"wp-block-getwid-advanced-heading__content\">Dades generals<\/span><\/div>\n\n\n\n<div class=\"wp-block-getwid-advanced-heading\" style=\"margin-bottom:30px;margin-top:10px\"><h2 class=\"wp-block-getwid-advanced-heading__content\" style=\"font-weight:100\">Escola Les Eres <\/h2><\/div>\n\n\n\n<p><strong>L\u2019escola les Eres<\/strong> \u00e9s un<strong> centre d&#8217;Educaci\u00f3 Infantil i Prim\u00e0ria<\/strong> (3 a 12 anys)<br>situat al carrer Onze de setembre del municipi de Creixell. Segons consta el centre es va crear el <strong>19 d\u2019abril de 1978.<\/strong><\/p>\n\n\n\n<p>Actualment \u00e9s una escola que est\u00e0 evolucionant cap a 1 l\u00ednia. L&#8217;educaci\u00f3 infantil t\u00e9 4 grups: i3, i4A, i4B i i5, i l&#8217;educaci\u00f3 prim\u00e0ria, t\u00e9 8 grups, 1r, 2n A, 2n B, 3r, 4t, 5\u00e8 i 6\u00e8. <\/p>\n\n\n\n<p>Compta amb un nombre d\u2019alumnes al voltant de 200.<\/p>\n\n\n\n<p><\/p>\n\n\n\n<div class=\"wp-block-getwid-advanced-spacer\" style=\"height:32px\" aria-hidden=\"true\"><\/div>\n\n\n\n<div class=\"wp-block-buttons is-layout-flex wp-block-buttons-is-layout-flex\">\n<div class=\"wp-block-button\"><a class=\"wp-block-button__link wp-element-button\" href=\"mailto:e3005364@xtec.cat\">Contacta<\/a><\/div>\n<\/div>\n<\/div>\n\n\n\n<div class=\"wp-block-column is-vertically-aligned-center is-layout-flow wp-block-column-is-layout-flow\">\n<figure class=\"wp-block-image size-full size-large\"><a href=\"https:\/\/agora.xtec.cat\/esc-leseresdecreixell\/wp-content\/uploads\/usu1046\/2025\/02\/IMG_6552-1.jpg\"><img loading=\"lazy\" decoding=\"async\" width=\"828\" height=\"823\" src=\"https:\/\/agora.xtec.cat\/esc-leseresdecreixell\/wp-content\/uploads\/usu1046\/2025\/02\/IMG_6552-1.jpg\" alt=\"\" class=\"wp-image-8970\" srcset=\"https:\/\/agora.xtec.cat\/esc-leseresdecreixell\/wp-content\/uploads\/usu1046\/2025\/02\/IMG_6552-1.jpg 828w, https:\/\/agora.xtec.cat\/esc-leseresdecreixell\/wp-content\/uploads\/usu1046\/2025\/02\/IMG_6552-1-300x298.jpg 300w, https:\/\/agora.xtec.cat\/esc-leseresdecreixell\/wp-content\/uploads\/usu1046\/2025\/02\/IMG_6552-1-150x150.jpg 150w, https:\/\/agora.xtec.cat\/esc-leseresdecreixell\/wp-content\/uploads\/usu1046\/2025\/02\/IMG_6552-1-768x763.jpg 768w\" sizes=\"auto, (max-width: 828px) 100vw, 828px\" \/><\/a><\/figure>\n<\/div>\n<\/div>\n\n\n\n<div style=\"height:100px\" aria-hidden=\"true\" class=\"wp-block-spacer\"><\/div>\n\n\n\n<h2 class=\"wp-block-heading\">L&#8217;ORGANIGRAMA<\/h2>\n\n\n\n<h2 class=\"wp-block-heading\"><figure><a href=\"https:\/\/agora.xtec.cat\/esc-leseresdecreixell\/wp-content\/uploads\/usu1046\/2025\/10\/ORGANIGRAMA-25-26.pptx.png\"><img loading=\"lazy\" decoding=\"async\" class=\"aligncenter size-full wp-image-9570\" src=\"https:\/\/agora.xtec.cat\/esc-leseresdecreixell\/wp-content\/uploads\/usu1046\/2025\/10\/ORGANIGRAMA-25-26.pptx.png\" alt=\"\" width=\"960\" height=\"720\" srcset=\"https:\/\/agora.xtec.cat\/esc-leseresdecreixell\/wp-content\/uploads\/usu1046\/2025\/10\/ORGANIGRAMA-25-26.pptx.png 960w, https:\/\/agora.xtec.cat\/esc-leseresdecreixell\/wp-content\/uploads\/usu1046\/2025\/10\/ORGANIGRAMA-25-26.pptx-300x225.png 300w, https:\/\/agora.xtec.cat\/esc-leseresdecreixell\/wp-content\/uploads\/usu1046\/2025\/10\/ORGANIGRAMA-25-26.pptx-768x576.png 768w\" sizes=\"auto, (max-width: 960px) 100vw, 960px\" \/><\/a><\/figure><\/h2>\n\n\n\n<div class=\"wp-block-getwid-section alignfull alignfull getwid-section-content-custom-width\"><div class=\"wp-block-getwid-section__wrapper getwid-padding-left-medium getwid-padding-right-medium\"><div class=\"wp-block-getwid-section__inner-wrapper\" style=\"max-width:1140px\"><div class=\"wp-block-getwid-section__background-holder\"><div class=\"wp-block-getwid-section__background\"><\/div><div class=\"wp-block-getwid-section__foreground\"><\/div><\/div><div class=\"wp-block-getwid-section__content\"><div class=\"wp-block-getwid-section__inner-content\"><\/div><\/div><\/div><\/div><\/div>\n","protected":false},"excerpt":{"rendered":"<p>L\u2019escola les Eres \u00e9s un centre d&#8217;Educaci\u00f3 Infantil i Prim\u00e0ria (3 a 12 anys)situat al carrer Onze de setembre del [&hellip;]<\/p>\n","protected":false},"author":1,"featured_media":0,"parent":22,"menu_order":1,"comment_status":"closed","ping_status":"closed","template":"","meta":{"_bbp_topic_count":0,"_bbp_reply_count":0,"_bbp_total_topic_count":0,"_bbp_total_reply_count":0,"_bbp_voice_count":0,"_bbp_anonymous_reply_count":0,"_bbp_topic_count_hidden":0,"_bbp_reply_count_hidden":0,"_bbp_forum_subforum_count":0,"site-sidebar-layout":"default","site-content-layout":"","ast-site-content-layout":"default","site-content-style":"default","site-sidebar-style":"default","ast-global-header-display":"","ast-banner-title-visibility":"","ast-main-header-display":"","ast-hfb-above-header-display":"","ast-hfb-below-header-display":"","ast-hfb-mobile-header-display":"","site-post-title":"","ast-breadcrumbs-content":"","ast-featured-img":"","footer-sml-layout":"","theme-transparent-header-meta":"","adv-header-id-meta":"","stick-header-meta":"","header-above-stick-meta":"","header-main-stick-meta":"","header-below-stick-meta":"","astra-migrate-meta-layouts":"set","ast-page-background-enabled":"default","ast-page-background-meta":{"desktop":{"background-color":"var(--ast-global-color-4)","background-image":"","background-repeat":"repeat","background-position":"center center","background-size":"auto","background-attachment":"scroll","background-type":"","background-media":"","overlay-type":"","overlay-color":"","overlay-opacity":"","overlay-gradient":""},"tablet":{"background-color":"","background-image":"","background-repeat":"repeat","background-position":"center center","background-size":"auto","background-attachment":"scroll","background-type":"","background-media":"","overlay-type":"","overlay-color":"","overlay-opacity":"","overlay-gradient":""},"mobile":{"background-color":"","background-image":"","background-repeat":"repeat","background-position":"center center","background-size":"auto","background-attachment":"scroll","background-type":"","background-media":"","overlay-type":"","overlay-color":"","overlay-opacity":"","overlay-gradient":""}},"ast-content-background-meta":{"desktop":{"background-color":"var(--ast-global-color-5)","background-image":"","background-repeat":"repeat","background-position":"center center","background-size":"auto","background-attachment":"scroll","background-type":"","background-media":"","overlay-type":"","overlay-color":"","overlay-opacity":"","overlay-gradient":""},"tablet":{"background-color":"var(--ast-global-color-5)","background-image":"","background-repeat":"repeat","background-position":"center center","background-size":"auto","background-attachment":"scroll","background-type":"","background-media":"","overlay-type":"","overlay-color":"","overlay-opacity":"","overlay-gradient":""},"mobile":{"background-color":"var(--ast-global-color-5)","background-image":"","background-repeat":"repeat","background-position":"center center","background-size":"auto","background-attachment":"scroll","background-type":"","background-media":"","overlay-type":"","overlay-color":"","overlay-opacity":"","overlay-gradient":""}},"footnotes":""},"class_list":["post-495","page","type-page","status-publish","hentry"],"post_mailing_queue_ids":[],"_links":{"self":[{"href":"https:\/\/agora.xtec.cat\/esc-leseresdecreixell\/wp-json\/wp\/v2\/pages\/495","targetHints":{"allow":["GET"]}}],"collection":[{"href":"https:\/\/agora.xtec.cat\/esc-leseresdecreixell\/wp-json\/wp\/v2\/pages"}],"about":[{"href":"https:\/\/agora.xtec.cat\/esc-leseresdecreixell\/wp-json\/wp\/v2\/types\/page"}],"author":[{"embeddable":true,"href":"https:\/\/agora.xtec.cat\/esc-leseresdecreixell\/wp-json\/wp\/v2\/users\/1"}],"replies":[{"embeddable":true,"href":"https:\/\/agora.xtec.cat\/esc-leseresdecreixell\/wp-json\/wp\/v2\/comments?post=495"}],"version-history":[{"count":5,"href":"https:\/\/agora.xtec.cat\/esc-leseresdecreixell\/wp-json\/wp\/v2\/pages\/495\/revisions"}],"predecessor-version":[{"id":9678,"href":"https:\/\/agora.xtec.cat\/esc-leseresdecreixell\/wp-json\/wp\/v2\/pages\/495\/revisions\/9678"}],"up":[{"embeddable":true,"href":"https:\/\/agora.xtec.cat\/esc-leseresdecreixell\/wp-json\/wp\/v2\/pages\/22"}],"wp:attachment":[{"href":"https:\/\/agora.xtec.cat\/esc-leseresdecreixell\/wp-json\/wp\/v2\/media?parent=495"}],"curies":[{"name":"wp","href":"https:\/\/api.w.org\/{rel}","templated":true}]}}

<div class="wp-block-columns has-2-columns are-vertically-aligned-center is-layout-flex wp-container-core-columns-is-layout-1 wp-block-columns-is-layout-flex">
<div class="wp-block-column is-vertically-aligned-center is-layout-flow wp-block-column-is-layout-flow">
<div class="wp-block-getwid-advanced-heading" style="margin-bottom:0px;margin-top:0px"><span class="wp-block-getwid-advanced-heading__content">Dades generals</span></div>



<div class="wp-block-getwid-advanced-heading" style="margin-bottom:30px;margin-top:10px"><h2 class="wp-block-getwid-advanced-heading__content" style="font-weight:100">Escola Les Eres </h2></div>



<p><strong>L’escola les Eres</strong> és un<strong> centre d&#8217;Educació Infantil i Primària</strong> (3 a 12 anys)<br>situat al carrer Onze de setembre del municipi de Creixell. Segons consta el centre es va crear el <strong>19 d’abril de 1978.</strong></p>



<p>Actualment és una escola que està evolucionant cap a 1 línia. L&#8217;educació infantil té 4 grups: i3, i4A, i4B i i5, i l&#8217;educació primària, té 8 grups, 1r, 2n A, 2n B, 3r, 4t, 5è i 6è. </p>



<p>Compta amb un nombre d’alumnes al voltant de 200.</p>



<p></p>



<div class="wp-block-getwid-advanced-spacer" style="height:32px" aria-hidden="true"></div>



<div class="wp-block-buttons is-layout-flex wp-block-buttons-is-layout-flex">
<div class="wp-block-button"><a class="wp-block-button__link wp-element-button" href="mailto:e3005364@xtec.cat">Contacta</a></div>
</div>
</div>



<div class="wp-block-column is-vertically-aligned-center is-layout-flow wp-block-column-is-layout-flow">
<figure class="wp-block-image size-full size-large"><a href="https://agora.xtec.cat/esc-leseresdecreixell/wp-content/uploads/usu1046/2025/02/IMG_6552-1.jpg"><img loading="lazy" decoding="async" width="828" height="823" src="https://agora.xtec.cat/esc-leseresdecreixell/wp-content/uploads/usu1046/2025/02/IMG_6552-1.jpg" alt="" class="wp-image-8970" srcset="https://agora.xtec.cat/esc-leseresdecreixell/wp-content/uploads/usu1046/2025/02/IMG_6552-1.jpg 828w, https://agora.xtec.cat/esc-leseresdecreixell/wp-content/uploads/usu1046/2025/02/IMG_6552-1-300x298.jpg 300w, https://agora.xtec.cat/esc-leseresdecreixell/wp-content/uploads/usu1046/2025/02/IMG_6552-1-150x150.jpg 150w, https://agora.xtec.cat/esc-leseresdecreixell/wp-content/uploads/usu1046/2025/02/IMG_6552-1-768x763.jpg 768w" sizes="auto, (max-width: 828px) 100vw, 828px" /></a></figure>
</div>
</div>



<div style="height:100px" aria-hidden="true" class="wp-block-spacer"></div>



<h2 class="wp-block-heading">L&#8217;ORGANIGRAMA</h2>



<h2 class="wp-block-heading"><figure><a href="https://agora.xtec.cat/esc-leseresdecreixell/wp-content/uploads/usu1046/2025/10/ORGANIGRAMA-25-26.pptx.png"><img loading="lazy" decoding="async" class="aligncenter size-full wp-image-9570" src="https://agora.xtec.cat/esc-leseresdecreixell/wp-content/uploads/usu1046/2025/10/ORGANIGRAMA-25-26.pptx.png" alt="" width="960" height="720" srcset="https://agora.xtec.cat/esc-leseresdecreixell/wp-content/uploads/usu1046/2025/10/ORGANIGRAMA-25-26.pptx.png 960w, https://agora.xtec.cat/esc-leseresdecreixell/wp-content/uploads/usu1046/2025/10/ORGANIGRAMA-25-26.pptx-300x225.png 300w, https://agora.xtec.cat/esc-leseresdecreixell/wp-content/uploads/usu1046/2025/10/ORGANIGRAMA-25-26.pptx-768x576.png 768w" sizes="auto, (max-width: 960px) 100vw, 960px" /></a></figure></h2>



<div class="wp-block-getwid-section alignfull alignfull getwid-section-content-custom-width"><div class="wp-block-getwid-section__wrapper getwid-padding-left-medium getwid-padding-right-medium"><div class="wp-block-getwid-section__inner-wrapper" style="max-width:1140px"><div class="wp-block-getwid-section__background-holder"><div class="wp-block-getwid-section__background"></div><div class="wp-block-getwid-section__foreground"></div></div><div class="wp-block-getwid-section__content"><div class="wp-block-getwid-section__inner-content"></div></div></div></div></div>

<p>L’escola les Eres és un centre d&#8217;Educació Infantil i Primària (3 a 12 anys)situat al carrer Onze de setembre del [&hellip;]</p>
