{"id":862,"date":"2020-05-07T19:08:23","date_gmt":"2020-05-07T17:08:23","guid":{"rendered":"https:\/\/agora.xtec.cat\/esc-lesavellanes\/?page_id=862"},"modified":"2026-03-03T14:00:18","modified_gmt":"2026-03-03T13:00:18","slug":"preinscripcio-curs-2020-2021","status":"publish","type":"page","link":"https:\/\/agora.xtec.cat\/esc-lesavellanes\/preinscripcio-curs-2020-2021\/","title":{"rendered":"PREINSCRIPCI\u00d3 CURS 2026 -2027"},"content":{"rendered":"<p>&nbsp;<\/p>\n<h6><\/h6>\n<h6>&#8211; Dades de contacte:<\/h6>\n<ul>\n<li style=\"list-style-type: none;\">\n<ul>\n<li>Correu electr\u00f2nic: c5000699<span class=\"\">@xtec.cat<\/span><\/li>\n<li>Tel\u00e8fon de l&#8217;escola: 973 45 42 02 \/ 634 770 717<\/li>\n<li>Tel\u00e8fon de l&#8217;Ajuntament de Les Avellanes: 973 45 40 04<\/li>\n<\/ul>\n<\/li>\n<\/ul>\n<h6><\/h6>\n<h6>&#8211; Horaris d&#8217;atenci\u00f3 al p\u00fablic:<\/h6>\n<ul>\n<li style=\"list-style-type: none;\">\n<ul>\n<li>de 9 a 13 hores els dies (falta concretar).<\/li>\n<\/ul>\n<\/li>\n<\/ul>\n<h6><\/h6>\n<h6>&#8211; INSTRUCCIONS:<\/h6>\n<ul>\n<li style=\"list-style-type: none;\">\n<ul>\n<li>Portar la documentaci\u00f3 requerida:\n<ul>\n<li>La sol\u00b7licitud es fa a trav\u00e9s de la p\u00e0gina web del Departament d&#8217;Educaci\u00f3 i Formaci\u00f3 Professional:\n<ul>\n<li><a href=\"https:\/\/preinscripcio.gencat.cat\/ca\/estudis\/infantil-3-6\/inici\/\">SOL\u00b7LICITUD<\/a><\/li>\n<\/ul>\n<\/li>\n<li>Llibre de fam\u00edlia o altre document de filiaci\u00f3 de l&#8217;alumne\/a.<\/li>\n<li>DNI de la persona sol\u00b7licitant (pare i mare o tutor\/a).<\/li>\n<li>DNI de l&#8217;alumne\/a (si en t\u00e9).<\/li>\n<li>Carnet de vacunes.<\/li>\n<\/ul>\n<\/li>\n<\/ul>\n<\/li>\n<\/ul>\n<h6>-Informaci\u00f3 del centre:<\/h6>\n<ul>\n<li style=\"list-style-type: none;\">\n<ul>\n<li><a href=\"https:\/\/agora.xtec.cat\/esc-lesavellanes\/publicitat-activa-dels-centres-educatius\/\" target=\"_blank\" rel=\"noopener noreferrer\">Documents.<\/a><\/li>\n<li><a href=\"https:\/\/agora.xtec.cat\/esc-lesavellanes\/serveis\/\" target=\"_blank\" rel=\"noopener noreferrer\">Serveis.<\/a><\/li>\n<li><a href=\"https:\/\/agora.xtec.cat\/esc-lesavellanes\/lescola\/oferta-educativa\/\" target=\"_blank\" rel=\"noopener noreferrer\">Oferta educativa.<\/a><\/li>\n<\/ul>\n<\/li>\n<\/ul>\n<h6>-Centre adscrit<\/h6>\n<p>La ZER El Montsec i per tant l&#8217;Escola de Les Avellanes, t\u00e9 com a Institut adscrit l&#8217;Institut Almat\u00e0 de Balaguer. A la seva p\u00e0gina web podreu trobar la informaci\u00f3 referida al proc\u00e9s de preinscripci\u00f3 i admissi\u00f3 de nous alumnes. La seva adre\u00e7a \u00e9s: <a href=\"http:\/\/www.almata.cat\/\" target=\"_blank\" rel=\"noopener noreferrer\">http:\/\/www.almata.cat\/<\/a><\/p>\n<h6>-OFERTA DE PLACES:<\/h6>\n<ul>\n<li><a href=\"http:\/\/mapaescolar.gencat.cat\/\" target=\"_blank\" rel=\"noopener noreferrer\">Mapa escolar<\/a><\/li>\n<\/ul>\n","protected":false},"excerpt":{"rendered":"<p>&nbsp;<\/p>\n<p>&#8211; Dades de contacte:<\/p>\n<ul>\n<li style=\"list-style-type: none;\">\n<ul>\n<li>Correu electr\u00f2nic: c5000699@xtec.cat<\/li>\n<li>Tel\u00e8fon de l&#8217;escola: 973 45 42 02 \/ 634 770 717<\/li>\n<li>Tel\u00e8fon de l&#8217;Ajuntament de Les Avellanes: 973 45 40 04<\/li>\n<\/ul>\n<\/li>\n<\/ul>\n<p>&#8211; Horaris d&#8217;atenci\u00f3 al p\u00fablic:<\/p>\n<ul>\n<li style=\"list-style-type: none;\">\n<ul>\n<li>de 9 a 13 hores els dies (falta concretar).<\/li>\n<\/ul>\n<\/li>\n<\/ul>\n<p>&#8211; INSTRUCCIONS:<\/p>\n<ul>\n<li style=\"list-style-type: none;\">\n<ul>\n<li>Portar la&hellip;  <a href=\"https:\/\/agora.xtec.cat\/esc-lesavellanes\/preinscripcio-curs-2020-2021\/\" title=\"Read PREINSCRIPCI\u00d3 CURS 2026 -2027\">Llegeix m\u00e9s\u00bb<\/a><br \/>\n","protected":false},"author":1,"featured_media":0,"parent":0,"menu_order":0,"comment_status":"closed","ping_status":"closed","template":"","meta":{"_bbp_topic_count":0,"_bbp_reply_count":0,"_bbp_total_topic_count":0,"_bbp_total_reply_count":0,"_bbp_voice_count":0,"_bbp_anonymous_reply_count":0,"_bbp_topic_count_hidden":0,"_bbp_reply_count_hidden":0,"_bbp_forum_subforum_count":0,"footnotes":""},"class_list":["post-862","page","type-page","status-publish","hentry"],"post_mailing_queue_ids":[],"_links":{"self":[{"href":"https:\/\/agora.xtec.cat\/esc-lesavellanes\/wp-json\/wp\/v2\/pages\/862","targetHints":{"allow":["GET"]}}],"collection":[{"href":"https:\/\/agora.xtec.cat\/esc-lesavellanes\/wp-json\/wp\/v2\/pages"}],"about":[{"href":"https:\/\/agora.xtec.cat\/esc-lesavellanes\/wp-json\/wp\/v2\/types\/page"}],"author":[{"embeddable":true,"href":"https:\/\/agora.xtec.cat\/esc-lesavellanes\/wp-json\/wp\/v2\/users\/1"}],"replies":[{"embeddable":true,"href":"https:\/\/agora.xtec.cat\/esc-lesavellanes\/wp-json\/wp\/v2\/comments?post=862"}],"version-history":[{"count":4,"href":"https:\/\/agora.xtec.cat\/esc-lesavellanes\/wp-json\/wp\/v2\/pages\/862\/revisions"}],"predecessor-version":[{"id":1500,"href":"https:\/\/agora.xtec.cat\/esc-lesavellanes\/wp-json\/wp\/v2\/pages\/862\/revisions\/1500"}],"wp:attachment":[{"href":"https:\/\/agora.xtec.cat\/esc-lesavellanes\/wp-json\/wp\/v2\/media?parent=862"}],"curies":[{"name":"wp","href":"https:\/\/api.w.org\/{rel}","templated":true}]}}