{"id":30,"date":"2014-09-18T12:30:23","date_gmt":"2014-09-18T11:30:23","guid":{"rendered":"http:\/\/agora.xtec.cat\/esc-lesavellanes\/?page_id=30"},"modified":"2023-10-10T15:45:05","modified_gmt":"2023-10-10T13:45:05","slug":"instal%c2%b7lacions","status":"publish","type":"page","link":"https:\/\/agora.xtec.cat\/esc-lesavellanes\/lescola\/instal%c2%b7lacions\/","title":{"rendered":"Instal\u00b7lacions"},"content":{"rendered":"<p>Tal com hem fet refer\u00e8ncia a la<a href=\"https:\/\/agora.xtec.cat\/esc-lesavellanes\/lescola\/historia\/\" target=\"_blank\" rel=\"noopener noreferrer\"> hist\u00f2ria de l&#8217;Escola<\/a>, amb l&#8217;arribada de la ZER hi va haver molts canvis. Es va arreglar el pis de dalt, que havia estat el pis de la mestra, encara que feia molts anys que no hi vivia, com a aula i despatx. All\u00ed es podia fer desdoblaments, els mestres especialistes, per exemple d&#8217;angl\u00e8s, podien treballar nom\u00e9s amb els alumnes de cicle mitj\u00e0 i superior, at\u00e8s que els m\u00e9s petits no en feien, i tamb\u00e9 es va tenir lloc per reunir-se l&#8217;equip directiu de la ZER i tot el claustre de mestres.<\/p>\n<p>L&#8217;Escola de Les Avellanes t\u00e9 dues aules i un petit despatx, on hi treballa l&#8217;administrativa de la ZER i on es reuneix l&#8217;equip directiu de la ZER.<\/p>\n<p>Planta baixa. Hi ha l&#8217;aula d&#8217;educaci\u00f3 infantil i cicle inicial<\/p>\n<p>Primera planta. Aula de cicle mitj\u00e0 i superior i despatx.<\/p>\n<p>Pati. El pati est\u00e0 dividit en dues parts ben diferenciades, una part pavimentada amb dues cistelles de b\u00e0squet i una altra part amb gronxadors i sorra.<\/p>\n","protected":false},"excerpt":{"rendered":"<p>Tal com hem fet refer\u00e8ncia a la<a href=\"https:\/\/agora.xtec.cat\/esc-lesavellanes\/lescola\/historia\/\" target=\"_blank\" rel=\"noopener noreferrer\"> hist\u00f2ria de l&#8217;Escola<\/a>, amb l&#8217;arribada de la ZER hi va haver molts canvis. Es va arreglar el pis de dalt, que havia estat el pis de la mestra, encara que feia molts anys que&hellip;  <a href=\"https:\/\/agora.xtec.cat\/esc-lesavellanes\/lescola\/instal%c2%b7lacions\/\" title=\"Read Instal\u00b7lacions\">Llegeix m\u00e9s\u00bb<\/a><\/p>\n","protected":false},"author":1,"featured_media":0,"parent":22,"menu_order":40,"comment_status":"closed","ping_status":"closed","template":"page-templates\/side-menu.php","meta":{"_bbp_topic_count":0,"_bbp_reply_count":0,"_bbp_total_topic_count":0,"_bbp_total_reply_count":0,"_bbp_voice_count":0,"_bbp_anonymous_reply_count":0,"_bbp_topic_count_hidden":0,"_bbp_reply_count_hidden":0,"_bbp_forum_subforum_count":0,"footnotes":""},"class_list":["post-30","page","type-page","status-publish","hentry"],"post_mailing_queue_ids":[],"_links":{"self":[{"href":"https:\/\/agora.xtec.cat\/esc-lesavellanes\/wp-json\/wp\/v2\/pages\/30","targetHints":{"allow":["GET"]}}],"collection":[{"href":"https:\/\/agora.xtec.cat\/esc-lesavellanes\/wp-json\/wp\/v2\/pages"}],"about":[{"href":"https:\/\/agora.xtec.cat\/esc-lesavellanes\/wp-json\/wp\/v2\/types\/page"}],"author":[{"embeddable":true,"href":"https:\/\/agora.xtec.cat\/esc-lesavellanes\/wp-json\/wp\/v2\/users\/1"}],"replies":[{"embeddable":true,"href":"https:\/\/agora.xtec.cat\/esc-lesavellanes\/wp-json\/wp\/v2\/comments?post=30"}],"version-history":[{"count":4,"href":"https:\/\/agora.xtec.cat\/esc-lesavellanes\/wp-json\/wp\/v2\/pages\/30\/revisions"}],"predecessor-version":[{"id":1158,"href":"https:\/\/agora.xtec.cat\/esc-lesavellanes\/wp-json\/wp\/v2\/pages\/30\/revisions\/1158"}],"up":[{"embeddable":true,"href":"https:\/\/agora.xtec.cat\/esc-lesavellanes\/wp-json\/wp\/v2\/pages\/22"}],"wp:attachment":[{"href":"https:\/\/agora.xtec.cat\/esc-lesavellanes\/wp-json\/wp\/v2\/media?parent=30"}],"curies":[{"name":"wp","href":"https:\/\/api.w.org\/{rel}","templated":true}]}}