{"id":26,"date":"2019-07-01T12:24:32","date_gmt":"2019-07-01T10:24:32","guid":{"rendered":"http:\/\/agora.xtec.cat\/esc-lesavellanes\/?page_id=26"},"modified":"2019-11-07T20:49:23","modified_gmt":"2019-11-07T19:49:23","slug":"historia","status":"publish","type":"page","link":"https:\/\/agora.xtec.cat\/esc-lesavellanes\/lescola\/historia\/","title":{"rendered":"Hist\u00f2ria"},"content":{"rendered":"<p>L&#8217;Escola de Les Avellanes, actualment integrada dins la ZER El Montsec, fou constru\u00efda al principi de la d\u00e8cada dels seixanta del segle passat, dins el &#8220;Plan Nacional de Construcciones Escolares&#8221; de l&#8217;any 1959, concretament inaugurat el 1962. \u00c9s una d\u2019aquelles construccions que podem trobar en molts pobles i poblets de Catalunya, on al pis de dalt hi vivien els mestres i al de baix hi havia la classe. Si, la classe, una de sola, en alguns moments amb m\u00e9s de 30 alumnes amb una sola mestra (parlem del boom de naixements d\u2019entorn l\u2019any 1975).<\/p>\n<p>Abans, per\u00f2, de l&#8217;edifici actual, els alumnes &#8220;anaven a estudi&#8221; separats, nens i nenes. Els nens anaven a &#8220;Ca La Vila&#8221;, que \u00e9s com es coneixia l&#8217;Ajuntament. Situat al mateix lloc on \u00e9s ara, per\u00f2 una mica m\u00e9s petit, a la planta baixa hi havia una sala que era l&#8217;escola de nens. I les nenes anaven a una sala que hi havia en una casa de la Pla\u00e7a Major, que actualment ja no existeix.<\/p>\n<p>A partir de l&#8217;entrada en vigor de la &#8220;<a href=\"https:\/\/www.boe.es\/buscar\/doc.php?id=BOE-A-1970-852\" target=\"_blank\" rel=\"noopener noreferrer\">Ley General de Educaci\u00f3n de 1970<\/a>&#8220;, on s&#8217;estableix l&#8217;estructura dels nivells educatius de la seg\u00fcent forma:<\/p>\n<h5 class=\"articulo\"><em>Art\u00edculo trece.<\/em><\/h5>\n<p class=\"parrafo_2\"><em>Uno. La educaci\u00f3n preescolar tiene como objetivo fundamental el desarrollo arm\u00f3nico de la personalidad del ni\u00f1o.<\/em><\/p>\n<p class=\"parrafo\"><em>Dos. La educaci\u00f3n preescolar, que tiene car\u00e1cter voluntario, comprende hasta los cinco a\u00f1os de edad y est\u00e1 dividida en dos etapas, que se desarrollar\u00e1n:<\/em><\/p>\n<p class=\"parrafo_2\"><em>a) En el Jard\u00edn de la Infancia, para ni\u00f1os de dos y tres a\u00f1os, la formaci\u00f3n, aunque estar\u00e1 originada sistem\u00e1ticamente, tendr\u00e1 un car\u00e1cter semejante a la vida del hogar.<\/em><\/p>\n<p class=\"parrafo\"><em>b) En la Escuela de p\u00e1rvulos para ni\u00f1os de cuatro y cinco a\u00f1os, la formaci\u00f3n tender\u00e1 a promover las virtualidades del ni\u00f1o.<\/em><\/p>\n<p class=\"parrafo_2\"><em>Tres. En los Centros estatales, la educaci\u00f3n preescolar ser\u00e1 gratuita y podr\u00e1 serlo tambi\u00e9n en los Centros no estatales que soliciten voluntariamente el concierto.<\/em><\/p>\n<h5 class=\"articulo\"><em>Art\u00edculo quince.<\/em><\/h5>\n<p class=\"parrafo_2\"><em>Uno. La Educaci\u00f3n General B\u00e1sica tiene por finalidad proporcionar una formaci\u00f3n integral, fundamentalmente igual para todos y adaptada, en lo posible, a las aptitudes y capacidad de cada uno.<\/em><\/p>\n<p class=\"parrafo\"><em>Dos. Este nivel comprender\u00e1 ocho a\u00f1os de estudio, cumpli\u00e9ndose normalmente entre los seis y trece a\u00f1os de edad, y estar\u00e1 dividido en dos etapas:<\/em><\/p>\n<p class=\"parrafo_2\"><em>a) En la primera, para ni\u00f1os de seis a diez a\u00f1os, se acentuar\u00e1 el car\u00e1cter globalizado de las ense\u00f1anzas.<\/em><\/p>\n<p class=\"parrafo\"><em>b) En la segunda, para ni\u00f1os de once a trece a\u00f1os, habr\u00e1 una moderada diversificaci\u00f3n de las ense\u00f1anzas por \u00e1reas de conocimiento, prest\u00e1ndose atenci\u00f3n a las actividades de orientaci\u00f3n, a fin de facilitar al alumno las ulteriores opciones de estudio y trabajo.<\/em><\/p>\n<p>Arribat a aquest punt \u00e9s quan els alumnes, acabaven a l&#8217;Escola de Les Avellanes a cinqu\u00e8 curs i a partir de sis\u00e8 d&#8217;Educaci\u00f3 General B\u00e0sica anaven a altres centres a cursar la segona etapa de l&#8217;EGB. Per norma general, els alumnes de les Avellanes es despla\u00e7aven a Balaguer, a l&#8217;Escola Gaspar de Portol\u00e0.<\/p>\n<p>El 1990 s&#8217;aprova la <a href=\"https:\/\/www.boe.es\/buscar\/doc.php?id=BOE-A-1990-24172\" target=\"_blank\" rel=\"noopener noreferrer\"><em>Ley Org\u00e1nica 1\/1990, de 3 de octubre, de Ordenaci\u00f3n General del Sistema Educativo<\/em><\/a>, on canvia l&#8217;estructura dels nivells:<\/p>\n<h5 class=\"articulo\"><em>Art\u00edculo 9.<\/em><\/h5>\n<p class=\"parrafo\"><em>1. La educaci\u00f3n infantil comprender\u00e1 dos ciclos. El primer ciclo se extender\u00e1 hasta los tres a\u00f1os y el segundo desde los tres hasta los seis a\u00f1os de edad.<\/em><\/p>\n<p class=\"parrafo\"><em>2. En el primer ciclo de la educaci\u00f3n infantil se atender\u00e1 al desarrollo del movimiento, al control corporal, a las primeras manifestaciones de la comunicaci\u00f3n y del lenguaje, a las pautas elementales de la convivencia y relaci\u00f3n social y al descubrimiento del entorno inmediato.<\/em><\/p>\n<p class=\"parrafo\"><em>3. En el segundo ciclo se procurar\u00e1 que el ni\u00f1o aprenda a hacer uso del lenguaje, descubra las caracter\u00edsticas f\u00edsicas y sociales del medio en que vive, elabore una imagen de s\u00ed mismo positiva y equilibrada, y adquiera los h\u00e1bitos b\u00e1sicos de comportamiento que le permitan una elemental autonom\u00eda personal.<\/em><\/p>\n<h5 class=\"articulo\"><em>Art\u00edculo 14.<\/em><\/h5>\n<p class=\"parrafo\"><em>1. La educaci\u00f3n primaria comprender\u00e1 tres ciclos de dos cursos acad\u00e9micos cada uno y se organizar\u00e1 en \u00e1reas que ser\u00e1n obligatorias y tendr\u00e1n un car\u00e1cter global e integrador.<\/em><\/p>\n<p class=\"parrafo\"><em>2. Las \u00e1reas de este nivel educativo ser\u00e1n las siguientes:<\/em><\/p>\n<p class=\"parrafo_2\"><em>a) Conocimiento del medio natural, social y cultural.<\/em><\/p>\n<p class=\"parrafo\"><em>b) Educaci\u00f3n Art\u00edstica.<\/em><\/p>\n<p class=\"parrafo\"><em>c) Educaci\u00f3n F\u00edsica.<\/em><\/p>\n<p class=\"parrafo\"><em>d) Lengua castellana, lengua oficial propia de la correspondiente Comunidad Aut\u00f3noma y Literatura.<\/em><\/p>\n<p class=\"parrafo\"><em>e) Lenguas extranjeras.<\/em><\/p>\n<p class=\"parrafo\"><em>f) Matem\u00e1ticas.<\/em><\/p>\n<h5 class=\"articulo\"><em>Art\u00edculo 20.<\/em><\/h5>\n<p class=\"parrafo\"><em>1. La educaci\u00f3n secundaria obligatoria constar\u00e1 de dos ciclos, de dos cursos cada uno, y se impartir\u00e1 por \u00e1reas de conocimiento.<\/em><\/p>\n<p class=\"parrafo\"><em>2. Ser\u00e1n \u00e1reas de conocimiento obligatorias en esta etapa las siguientes:<\/em><\/p>\n<p class=\"parrafo_2\"><em>a) Ciencias de la Naturaleza.<\/em><\/p>\n<p class=\"parrafo\"><em>b) Ciencias Sociales, Geograf\u00eda e Historia.<\/em><\/p>\n<p class=\"parrafo\"><em>c) Educaci\u00f3n F\u00edsica.<\/em><\/p>\n<p class=\"parrafo\"><em>d) Educaci\u00f3n Pl\u00e1stica y Visual.<\/em><\/p>\n<p class=\"parrafo\"><em>e) Lengua castellana, lengua oficial propia de la correspondiente Comunidad Aut\u00f3noma y Literatura.<\/em><\/p>\n<p class=\"parrafo\"><em>f) Lenguas extranjeras.<\/em><\/p>\n<p class=\"parrafo\"><em>g) Matem\u00e1ticas.<\/em><\/p>\n<p class=\"parrafo\"><em>h) M\u00fasica.<\/em><\/p>\n<p class=\"parrafo\"><em>i) Tecnolog\u00eda.<\/em><\/p>\n<p>A partir d&#8217;aquesta nova distribuci\u00f3, \u00e9s quan la Generalitat de Catalunya, amb compet\u00e8ncies transferides en Educaci\u00f3, comen\u00e7a a treballar en la creaci\u00f3 de les ZER, Zones Escolars Rurals on s&#8217;agrupaven diferents centres petits per compartir programacions, activitats i mestres especialistes itinerants.<\/p>\n<p>El dia 6 d&#8217;abril de 1992, el DOGC publicava la Resoluci\u00f3 de <a href=\"https:\/\/dogc.gencat.cat\/ca\/pdogc_canals_interns\/pdogc_resultats_fitxa\/?action=fitxa&amp;documentId=62301&amp;language=ca_ES\" target=\"_blank\" rel=\"noopener noreferrer\">25 de mar\u00e7 de 1992, per la qual es constitueixen, amb car\u00e0cter provisional, 15 zones escolars rurals<\/a>. Una d&#8217;aquestes \u00e9s la<\/p>\n<pre>Nom: del Montsec.\r\n  Domicili: c. Nou, s\/n, 25612 Les Avellanes.\r\n  Poblaci\u00f3 i nombre d'unitats que integren cada centre:       \r\n  Ager: 2 (pre-esc.: 1 i EGB: 1).\r\n  Gerb (Os de Balaguer): 1 (EGB).\r\n  Les Avellanes (Les Avellanes i Santa Linya): 1 (EGB).\r\n  Os de Balaguer: 1 (EGB).\r\n  Tartareu (Les Avellanes i Santa Linya): 1 (EGB).<\/pre>\n<p>&nbsp;<\/p>\n<p>Aquell setembre comen\u00e7ava a funcionar la ZER com a tal.<\/p>\n<p>La hist\u00f2ria recent de l&#8217;Escola de Les Avellanes, ve lligada des de l&#8217;any 1992 a la de la ZER El Montsec.<\/p>\n","protected":false},"excerpt":{"rendered":"<p>L&#8217;Escola de Les Avellanes, actualment integrada dins la ZER El Montsec, fou constru\u00efda al principi de la d\u00e8cada dels seixanta del segle passat, dins el &#8220;Plan Nacional de Construcciones Escolares&#8221; de l&#8217;any 1959, concretament inaugurat el 1962. \u00c9s una d\u2019aquelles construccions que podem trobar en&hellip;  <a href=\"https:\/\/agora.xtec.cat\/esc-lesavellanes\/lescola\/historia\/\" title=\"Read Hist\u00f2ria\">Llegeix m\u00e9s\u00bb<\/a><\/p>\n","protected":false},"author":1,"featured_media":0,"parent":22,"menu_order":20,"comment_status":"closed","ping_status":"closed","template":"page-templates\/side-menu.php","meta":{"_bbp_topic_count":0,"_bbp_reply_count":0,"_bbp_total_topic_count":0,"_bbp_total_reply_count":0,"_bbp_voice_count":0,"_bbp_anonymous_reply_count":0,"_bbp_topic_count_hidden":0,"_bbp_reply_count_hidden":0,"_bbp_forum_subforum_count":0,"footnotes":""},"class_list":["post-26","page","type-page","status-publish","hentry"],"post_mailing_queue_ids":[],"_links":{"self":[{"href":"https:\/\/agora.xtec.cat\/esc-lesavellanes\/wp-json\/wp\/v2\/pages\/26","targetHints":{"allow":["GET"]}}],"collection":[{"href":"https:\/\/agora.xtec.cat\/esc-lesavellanes\/wp-json\/wp\/v2\/pages"}],"about":[{"href":"https:\/\/agora.xtec.cat\/esc-lesavellanes\/wp-json\/wp\/v2\/types\/page"}],"author":[{"embeddable":true,"href":"https:\/\/agora.xtec.cat\/esc-lesavellanes\/wp-json\/wp\/v2\/users\/1"}],"replies":[{"embeddable":true,"href":"https:\/\/agora.xtec.cat\/esc-lesavellanes\/wp-json\/wp\/v2\/comments?post=26"}],"version-history":[{"count":3,"href":"https:\/\/agora.xtec.cat\/esc-lesavellanes\/wp-json\/wp\/v2\/pages\/26\/revisions"}],"predecessor-version":[{"id":763,"href":"https:\/\/agora.xtec.cat\/esc-lesavellanes\/wp-json\/wp\/v2\/pages\/26\/revisions\/763"}],"up":[{"embeddable":true,"href":"https:\/\/agora.xtec.cat\/esc-lesavellanes\/wp-json\/wp\/v2\/pages\/22"}],"wp:attachment":[{"href":"https:\/\/agora.xtec.cat\/esc-lesavellanes\/wp-json\/wp\/v2\/media?parent=26"}],"curies":[{"name":"wp","href":"https:\/\/api.w.org\/{rel}","templated":true}]}}