{"id":1703,"date":"2022-07-14T20:34:44","date_gmt":"2022-07-14T18:34:44","guid":{"rendered":"https:\/\/agora.xtec.cat\/esc-lasiniamolins\/?page_id=1703"},"modified":"2022-09-09T23:04:05","modified_gmt":"2022-09-09T21:04:05","slug":"don-venim","status":"publish","type":"page","link":"https:\/\/agora.xtec.cat\/esc-lasiniamolins\/lescola\/don-venim\/","title":{"rendered":"D&#8217;on venim?"},"content":{"rendered":"<h1><sub>UNA MICA D&#8217;HIST\u00d2RIA\u00a0<\/sub><sub>O EL CAM\u00cd RECORREGUT<\/sub><\/h1>\n<p>L&#8217;escola La S\u00ednia t\u00e9 una hist\u00f2ria molt recent. Va iniciar la seva activitat el setembre de 2004 en dos m\u00f2duls prefabricats, amb dos grups de P3, quatre docents i un projecte educatiu molt incipient que es mou\u00a0 recolzat sobre quatre fonaments:<\/p>\n<ul>\n<li>L&#8217;infant com agent actiu del seu propi aprenentatge basat en confian\u00e7a sobre ell, la participaci\u00f3, l&#8217;autoavaluaci\u00f3, la responsabilitat i l&#8217;autonomia.<\/li>\n<\/ul>\n<ul>\n<li>L&#8217;acompanyament i l&#8217;escolta constant del docent en el seu desenvolupament global.<\/li>\n<\/ul>\n<ul>\n<li>L&#8217;aprenentatge basat en l&#8217;adquisici\u00f3 de coneixements a partir de la descoberta d&#8217;una realitat complexa i globalitzadora tenint en compte les diferents mirades disciplinars i diferents metodologies que permetin\u00a0 aprofundir en el coneixement.<\/li>\n<\/ul>\n<ul>\n<li>El valor de la comunitat educativa en el proc\u00e9s de creixement i d&#8217;aprenentatge de l&#8217;infant, la pres\u00e8ncia activa de les fam\u00edlies com a agents essencials i per tant presents en la quotidianitat escolar.<\/li>\n<\/ul>\n<p>Un curs despr\u00e9s es va incorporar un grup de P5. Per Sant Jordi del curs 2007-2008\u00a0 es va acabar l&#8217;etapa de la provisionalitat als m\u00f2duls i es va fer el trasllat a l&#8217;edifici definitiu. Durant el curs 2009-2010 es van\u00a0 finalitzar les obres del Poliesportiu.<br \/>\nEl curs 2011-2012 es completa l&#8217;Educaci\u00f3 Prim\u00e0ria amb la primera promoci\u00f3 de sis\u00e8 que surt del centre.<\/p>\n","protected":false},"excerpt":{"rendered":"<p>UNA MICA D&#8217;HIST\u00d2RIA\u00a0O EL CAM\u00cd RECORREGUT<br \/>\nL&#8217;escola La S\u00ednia t\u00e9 una hist\u00f2ria molt recent. Va iniciar la seva activitat el setembre de 2004 en dos m\u00f2duls prefabricats, amb dos grups de P3, quatre docents i un projecte educatiu molt incipient que es mou\u00a0 recolzat sobre quatre&hellip;  <a href=\"https:\/\/agora.xtec.cat\/esc-lasiniamolins\/lescola\/don-venim\/\" title=\"Read D&#8217;on venim?\">Llegeix m\u00e9s\u00bb<\/a><\/p>\n","protected":false},"author":1,"featured_media":0,"parent":22,"menu_order":10,"comment_status":"closed","ping_status":"closed","template":"page-templates\/side-menu.php","meta":{"_bbp_topic_count":0,"_bbp_reply_count":0,"_bbp_total_topic_count":0,"_bbp_total_reply_count":0,"_bbp_voice_count":0,"_bbp_anonymous_reply_count":0,"_bbp_topic_count_hidden":0,"_bbp_reply_count_hidden":0,"_bbp_forum_subforum_count":0,"footnotes":""},"class_list":["post-1703","page","type-page","status-publish","hentry"],"post_mailing_queue_ids":[],"_links":{"self":[{"href":"https:\/\/agora.xtec.cat\/esc-lasiniamolins\/wp-json\/wp\/v2\/pages\/1703","targetHints":{"allow":["GET"]}}],"collection":[{"href":"https:\/\/agora.xtec.cat\/esc-lasiniamolins\/wp-json\/wp\/v2\/pages"}],"about":[{"href":"https:\/\/agora.xtec.cat\/esc-lasiniamolins\/wp-json\/wp\/v2\/types\/page"}],"author":[{"embeddable":true,"href":"https:\/\/agora.xtec.cat\/esc-lasiniamolins\/wp-json\/wp\/v2\/users\/1"}],"replies":[{"embeddable":true,"href":"https:\/\/agora.xtec.cat\/esc-lasiniamolins\/wp-json\/wp\/v2\/comments?post=1703"}],"version-history":[{"count":2,"href":"https:\/\/agora.xtec.cat\/esc-lasiniamolins\/wp-json\/wp\/v2\/pages\/1703\/revisions"}],"predecessor-version":[{"id":1782,"href":"https:\/\/agora.xtec.cat\/esc-lasiniamolins\/wp-json\/wp\/v2\/pages\/1703\/revisions\/1782"}],"up":[{"embeddable":true,"href":"https:\/\/agora.xtec.cat\/esc-lasiniamolins\/wp-json\/wp\/v2\/pages\/22"}],"wp:attachment":[{"href":"https:\/\/agora.xtec.cat\/esc-lasiniamolins\/wp-json\/wp\/v2\/media?parent=1703"}],"curies":[{"name":"wp","href":"https:\/\/api.w.org\/{rel}","templated":true}]}}

<h1><sub>UNA MICA D&#8217;HISTÒRIA </sub><sub>O EL CAMÍ RECORREGUT</sub></h1>
<p>L&#8217;escola La Sínia té una història molt recent. Va iniciar la seva activitat el setembre de 2004 en dos mòduls prefabricats, amb dos grups de P3, quatre docents i un projecte educatiu molt incipient que es mou  recolzat sobre quatre fonaments:</p>
<ul>
<li>L&#8217;infant com agent actiu del seu propi aprenentatge basat en confiança sobre ell, la participació, l&#8217;autoavaluació, la responsabilitat i l&#8217;autonomia.</li>
</ul>
<ul>
<li>L&#8217;acompanyament i l&#8217;escolta constant del docent en el seu desenvolupament global.</li>
</ul>
<ul>
<li>L&#8217;aprenentatge basat en l&#8217;adquisició de coneixements a partir de la descoberta d&#8217;una realitat complexa i globalitzadora tenint en compte les diferents mirades disciplinars i diferents metodologies que permetin  aprofundir en el coneixement.</li>
</ul>
<ul>
<li>El valor de la comunitat educativa en el procés de creixement i d&#8217;aprenentatge de l&#8217;infant, la presència activa de les famílies com a agents essencials i per tant presents en la quotidianitat escolar.</li>
</ul>
<p>Un curs després es va incorporar un grup de P5. Per Sant Jordi del curs 2007-2008  es va acabar l&#8217;etapa de la provisionalitat als mòduls i es va fer el trasllat a l&#8217;edifici definitiu. Durant el curs 2009-2010 es van  finalitzar les obres del Poliesportiu.<br />
El curs 2011-2012 es completa l&#8217;Educació Primària amb la primera promoció de sisè que surt del centre.</p>

<p>UNA MICA D&#8217;HISTÒRIA O EL CAMÍ RECORREGUT<br />
L&#8217;escola La Sínia té una història molt recent. Va iniciar la seva activitat el setembre de 2004 en dos mòduls prefabricats, amb dos grups de P3, quatre docents i un projecte educatiu molt incipient que es mou  recolzat sobre quatre&hellip;  <a href="https://agora.xtec.cat/esc-lasiniamolins/lescola/don-venim/" title="Read D&#8217;on venim?">Llegeix més»</a></p>
