{"id":211,"date":"2014-10-28T12:00:22","date_gmt":"2014-10-28T12:00:22","guid":{"rendered":"http:\/\/localhost\/wordpress\/?page_id=102"},"modified":"2015-03-25T12:19:07","modified_gmt":"2015-03-25T11:19:07","slug":"cicle-inicial-2","status":"publish","type":"page","link":"https:\/\/agora.xtec.cat\/esc-lasagrera\/cicle-inicial-2\/","title":{"rendered":"Descripci\u00f3 del CI"},"content":{"rendered":"<p>El <strong>Cicle Inicial<\/strong> inclou els cursos de primer i segon de prim\u00e0ria.\u00a0 En aquesta etapa els infants experimenten un notable desenvolupament psicomotor, cognitiu, personal, social i moral, i tamb\u00e9 un important aven\u00e7 en l\u2019adquisici\u00f3 del llenguatge.<\/p>\n<p>Algunes de les activitats m\u00e9s caracter\u00edstiques que es realitzen en el cicle s\u00f3n:<\/p>\n<ul>\n<li>Els grups flexibles de lectura i el taller de dramatitzaci\u00f3.<\/li>\n<li>L\u2019 apadrinament lector amb els alumnes de sis\u00e8. \u00a0Aquesta activitat pret\u00e9n fomentar l\u2019h\u00e0bit i l\u2019aprenentatge de la lectura i millorar el proc\u00e9s lector donant responsabilitat ambdues parts,\u00a0 establint un comprom\u00eds de col\u00b7laboraci\u00f3 i d\u2019ajuda, tot creant uns bons lligams afectius.<\/li>\n<li>Tallers de pl\u00e0stica en angl\u00e8s amb la col\u00b7laboraci\u00f3 de fam\u00edlies que tenen domini de la llengua anglesa.<\/li>\n<\/ul>\n<ul>\n<li>Iniciem la jornada escolar amb el Brain Gym. Consisteix en un conjunt d&#8217;exercicis senzills basats en la relaci\u00f3 entre el moviment del cos i les funcions cerebrals implicades en l&#8217;aprenentatge.<\/li>\n<\/ul>\n<ul>\n<li>Treball per projectes. Cada trimestre a partir d\u2019un centres d\u2019inter\u00e8s es realitza un projecte. Es parteix dels coneixements inicials dels infants, els compartim, i entre tots constru\u00efm nous coneixements.<\/li>\n<\/ul>\n\r\n\t<div class=\"slideshow_container slideshow_container_style-light\" style=\"height: 500px; \" data-slideshow-id=\"540\" data-style-name=\"style-light\" data-style-version=\"2.3.1\" >\r\n\r\n\t\t\t\t\t<div class=\"slideshow_loading_icon\"><\/div>\r\n\t\t\r\n\t\t<div class=\"slideshow_content\" style=\"display: none;\">\r\n\r\n\t\t\t<div class=\"slideshow_view\">\r\n\t\t\t\t<div class=\"slideshow_slide slideshow_slide_image\">\r\n\t\t\t\t\t\t\t\t\t\t\t<img src=\"https:\/\/agora.xtec.cat\/esc-lasagrera\/wp-content\/uploads\/usu192\/2016\/11\/1rA-Laia-Cladellas-i-Jordi-Espinosa.jpg\" alt=\"1R A CRISTINA FORCADA\/LAIA CLADELLAS I JORDI ESPINOSA\" width=\"1284\" height=\"965\" \/>\r\n\t\t\t\t\t\t\t\t\t\t<div class=\"slideshow_description_box slideshow_transparent\">\r\n\t\t\t\t\t\t<div class=\"slideshow_title\">1R A CRISTINA FORCADA\/LAIA CLADELLAS I JORDI ESPINOSA<\/div>\t\t\t\t\t\t\t\t\t\t\t<\/div>\r\n\t\t\t\t<\/div>\r\n\r\n\t\t\t\t\t\t<div style=\"clear: both;\"><\/div><\/div><div class=\"slideshow_view\">\r\n\t\t\t\t<div class=\"slideshow_slide slideshow_slide_image\">\r\n\t\t\t\t\t\t\t\t\t\t\t<img src=\"https:\/\/agora.xtec.cat\/esc-lasagrera\/wp-content\/uploads\/usu192\/2016\/11\/1rB-Elisabet-Maspons.jpg\" alt=\"1R B ELISABET MASPONS\" width=\"800\" height=\"600\" \/>\r\n\t\t\t\t\t\t\t\t\t\t<div class=\"slideshow_description_box slideshow_transparent\">\r\n\t\t\t\t\t\t<div class=\"slideshow_title\">1R B ELISABET MASPONS<\/div>\t\t\t\t\t\t\t\t\t\t\t<\/div>\r\n\t\t\t\t<\/div>\r\n\r\n\t\t\t\t\t\t<div style=\"clear: both;\"><\/div><\/div><div class=\"slideshow_view\">\r\n\t\t\t\t<div class=\"slideshow_slide slideshow_slide_image\">\r\n\t\t\t\t\t\t\t\t\t\t\t<img src=\"https:\/\/agora.xtec.cat\/esc-lasagrera\/wp-content\/uploads\/usu192\/2016\/11\/2nA-Sandra-Salvatierra-Alba-Pi\u00f1eiro-i-Myriam-Copiar-1.jpg\" alt=\"2N A SANDRA SALVATIERRA, ALBA PI\u00d1EIRO I MYRIAM GARCIA\" width=\"1024\" height=\"768\" \/>\r\n\t\t\t\t\t\t\t\t\t\t<div class=\"slideshow_description_box slideshow_transparent\">\r\n\t\t\t\t\t\t<div class=\"slideshow_title\">2N A SANDRA SALVATIERRA, ALBA PI\u00d1EIRO I MYRIAM GARCIA<\/div>\t\t\t\t\t\t\t\t\t\t\t<\/div>\r\n\t\t\t\t<\/div>\r\n\r\n\t\t\t\t\t\t<div style=\"clear: both;\"><\/div><\/div><div class=\"slideshow_view\">\r\n\t\t\t\t<div class=\"slideshow_slide slideshow_slide_image\">\r\n\t\t\t\t\t\t\t\t\t\t\t<img src=\"https:\/\/agora.xtec.cat\/esc-lasagrera\/wp-content\/uploads\/usu192\/2016\/11\/2nB-Betsi-Vila2.jpg\" alt=\"2N B BETSI VILA\" width=\"1200\" height=\"900\" \/>\r\n\t\t\t\t\t\t\t\t\t\t<div class=\"slideshow_description_box slideshow_transparent\">\r\n\t\t\t\t\t\t<div class=\"slideshow_title\">2N B BETSI VILA<\/div>\t\t\t\t\t\t\t\t\t\t\t<\/div>\r\n\t\t\t\t<\/div>\r\n\r\n\t\t\t\t\t\t<div style=\"clear: both;\"><\/div><\/div>\r\n\t\t<\/div>\r\n\r\n\t\t<div class=\"slideshow_controlPanel slideshow_transparent\" style=\"display: none;\"><ul><li class=\"slideshow_togglePlay\" data-play-text=\"Visualitza\" data-pause-text=\"Pausa\"><\/li><\/ul><\/div>\r\n\r\n\t\t<div class=\"slideshow_button slideshow_previous slideshow_transparent\" role=\"button\" data-previous-text=\"Anterior\" style=\"display: none;\"><\/div>\r\n\t\t<div class=\"slideshow_button slideshow_next slideshow_transparent\" role=\"button\" data-next-text=\"Seg\u00fcent\" style=\"display: none;\"><\/div>\r\n\r\n\t\t<div class=\"slideshow_pagination\" style=\"display: none;\" data-go-to-text=\"V\u00e9s a la diapositiva\"><div class=\"slideshow_pagination_center\"><\/div><\/div>\r\n\r\n\t\t<!-- WordPress Slideshow Version 2.3.1 -->\r\n\r\n\t\t\t<\/div>\r\n\r\n\n<p>&nbsp;<\/p>\n","protected":false},"excerpt":{"rendered":"<p>El Cicle Inicial inclou els cursos de primer i segon de prim\u00e0ria.\u00a0 En aquesta etapa els infants experimenten un notable desenvolupament psicomotor, cognitiu, personal, social i moral, i tamb\u00e9 un important aven\u00e7 en l\u2019adquisici\u00f3 del llenguatge.<br \/>\nAlgunes de les activitats m\u00e9s caracter\u00edstiques que es realitzen en&hellip;  <a href=\"https:\/\/agora.xtec.cat\/esc-lasagrera\/cicle-inicial-2\/\" title=\"Read Descripci\u00f3 del CI\">Llegeix m\u00e9s\u00bb<\/a><\/p>\n","protected":false},"author":1,"featured_media":0,"parent":0,"menu_order":0,"comment_status":"closed","ping_status":"open","template":"","meta":{"_bbp_topic_count":0,"_bbp_reply_count":0,"_bbp_total_topic_count":0,"_bbp_total_reply_count":0,"_bbp_voice_count":0,"_bbp_anonymous_reply_count":0,"_bbp_topic_count_hidden":0,"_bbp_reply_count_hidden":0,"_bbp_forum_subforum_count":0,"footnotes":""},"class_list":["post-211","page","type-page","status-publish","hentry"],"post_mailing_queue_ids":[],"_links":{"self":[{"href":"https:\/\/agora.xtec.cat\/esc-lasagrera\/wp-json\/wp\/v2\/pages\/211","targetHints":{"allow":["GET"]}}],"collection":[{"href":"https:\/\/agora.xtec.cat\/esc-lasagrera\/wp-json\/wp\/v2\/pages"}],"about":[{"href":"https:\/\/agora.xtec.cat\/esc-lasagrera\/wp-json\/wp\/v2\/types\/page"}],"author":[{"embeddable":true,"href":"https:\/\/agora.xtec.cat\/esc-lasagrera\/wp-json\/wp\/v2\/users\/1"}],"replies":[{"embeddable":true,"href":"https:\/\/agora.xtec.cat\/esc-lasagrera\/wp-json\/wp\/v2\/comments?post=211"}],"version-history":[{"count":4,"href":"https:\/\/agora.xtec.cat\/esc-lasagrera\/wp-json\/wp\/v2\/pages\/211\/revisions"}],"predecessor-version":[{"id":1477,"href":"https:\/\/agora.xtec.cat\/esc-lasagrera\/wp-json\/wp\/v2\/pages\/211\/revisions\/1477"}],"wp:attachment":[{"href":"https:\/\/agora.xtec.cat\/esc-lasagrera\/wp-json\/wp\/v2\/media?parent=211"}],"curies":[{"name":"wp","href":"https:\/\/api.w.org\/{rel}","templated":true}]}}