{"id":3185,"date":"2023-07-11T14:12:29","date_gmt":"2023-07-11T12:12:29","guid":{"rendered":"https:\/\/agora.xtec.cat\/esc-larcstmarti\/?page_id=3185"},"modified":"2023-07-11T14:20:38","modified_gmt":"2023-07-11T12:20:38","slug":"premis-i-reconeixements","status":"publish","type":"page","link":"https:\/\/agora.xtec.cat\/esc-larcstmarti\/premis-i-reconeixements\/","title":{"rendered":"Premis i reconeixements"},"content":{"rendered":"<p><strong>CURS 2022-2023:<\/strong><\/p>\n<ul>\n<li>Concurs de dibuix <em>La Palmera qu\u00e8 volem<\/em>: 3 alumnes de 6\u00e8 premiades.<\/li>\n<\/ul>\n<p><a href=\"https:\/\/agora.xtec.cat\/esc-larcstmarti\/wp-content\/uploads\/usu941\/2023\/04\/CARTELL-CONCURS-2023-2.png\"><img loading=\"lazy\" decoding=\"async\" class=\"alignnone size-full wp-image-3019\" src=\"https:\/\/agora.xtec.cat\/esc-larcstmarti\/wp-content\/uploads\/usu941\/2023\/04\/CARTELL-CONCURS-2023-2.png\" alt=\"\" width=\"270\" height=\"480\" srcset=\"https:\/\/agora.xtec.cat\/esc-larcstmarti\/wp-content\/uploads\/usu941\/2023\/04\/CARTELL-CONCURS-2023-2.png 270w, https:\/\/agora.xtec.cat\/esc-larcstmarti\/wp-content\/uploads\/usu941\/2023\/04\/CARTELL-CONCURS-2023-2-169x300.png 169w\" sizes=\"auto, (max-width: 270px) 100vw, 270px\" \/><\/a><\/p>\n<ul>\n<li>Concurs punt de llibre del Comer\u00e7 a les escoles.<\/li>\n<\/ul>\n<p><a href=\"https:\/\/agora.xtec.cat\/esc-larcstmarti\/wp-content\/uploads\/usu941\/2023\/03\/comerc-a-les-escoles.jpg\"><img loading=\"lazy\" decoding=\"async\" class=\"alignnone size-large wp-image-2972\" src=\"https:\/\/agora.xtec.cat\/esc-larcstmarti\/wp-content\/uploads\/usu941\/2023\/03\/comerc-a-les-escoles-1024x726.jpg\" alt=\"\" width=\"1024\" height=\"726\" srcset=\"https:\/\/agora.xtec.cat\/esc-larcstmarti\/wp-content\/uploads\/usu941\/2023\/03\/comerc-a-les-escoles-1024x726.jpg 1024w, https:\/\/agora.xtec.cat\/esc-larcstmarti\/wp-content\/uploads\/usu941\/2023\/03\/comerc-a-les-escoles-300x213.jpg 300w, https:\/\/agora.xtec.cat\/esc-larcstmarti\/wp-content\/uploads\/usu941\/2023\/03\/comerc-a-les-escoles-768x545.jpg 768w, https:\/\/agora.xtec.cat\/esc-larcstmarti\/wp-content\/uploads\/usu941\/2023\/03\/comerc-a-les-escoles-1536x1090.jpg 1536w, https:\/\/agora.xtec.cat\/esc-larcstmarti\/wp-content\/uploads\/usu941\/2023\/03\/comerc-a-les-escoles.jpg 1748w\" sizes=\"auto, (max-width: 1024px) 100vw, 1024px\" \/><\/a><\/p>\n","protected":false},"excerpt":{"rendered":"<p>CURS 2022-2023: Concurs de dibuix La Palmera qu\u00e8 volem: 3 alumnes de 6\u00e8 premiades. Concurs punt de llibre del Comer\u00e7 a les escoles.<\/p>\n","protected":false},"author":1,"featured_media":0,"parent":0,"menu_order":0,"comment_status":"closed","ping_status":"closed","template":"","meta":{"_bbp_topic_count":0,"_bbp_reply_count":0,"_bbp_total_topic_count":0,"_bbp_total_reply_count":0,"_bbp_voice_count":0,"_bbp_anonymous_reply_count":0,"_bbp_topic_count_hidden":0,"_bbp_reply_count_hidden":0,"_bbp_forum_subforum_count":0,"site-sidebar-layout":"default","site-content-layout":"","ast-site-content-layout":"","site-content-style":"default","site-sidebar-style":"default","ast-global-header-display":"","ast-banner-title-visibility":"","ast-main-header-display":"","ast-hfb-above-header-display":"","ast-hfb-below-header-display":"","ast-hfb-mobile-header-display":"","site-post-title":"","ast-breadcrumbs-content":"","ast-featured-img":"","footer-sml-layout":"","theme-transparent-header-meta":"","adv-header-id-meta":"","stick-header-meta":"","header-above-stick-meta":"","header-main-stick-meta":"","header-below-stick-meta":"","astra-migrate-meta-layouts":"default","ast-page-background-enabled":"default","ast-page-background-meta":{"desktop":{"background-color":"var(--ast-global-color-4)","background-image":"","background-repeat":"repeat","background-position":"center center","background-size":"auto","background-attachment":"scroll","background-type":"","background-media":"","overlay-type":"","overlay-color":"","overlay-opacity":"","overlay-gradient":""},"tablet":{"background-color":"","background-image":"","background-repeat":"repeat","background-position":"center center","background-size":"auto","background-attachment":"scroll","background-type":"","background-media":"","overlay-type":"","overlay-color":"","overlay-opacity":"","overlay-gradient":""},"mobile":{"background-color":"","background-image":"","background-repeat":"repeat","background-position":"center center","background-size":"auto","background-attachment":"scroll","background-type":"","background-media":"","overlay-type":"","overlay-color":"","overlay-opacity":"","overlay-gradient":""}},"ast-content-background-meta":{"desktop":{"background-color":"var(--ast-global-color-5)","background-image":"","background-repeat":"repeat","background-position":"center center","background-size":"auto","background-attachment":"scroll","background-type":"","background-media":"","overlay-type":"","overlay-color":"","overlay-opacity":"","overlay-gradient":""},"tablet":{"background-color":"var(--ast-global-color-5)","background-image":"","background-repeat":"repeat","background-position":"center center","background-size":"auto","background-attachment":"scroll","background-type":"","background-media":"","overlay-type":"","overlay-color":"","overlay-opacity":"","overlay-gradient":""},"mobile":{"background-color":"var(--ast-global-color-5)","background-image":"","background-repeat":"repeat","background-position":"center center","background-size":"auto","background-attachment":"scroll","background-type":"","background-media":"","overlay-type":"","overlay-color":"","overlay-opacity":"","overlay-gradient":""}},"footnotes":""},"class_list":["post-3185","page","type-page","status-publish","hentry"],"post_mailing_queue_ids":[],"_links":{"self":[{"href":"https:\/\/agora.xtec.cat\/esc-larcstmarti\/wp-json\/wp\/v2\/pages\/3185","targetHints":{"allow":["GET"]}}],"collection":[{"href":"https:\/\/agora.xtec.cat\/esc-larcstmarti\/wp-json\/wp\/v2\/pages"}],"about":[{"href":"https:\/\/agora.xtec.cat\/esc-larcstmarti\/wp-json\/wp\/v2\/types\/page"}],"author":[{"embeddable":true,"href":"https:\/\/agora.xtec.cat\/esc-larcstmarti\/wp-json\/wp\/v2\/users\/1"}],"replies":[{"embeddable":true,"href":"https:\/\/agora.xtec.cat\/esc-larcstmarti\/wp-json\/wp\/v2\/comments?post=3185"}],"version-history":[{"count":2,"href":"https:\/\/agora.xtec.cat\/esc-larcstmarti\/wp-json\/wp\/v2\/pages\/3185\/revisions"}],"predecessor-version":[{"id":3188,"href":"https:\/\/agora.xtec.cat\/esc-larcstmarti\/wp-json\/wp\/v2\/pages\/3185\/revisions\/3188"}],"wp:attachment":[{"href":"https:\/\/agora.xtec.cat\/esc-larcstmarti\/wp-json\/wp\/v2\/media?parent=3185"}],"curies":[{"name":"wp","href":"https:\/\/api.w.org\/{rel}","templated":true}]}}