{"id":30,"date":"2014-09-18T12:30:23","date_gmt":"2014-09-18T11:30:23","guid":{"rendered":"http:\/\/agora.xtec.cat\/esc-laplana\/?page_id=30"},"modified":"2022-07-13T11:06:01","modified_gmt":"2022-07-13T09:06:01","slug":"instal%c2%b7lacions","status":"publish","type":"page","link":"https:\/\/agora.xtec.cat\/esc-laplana\/lescola\/instal%c2%b7lacions\/","title":{"rendered":"Instal\u00b7lacions"},"content":{"rendered":"<div id=\"id3\" class=\"style_SkipStroke_2 shape-with-text\">\n<div class=\"text-content style_External_487_45\">\n<div class=\"style\">\n<p class=\"paragraph_style\"><strong>Qu\u00e8 podeu trobar?<\/strong><\/p>\n<\/div>\n<\/div>\n<\/div>\n<div id=\"id4\" class=\"style_SkipStroke_3 shape-with-text\">\n<div class=\"text-content style_External_850_83\">\n<div class=\"style_1\">\n<p class=\"paragraph_style_1\">A la nostra escola hi trobareu un seguit d\u2019instal\u00b7lacions i equipaments destinats a afavorir la formaci\u00f3 integral dels vostres fills i filles.<\/p>\n<div id=\"id4\" class=\"style_SkipStroke_2 shape-with-text\">\n<div class=\"text-content graphic_shape_layout_style_default_External_487_45\">\n<div class=\"graphic_shape_layout_style_default\">\n<p class=\"paragraph_style\"><strong>Edifici d&#8217;educaci\u00f3 infantil i prim\u00e0ria.<\/strong><\/p>\n<\/div>\n<\/div>\n<\/div>\n<div class=\"style_SkipStroke_4 shape-with-text flowDefining\">\n<div class=\"text-content Normal_External_850_102\">\n<div class=\"Normal\">\n<p class=\"paragraph_style_1\">A l&#8217;edifici principal hi trobem un gran pati interior al voltant del qual estan distribu\u00efdes les diferents aules i espais on es desenvolupa la vida al centre. Aqu\u00ed, hi ha les aules d&#8217;Educaci\u00f3 Infantil, la nostra biblioteca, aules de suport personalitzat de l&#8217;alumnat, el menjador, un gimn\u00e0s,&#8230;<\/p>\n<p class=\"paragraph_style_1\">A la primera planta, hi trobareu les aules de Cicle Inicial i de Cicle Mitj\u00e0 i al segon pis hi ha les classes de Cicle Superior, l&#8217;aula d&#8217;angl\u00e8s i la d&#8217;inform\u00e0tica.<\/p>\n<p class=\"paragraph_style_1\">A m\u00e9s totes les aules disposen d\u2019una Pissarra digital interactiva amb connexi\u00f3 a Internet.<\/p>\n<\/div>\n<\/div>\n<\/div>\n<\/div>\n<\/div>\n<\/div>\n<div id=\"id4\" class=\"style_SkipStroke_2 shape-with-text\">\n<div class=\"text-content graphic_shape_layout_style_default_External_487_45\">\n<div class=\"graphic_shape_layout_style_default\">\n<p class=\"paragraph_style\"><strong>Patis i hort.<\/strong><\/p>\n<\/div>\n<\/div>\n<\/div>\n<div class=\"tinyText\"><span style=\"font-family: inherit; font-size: 1em;\">Disposem de pistes per practicar tota mena d\u2019esports tant durant les franges d&#8217;Educaci\u00f3 F\u00edsica com les estones d&#8217;esbarjo.\u00a0<\/span><\/div>\n<div><\/div>\n<div class=\"style_SkipStroke_4 shape-with-text flowDefining\">\n<div class=\"text-content Normal_External_850_126\">\n<div class=\"Normal\">\n<p class=\"paragraph_style_1\">Els\/les m\u00e9s petits\/es compten amb el seu propi espai d\u2019esbarjo amb sorrals, gronxadors i altres materials perqu\u00e8 desenvolupin tota la seva activitat.<\/p>\n<p class=\"paragraph_style_1\">Davant de l&#8217;escola hi trobareu un hort on, durant tot el curs, els\/les alumnes hi fan cr\u00e9ixer tota mena de fruites i verdures.<\/p>\n<\/div>\n<\/div>\n<\/div>\n","protected":false},"excerpt":{"rendered":"<p>Qu\u00e8 podeu trobar?<\/p>\n<p>A la nostra escola hi trobareu un seguit d\u2019instal\u00b7lacions i equipaments destinats a afavorir la formaci\u00f3 integral dels vostres fills i filles.<\/p>\n<p>Edifici d&#8217;educaci\u00f3 infantil i prim\u00e0ria.<\/p>\n<p>A l&#8217;edifici principal hi trobem un gran pati interior al voltant del qual estan distribu\u00efdes les diferents aules&hellip;  <a href=\"https:\/\/agora.xtec.cat\/esc-laplana\/lescola\/instal%c2%b7lacions\/\" title=\"Read Instal\u00b7lacions\">Llegeix m\u00e9s\u00bb<\/a><\/p>\n","protected":false},"author":1,"featured_media":0,"parent":22,"menu_order":40,"comment_status":"closed","ping_status":"closed","template":"page-templates\/side-menu.php","meta":{"_bbp_topic_count":0,"_bbp_reply_count":0,"_bbp_total_topic_count":0,"_bbp_total_reply_count":0,"_bbp_voice_count":0,"_bbp_anonymous_reply_count":0,"_bbp_topic_count_hidden":0,"_bbp_reply_count_hidden":0,"_bbp_forum_subforum_count":0,"footnotes":""},"class_list":["post-30","page","type-page","status-publish","hentry"],"post_mailing_queue_ids":[],"_links":{"self":[{"href":"https:\/\/agora.xtec.cat\/esc-laplana\/wp-json\/wp\/v2\/pages\/30","targetHints":{"allow":["GET"]}}],"collection":[{"href":"https:\/\/agora.xtec.cat\/esc-laplana\/wp-json\/wp\/v2\/pages"}],"about":[{"href":"https:\/\/agora.xtec.cat\/esc-laplana\/wp-json\/wp\/v2\/types\/page"}],"author":[{"embeddable":true,"href":"https:\/\/agora.xtec.cat\/esc-laplana\/wp-json\/wp\/v2\/users\/1"}],"replies":[{"embeddable":true,"href":"https:\/\/agora.xtec.cat\/esc-laplana\/wp-json\/wp\/v2\/comments?post=30"}],"version-history":[{"count":2,"href":"https:\/\/agora.xtec.cat\/esc-laplana\/wp-json\/wp\/v2\/pages\/30\/revisions"}],"predecessor-version":[{"id":657,"href":"https:\/\/agora.xtec.cat\/esc-laplana\/wp-json\/wp\/v2\/pages\/30\/revisions\/657"}],"up":[{"embeddable":true,"href":"https:\/\/agora.xtec.cat\/esc-laplana\/wp-json\/wp\/v2\/pages\/22"}],"wp:attachment":[{"href":"https:\/\/agora.xtec.cat\/esc-laplana\/wp-json\/wp\/v2\/media?parent=30"}],"curies":[{"name":"wp","href":"https:\/\/api.w.org\/{rel}","templated":true}]}}

<div id="id3" class="style_SkipStroke_2 shape-with-text">
<div class="text-content style_External_487_45">
<div class="style">
<p class="paragraph_style"><strong>Què podeu trobar?</strong></p>
</div>
</div>
</div>
<div id="id4" class="style_SkipStroke_3 shape-with-text">
<div class="text-content style_External_850_83">
<div class="style_1">
<p class="paragraph_style_1">A la nostra escola hi trobareu un seguit d’instal·lacions i equipaments destinats a afavorir la formació integral dels vostres fills i filles.</p>
<div id="id4" class="style_SkipStroke_2 shape-with-text">
<div class="text-content graphic_shape_layout_style_default_External_487_45">
<div class="graphic_shape_layout_style_default">
<p class="paragraph_style"><strong>Edifici d&#8217;educació infantil i primària.</strong></p>
</div>
</div>
</div>
<div class="style_SkipStroke_4 shape-with-text flowDefining">
<div class="text-content Normal_External_850_102">
<div class="Normal">
<p class="paragraph_style_1">A l&#8217;edifici principal hi trobem un gran pati interior al voltant del qual estan distribuïdes les diferents aules i espais on es desenvolupa la vida al centre. Aquí, hi ha les aules d&#8217;Educació Infantil, la nostra biblioteca, aules de suport personalitzat de l&#8217;alumnat, el menjador, un gimnàs,&#8230;</p>
<p class="paragraph_style_1">A la primera planta, hi trobareu les aules de Cicle Inicial i de Cicle Mitjà i al segon pis hi ha les classes de Cicle Superior, l&#8217;aula d&#8217;anglès i la d&#8217;informàtica.</p>
<p class="paragraph_style_1">A més totes les aules disposen d’una Pissarra digital interactiva amb connexió a Internet.</p>
</div>
</div>
</div>
</div>
</div>
</div>
<div id="id4" class="style_SkipStroke_2 shape-with-text">
<div class="text-content graphic_shape_layout_style_default_External_487_45">
<div class="graphic_shape_layout_style_default">
<p class="paragraph_style"><strong>Patis i hort.</strong></p>
</div>
</div>
</div>
<div class="tinyText"><span style="font-family: inherit; font-size: 1em;">Disposem de pistes per practicar tota mena d’esports tant durant les franges d&#8217;Educació Física com les estones d&#8217;esbarjo. </span></div>
<div></div>
<div class="style_SkipStroke_4 shape-with-text flowDefining">
<div class="text-content Normal_External_850_126">
<div class="Normal">
<p class="paragraph_style_1">Els/les més petits/es compten amb el seu propi espai d’esbarjo amb sorrals, gronxadors i altres materials perquè desenvolupin tota la seva activitat.</p>
<p class="paragraph_style_1">Davant de l&#8217;escola hi trobareu un hort on, durant tot el curs, els/les alumnes hi fan créixer tota mena de fruites i verdures.</p>
</div>
</div>
</div>

<p>Què podeu trobar?</p>
<p>A la nostra escola hi trobareu un seguit d’instal·lacions i equipaments destinats a afavorir la formació integral dels vostres fills i filles.</p>
<p>Edifici d&#8217;educació infantil i primària.</p>
<p>A l&#8217;edifici principal hi trobem un gran pati interior al voltant del qual estan distribuïdes les diferents aules&hellip;  <a href="https://agora.xtec.cat/esc-laplana/lescola/instal%c2%b7lacions/" title="Read Instal·lacions">Llegeix més»</a></p>
