{"id":26,"date":"2014-09-18T12:24:32","date_gmt":"2014-09-18T11:24:32","guid":{"rendered":"http:\/\/agora.xtec.cat\/esc-laplana\/?page_id=26"},"modified":"2022-07-15T12:14:31","modified_gmt":"2022-07-15T10:14:31","slug":"historia","status":"publish","type":"page","link":"https:\/\/agora.xtec.cat\/esc-laplana\/lescola\/historia\/","title":{"rendered":"Hist\u00f2ria"},"content":{"rendered":"<p>L\u2019Escola &#8220;La Plana&#8221; passa a ser una escola independent l\u2019any 1981. Fins aleshores nom\u00e9s hi havia unes aules habilitades que depenien de l\u2019Escola Torroja i Miret de Vila-seca. L\u2019 Escola estava ubicada en l\u2019edifici on avui hi ha el centre c\u00edvic. Tenia moltes limitacions: el pati es feia al carrer i en un petit parc del costat, les aules d\u2019infantil i l\u2019aula taller eren en altres edificis del mateix carrer.<\/p>\n<p>Inicialment l\u2019Escola era coneguda com Escola Sant Joan, per\u00f2 al passar a independitzar-se ben aviat va canviar de nom a Escola &#8220;La Plana&#8221;. L\u2019Escola estava molt integrada a la vida del barri i va promoure les primeres Jornades culturals, durant el mateix curs, amb la col\u00b7laboraci\u00f3 de l\u2019Ajuntament de Vila-seca, Diputaci\u00f3 i altres institucions. Entre les activitats cal destacar els primers &#8220;Jocs Florals&#8221;, murals a l\u2019exterior de l\u2019Escola i xerrades sobre la higiene, la lectura i els Castells.<\/p>\n<p>Els &#8220;Jocs Florals&#8221; han estat un referent de l\u2019 Escola i s\u2019han pogut celebrar cada dos anys. L\u2019any 1988 es publica el llibre de poemes \u201cAlgo queda\u201d amb poemes de nens i nenes i simpatitzants del barri, amb la col\u00b7laboraci\u00f3 del Departament de Cultura de La Generalitat, l\u2019Ajuntament de Vila-seca i l\u2019AMPA.<span style=\"font-family: inherit; font-size: 1em;\">\u00a0Es va habilitar una aula per la biblioteca impulsada per la mestra Maricarmen Rodr\u00edguez que va comen\u00e7ar amb un cat\u00e0leg de 42 llibres que aviat es van anar incrementant amb diferents ajudes del Ministeri d\u2019Educaci\u00f3. Funcionava molt b\u00e9 i estava oberta al barri.<\/span><\/p>\n<p>Es fa el trasllat al nou edifici de l\u2019Escola al febrer de l\u2019any 1991, alumnes, mestres i pares van ajudar a realitzar el trasllat del mobiliari a la tant esperada i merescuda nova Escola amb un disseny molt avantguardista. Durant el mes de juny es va fer la inauguraci\u00f3 oficial pel llavors president Jordi Pujol que va compartir una paella popu<span style=\"font-family: inherit; font-size: 1em;\">lar amb la comunitat educativa i tot el barri de La Plana.<\/span><\/p>\n<p>El gener de l\u2019any 1992 surt el N\u00ba0 de la revista escolar \u201cLa motxilla\u201d que ens ha acompanyat al llarg dels anys amb els treballs, viv\u00e8ncies, experi\u00e8ncies, festes, opinions i il\u00b7lusions de la nostra comunitat educativa<\/p>\n<p>L\u2019any 2002 es celebra el 50\u00e8 aniversari del barri de La Plana amb molta implicaci\u00f3 de l\u2019Escola que participa amb una pintada mural a la pla\u00e7a de l\u2019Esgl\u00e9sia i amb una auca entre d\u2019altres activitats.<\/p>\n<p>El 30 de novembre de 2006 s\u2019inicien els actes de la celebraci\u00f3 del 25\u00e8 aniversari de l\u2019Escola amb el destapament d\u2019una placa commemorativa pel Sr. Alcalde Josep Poblet, amb una exposici\u00f3 fotogr\u00e0fica i una audici\u00f3 coral per alumnes de l\u2019Escola.<\/p>\n<p>Amb l\u2019ajuda del programa de biblioteques escolars PUNTEDU i la col\u00b7laboraci\u00f3 de l\u2019Ajuntament de Vila-seca es remodela la biblioteca escolar amb la compra de mobiliari, ordinadors i renovaci\u00f3 de cat\u00e0leg. La inauguraci\u00f3 oficial de la nostra \u201cBibliogina\u201d \u00e9s fa el dia 27 d\u2019abril de 2012, amb l\u2019assist\u00e8ncia de la Directora dels SSTT Sra. \u00c0ngels Gonz\u00e1lez, la regidora d\u2019Educaci\u00f3 \u00c0ngels Ponce, entre d\u2019altres autoritats.<\/p>\n<p>L\u2019Escola sempre ha volgut donar l\u2019oportunitat, als seus i a les seves alumnes, de participar en diferents concursos. En alguna ocasi\u00f3 s\u2019ha aconseguit un reconeixement de l\u2019esfor\u00e7 i el treball realitzat, obtenint l\u2019any 2005-2006, el 2n premi del Concurs de contes Consum, que t\u00e9 com a objectiu fomentar bons h\u00e0bits de consum i de desenvolupament sostenible per mitj\u00e0 dels contes i la creativitat. I tamb\u00e9, l\u2019any 2017-2018, va guanyar el 1r premi al concurs el Gust per la lectura per <span style=\"font-family: inherit; font-size: 1em;\">haver fomentat entre l\u2019alumnat de 5\u00e8 i 6\u00e8 el coneixement de les faules d\u2019Hisop, a partir del qual els infants van fer un treball. Els 500\u20ac del premi es van gastar en llibres a la setmana del Llibre en catal\u00e0.<\/span><\/p>\n<p>L\u2019Escola, des de sempre, ha fomentat que els nens i les nenes hagin tingut la possibilitat de con\u00e8ixer m\u00f3n i compartir experi\u00e8ncies inoblidables, amb les sortides i col\u00f2nies proposades.<\/p>\n<p>Durant el curs 2021-22 s&#8217;ha celebrat el 40\u00e8 aniversari de la nostra escola.<\/p>\n<h1><img loading=\"lazy\" decoding=\"async\" class=\"wp-image-666 aligncenter\" style=\"font-size: 16px; font-weight: 400;\" src=\"https:\/\/agora.xtec.cat\/esc-laplana\/wp-content\/uploads\/usu2664\/2022\/07\/MURAL-40-ANIVERSARI.jpg\" alt=\"\" width=\"443\" height=\"427\" srcset=\"https:\/\/agora.xtec.cat\/esc-laplana\/wp-content\/uploads\/usu2664\/2022\/07\/MURAL-40-ANIVERSARI.jpg 640w, https:\/\/agora.xtec.cat\/esc-laplana\/wp-content\/uploads\/usu2664\/2022\/07\/MURAL-40-ANIVERSARI-300x289.jpg 300w\" sizes=\"auto, (max-width: 443px) 100vw, 443px\" \/><\/h1>\n<h1><\/h1>\n<h1><\/h1>\n","protected":false},"excerpt":{"rendered":"<p>L\u2019Escola &#8220;La Plana&#8221; passa a ser una escola independent l\u2019any 1981. Fins aleshores nom\u00e9s hi havia unes aules habilitades que depenien de l\u2019Escola Torroja i Miret de Vila-seca. L\u2019 Escola estava ubicada en l\u2019edifici on avui hi ha el centre c\u00edvic. Tenia moltes limitacions: el&hellip;  <a href=\"https:\/\/agora.xtec.cat\/esc-laplana\/lescola\/historia\/\" title=\"Read Hist\u00f2ria\">Llegeix m\u00e9s\u00bb<\/a><\/p>\n","protected":false},"author":1,"featured_media":0,"parent":22,"menu_order":20,"comment_status":"closed","ping_status":"closed","template":"page-templates\/side-menu.php","meta":{"_bbp_topic_count":0,"_bbp_reply_count":0,"_bbp_total_topic_count":0,"_bbp_total_reply_count":0,"_bbp_voice_count":0,"_bbp_anonymous_reply_count":0,"_bbp_topic_count_hidden":0,"_bbp_reply_count_hidden":0,"_bbp_forum_subforum_count":0,"footnotes":""},"class_list":["post-26","page","type-page","status-publish","hentry"],"post_mailing_queue_ids":[],"_links":{"self":[{"href":"https:\/\/agora.xtec.cat\/esc-laplana\/wp-json\/wp\/v2\/pages\/26","targetHints":{"allow":["GET"]}}],"collection":[{"href":"https:\/\/agora.xtec.cat\/esc-laplana\/wp-json\/wp\/v2\/pages"}],"about":[{"href":"https:\/\/agora.xtec.cat\/esc-laplana\/wp-json\/wp\/v2\/types\/page"}],"author":[{"embeddable":true,"href":"https:\/\/agora.xtec.cat\/esc-laplana\/wp-json\/wp\/v2\/users\/1"}],"replies":[{"embeddable":true,"href":"https:\/\/agora.xtec.cat\/esc-laplana\/wp-json\/wp\/v2\/comments?post=26"}],"version-history":[{"count":3,"href":"https:\/\/agora.xtec.cat\/esc-laplana\/wp-json\/wp\/v2\/pages\/26\/revisions"}],"predecessor-version":[{"id":667,"href":"https:\/\/agora.xtec.cat\/esc-laplana\/wp-json\/wp\/v2\/pages\/26\/revisions\/667"}],"up":[{"embeddable":true,"href":"https:\/\/agora.xtec.cat\/esc-laplana\/wp-json\/wp\/v2\/pages\/22"}],"wp:attachment":[{"href":"https:\/\/agora.xtec.cat\/esc-laplana\/wp-json\/wp\/v2\/media?parent=26"}],"curies":[{"name":"wp","href":"https:\/\/api.w.org\/{rel}","templated":true}]}}

Història

<p>L’Escola &#8220;La Plana&#8221; passa a ser una escola independent l’any 1981. Fins aleshores només hi havia unes aules habilitades que depenien de l’Escola Torroja i Miret de Vila-seca. L’ Escola estava ubicada en l’edifici on avui hi ha el centre cívic. Tenia moltes limitacions: el pati es feia al carrer i en un petit parc del costat, les aules d’infantil i l’aula taller eren en altres edificis del mateix carrer.</p>
<p>Inicialment l’Escola era coneguda com Escola Sant Joan, però al passar a independitzar-se ben aviat va canviar de nom a Escola &#8220;La Plana&#8221;. L’Escola estava molt integrada a la vida del barri i va promoure les primeres Jornades culturals, durant el mateix curs, amb la col·laboració de l’Ajuntament de Vila-seca, Diputació i altres institucions. Entre les activitats cal destacar els primers &#8220;Jocs Florals&#8221;, murals a l’exterior de l’Escola i xerrades sobre la higiene, la lectura i els Castells.</p>
<p>Els &#8220;Jocs Florals&#8221; han estat un referent de l’ Escola i s’han pogut celebrar cada dos anys. L’any 1988 es publica el llibre de poemes “Algo queda” amb poemes de nens i nenes i simpatitzants del barri, amb la col·laboració del Departament de Cultura de La Generalitat, l’Ajuntament de Vila-seca i l’AMPA.<span style="font-family: inherit; font-size: 1em;"> Es va habilitar una aula per la biblioteca impulsada per la mestra Maricarmen Rodríguez que va començar amb un catàleg de 42 llibres que aviat es van anar incrementant amb diferents ajudes del Ministeri d’Educació. Funcionava molt bé i estava oberta al barri.</span></p>
<p>Es fa el trasllat al nou edifici de l’Escola al febrer de l’any 1991, alumnes, mestres i pares van ajudar a realitzar el trasllat del mobiliari a la tant esperada i merescuda nova Escola amb un disseny molt avantguardista. Durant el mes de juny es va fer la inauguració oficial pel llavors president Jordi Pujol que va compartir una paella popu<span style="font-family: inherit; font-size: 1em;">lar amb la comunitat educativa i tot el barri de La Plana.</span></p>
<p>El gener de l’any 1992 surt el Nº0 de la revista escolar “La motxilla” que ens ha acompanyat al llarg dels anys amb els treballs, vivències, experiències, festes, opinions i il·lusions de la nostra comunitat educativa</p>
<p>L’any 2002 es celebra el 50è aniversari del barri de La Plana amb molta implicació de l’Escola que participa amb una pintada mural a la plaça de l’Església i amb una auca entre d’altres activitats.</p>
<p>El 30 de novembre de 2006 s’inicien els actes de la celebració del 25è aniversari de l’Escola amb el destapament d’una placa commemorativa pel Sr. Alcalde Josep Poblet, amb una exposició fotogràfica i una audició coral per alumnes de l’Escola.</p>
<p>Amb l’ajuda del programa de biblioteques escolars PUNTEDU i la col·laboració de l’Ajuntament de Vila-seca es remodela la biblioteca escolar amb la compra de mobiliari, ordinadors i renovació de catàleg. La inauguració oficial de la nostra “Bibliogina” és fa el dia 27 d’abril de 2012, amb l’assistència de la Directora dels SSTT Sra. Àngels González, la regidora d’Educació Àngels Ponce, entre d’altres autoritats.</p>
<p>L’Escola sempre ha volgut donar l’oportunitat, als seus i a les seves alumnes, de participar en diferents concursos. En alguna ocasió s’ha aconseguit un reconeixement de l’esforç i el treball realitzat, obtenint l’any 2005-2006, el 2n premi del Concurs de contes Consum, que té com a objectiu fomentar bons hàbits de consum i de desenvolupament sostenible per mitjà dels contes i la creativitat. I també, l’any 2017-2018, va guanyar el 1r premi al concurs el Gust per la lectura per <span style="font-family: inherit; font-size: 1em;">haver fomentat entre l’alumnat de 5è i 6è el coneixement de les faules d’Hisop, a partir del qual els infants van fer un treball. Els 500€ del premi es van gastar en llibres a la setmana del Llibre en català.</span></p>
<p>L’Escola, des de sempre, ha fomentat que els nens i les nenes hagin tingut la possibilitat de conèixer món i compartir experiències inoblidables, amb les sortides i colònies proposades.</p>
<p>Durant el curs 2021-22 s&#8217;ha celebrat el 40è aniversari de la nostra escola.</p>
<h1><img loading="lazy" decoding="async" class="wp-image-666 aligncenter" style="font-size: 16px; font-weight: 400;" src="https://agora.xtec.cat/esc-laplana/wp-content/uploads/usu2664/2022/07/MURAL-40-ANIVERSARI.jpg" alt="" width="443" height="427" srcset="https://agora.xtec.cat/esc-laplana/wp-content/uploads/usu2664/2022/07/MURAL-40-ANIVERSARI.jpg 640w, https://agora.xtec.cat/esc-laplana/wp-content/uploads/usu2664/2022/07/MURAL-40-ANIVERSARI-300x289.jpg 300w" sizes="auto, (max-width: 443px) 100vw, 443px" /></h1>
<h1></h1>
<h1></h1>

<p>L’Escola &#8220;La Plana&#8221; passa a ser una escola independent l’any 1981. Fins aleshores només hi havia unes aules habilitades que depenien de l’Escola Torroja i Miret de Vila-seca. L’ Escola estava ubicada en l’edifici on avui hi ha el centre cívic. Tenia moltes limitacions: el&hellip;  <a href="https://agora.xtec.cat/esc-laplana/lescola/historia/" title="Read Història">Llegeix més»</a></p>
