{"id":1940,"date":"2024-09-05T00:43:29","date_gmt":"2024-09-04T22:43:29","guid":{"rendered":"https:\/\/agora.xtec.cat\/esc-laplana\/?page_id=1940"},"modified":"2026-02-24T10:10:32","modified_gmt":"2026-02-24T09:10:32","slug":"preinscripcio-curs-2025-26","status":"publish","type":"page","link":"https:\/\/agora.xtec.cat\/esc-laplana\/preinscripcio-curs-2025-26\/","title":{"rendered":"PREINSCRIPCI\u00d3 CURS 2026-27"},"content":{"rendered":"<p><strong>PREINSCRIPCI\u00d3 CURS 2026-27<\/strong><\/p>\n<p>Benvolgudes fam\u00edlies,<\/p>\n<p>Us informem que s&#8217;acosta el per\u00edode de preinscripci\u00f3 per al curs 2026-27.<\/p>\n<p>IMPORTANT! Recordeu que nom\u00e9s cal fer preinscripci\u00f3 en els seg\u00fcents casos:<\/p>\n<ul>\n<li>Si el vostre fill\/a ha nascut l&#8217;any 2023 i iniciar\u00e0 la seva escolaritzaci\u00f3 a I3.<\/li>\n<li>Si el vostre fill\/a finalitza l&#8217;etapa de Prim\u00e0ria (6\u00e8) i el proper curs far\u00e0 1r d&#8217;ESO.<\/li>\n<li>Si la fam\u00edlia desitja un canvi de centre.<\/li>\n<\/ul>\n<p>En cas que el vostre fill\/a continui a l&#8217;Escola La Plana, m\u00e9s endavant us farem arribar la confirmaci\u00f3 de pla\u00e7a i ara NO CAL que feu res.<\/p>\n<p><strong>La preinscripci\u00f3 \u00e9s telem\u00e0tica i disposeu de tota la informaci\u00f3 als enlla\u00e7os.<\/strong><\/p>\n<p>Les dates de preinscripci\u00f3 s\u00f3n les seg\u00fcents:<\/p>\n<ul>\n<li>EDUCACI\u00d3 INFANTIL I PRIM\u00c0RIA<strong>: Del 4 al 18 de mar\u00e7 de 2026.<\/strong><\/li>\n<li>EDUCACI\u00d3 INFANTIL:<a href=\"https:\/\/preinscripcio.gencat.cat\/ca\/estudis\/infantil-3-6\/inici\/\"> https:\/\/preinscripcio.gencat.cat\/ca\/estudis\/infantil-3-6\/inici\/<\/a><\/li>\n<li>EDUCACI\u00d3 PRIM\u00c0RIA: <a href=\"https:\/\/preinscripcio.gencat.cat\/ca\/estudis\/primaria\/inici\/\">https:\/\/preinscripcio.gencat.cat\/ca\/estudis\/primaria\/inici\/<\/a><\/li>\n<li>EDUCACI\u00d3 SECUND\u00c0RIA OBLIGAT\u00d2RIA: Del 6 al 18 de mar\u00e7 de 2026.\u00a0 \u00a0 \u00a0 \u00a0ESO:<img loading=\"lazy\" decoding=\"async\" class=\"alignnone size-full wp-image-2553\" src=\"https:\/\/agora.xtec.cat\/esc-laplana\/wp-content\/uploads\/usu2664\/2026\/02\/Captura-de-pantalla-2026-02-24-100754.png\" alt=\"\" width=\"730\" height=\"248\" srcset=\"https:\/\/agora.xtec.cat\/esc-laplana\/wp-content\/uploads\/usu2664\/2026\/02\/Captura-de-pantalla-2026-02-24-100754.png 730w, https:\/\/agora.xtec.cat\/esc-laplana\/wp-content\/uploads\/usu2664\/2026\/02\/Captura-de-pantalla-2026-02-24-100754-300x102.png 300w\" sizes=\"auto, (max-width: 730px) 100vw, 730px\" \/>https:\/\/preinscripcio.gencat.cat\/ca\/estudis\/eso\/inici\/<\/li>\n<\/ul>\n<p><iframe loading=\"lazy\" src=\"https:\/\/docs.google.com\/forms\/d\/e\/1FAIpQLScMon4RGkkifUUlZo0vySPqfuErADF27Zn9Y_BG0ut6V4S3HA\/viewform?embedded=true\" width=\"640\" height=\"1740\" frameborder=\"0\" marginwidth=\"0\" marginheight=\"0\"><span data-mce-type=\"bookmark\" style=\"display: inline-block; width: 0px; overflow: hidden; line-height: 0;\" class=\"mce_SELRES_start\">\ufeff<\/span>S&#8217;est\u00e0 carregant\u2026<\/iframe><\/p>\n<p>&nbsp;<\/p>\n","protected":false},"excerpt":{"rendered":"<p>PREINSCRIPCI\u00d3 CURS 2026-27<br \/>\nBenvolgudes fam\u00edlies,<br \/>\nUs informem que s&#8217;acosta el per\u00edode de preinscripci\u00f3 per al curs 2026-27.<br \/>\nIMPORTANT! Recordeu que nom\u00e9s cal fer preinscripci\u00f3 en els seg\u00fcents casos:<\/p>\n<ul>\n<li>Si el vostre fill\/a ha nascut l&#8217;any 2023 i iniciar\u00e0 la seva escolaritzaci\u00f3 a I3.<\/li>\n<li>Si el vostre fill\/a finalitza l&#8217;etapa de&hellip;  <a href=\"https:\/\/agora.xtec.cat\/esc-laplana\/preinscripcio-curs-2025-26\/\" title=\"Read PREINSCRIPCI\u00d3 CURS 2026-27\">Llegeix m\u00e9s\u00bb<\/a><br \/>\n","protected":false},"author":1,"featured_media":0,"parent":0,"menu_order":0,"comment_status":"closed","ping_status":"closed","template":"","meta":{"_bbp_topic_count":0,"_bbp_reply_count":0,"_bbp_total_topic_count":0,"_bbp_total_reply_count":0,"_bbp_voice_count":0,"_bbp_anonymous_reply_count":0,"_bbp_topic_count_hidden":0,"_bbp_reply_count_hidden":0,"_bbp_forum_subforum_count":0,"footnotes":""},"class_list":["post-1940","page","type-page","status-publish","hentry"],"post_mailing_queue_ids":[],"_links":{"self":[{"href":"https:\/\/agora.xtec.cat\/esc-laplana\/wp-json\/wp\/v2\/pages\/1940","targetHints":{"allow":["GET"]}}],"collection":[{"href":"https:\/\/agora.xtec.cat\/esc-laplana\/wp-json\/wp\/v2\/pages"}],"about":[{"href":"https:\/\/agora.xtec.cat\/esc-laplana\/wp-json\/wp\/v2\/types\/page"}],"author":[{"embeddable":true,"href":"https:\/\/agora.xtec.cat\/esc-laplana\/wp-json\/wp\/v2\/users\/1"}],"replies":[{"embeddable":true,"href":"https:\/\/agora.xtec.cat\/esc-laplana\/wp-json\/wp\/v2\/comments?post=1940"}],"version-history":[{"count":6,"href":"https:\/\/agora.xtec.cat\/esc-laplana\/wp-json\/wp\/v2\/pages\/1940\/revisions"}],"predecessor-version":[{"id":2556,"href":"https:\/\/agora.xtec.cat\/esc-laplana\/wp-json\/wp\/v2\/pages\/1940\/revisions\/2556"}],"wp:attachment":[{"href":"https:\/\/agora.xtec.cat\/esc-laplana\/wp-json\/wp\/v2\/media?parent=1940"}],"curies":[{"name":"wp","href":"https:\/\/api.w.org\/{rel}","templated":true}]}}

PREINSCRIPCIÓ CURS 2026-27

<p><strong>PREINSCRIPCIÓ CURS 2026-27</strong></p>
<p>Benvolgudes famílies,</p>
<p>Us informem que s&#8217;acosta el període de preinscripció per al curs 2026-27.</p>
<p>IMPORTANT! Recordeu que només cal fer preinscripció en els següents casos:</p>
<ul>
<li>Si el vostre fill/a ha nascut l&#8217;any 2023 i iniciarà la seva escolarització a I3.</li>
<li>Si el vostre fill/a finalitza l&#8217;etapa de Primària (6è) i el proper curs farà 1r d&#8217;ESO.</li>
<li>Si la família desitja un canvi de centre.</li>
</ul>
<p>En cas que el vostre fill/a continui a l&#8217;Escola La Plana, més endavant us farem arribar la confirmació de plaça i ara NO CAL que feu res.</p>
<p><strong>La preinscripció és telemàtica i disposeu de tota la informació als enllaços.</strong></p>
<p>Les dates de preinscripció són les següents:</p>
<ul>
<li>EDUCACIÓ INFANTIL I PRIMÀRIA<strong>: Del 4 al 18 de març de 2026.</strong></li>
<li>EDUCACIÓ INFANTIL:<a href="https://preinscripcio.gencat.cat/ca/estudis/infantil-3-6/inici/"> https://preinscripcio.gencat.cat/ca/estudis/infantil-3-6/inici/</a></li>
<li>EDUCACIÓ PRIMÀRIA: <a href="https://preinscripcio.gencat.cat/ca/estudis/primaria/inici/">https://preinscripcio.gencat.cat/ca/estudis/primaria/inici/</a></li>
<li>EDUCACIÓ SECUNDÀRIA OBLIGATÒRIA: Del 6 al 18 de març de 2026.       ESO:<img loading="lazy" decoding="async" class="alignnone size-full wp-image-2553" src="https://agora.xtec.cat/esc-laplana/wp-content/uploads/usu2664/2026/02/Captura-de-pantalla-2026-02-24-100754.png" alt="" width="730" height="248" srcset="https://agora.xtec.cat/esc-laplana/wp-content/uploads/usu2664/2026/02/Captura-de-pantalla-2026-02-24-100754.png 730w, https://agora.xtec.cat/esc-laplana/wp-content/uploads/usu2664/2026/02/Captura-de-pantalla-2026-02-24-100754-300x102.png 300w" sizes="auto, (max-width: 730px) 100vw, 730px" />https://preinscripcio.gencat.cat/ca/estudis/eso/inici/</li>
</ul>
<p><iframe loading="lazy" src="https://docs.google.com/forms/d/e/1FAIpQLScMon4RGkkifUUlZo0vySPqfuErADF27Zn9Y_BG0ut6V4S3HA/viewform?embedded=true" width="640" height="1740" frameborder="0" marginwidth="0" marginheight="0"><span data-mce-type="bookmark" style="display: inline-block; width: 0px; overflow: hidden; line-height: 0;" class="mce_SELRES_start">﻿</span>S&#8217;està carregant…</iframe></p>
<p>&nbsp;</p>

<p>PREINSCRIPCIÓ CURS 2026-27<br />
Benvolgudes famílies,<br />
Us informem que s&#8217;acosta el període de preinscripció per al curs 2026-27.<br />
IMPORTANT! Recordeu que només cal fer preinscripció en els següents casos:</p>
<ul>
<li>Si el vostre fill/a ha nascut l&#8217;any 2023 i iniciarà la seva escolarització a I3.</li>
<li>Si el vostre fill/a finalitza l&#8217;etapa de&hellip;  <a href="https://agora.xtec.cat/esc-laplana/preinscripcio-curs-2025-26/" title="Read PREINSCRIPCIÓ CURS 2026-27">Llegeix més»</a><br />
