{"id":64,"date":"2024-03-05T12:39:08","date_gmt":"2024-03-05T11:39:08","guid":{"rendered":"http:\/\/agora.xtec.cat\/esc-lamerce-tortosa\/?page_id=64"},"modified":"2024-03-05T14:32:52","modified_gmt":"2024-03-05T13:32:52","slug":"projecte-educatiu","status":"publish","type":"page","link":"https:\/\/agora.xtec.cat\/esc-lamerce-tortosa\/projecte-educatiu\/","title":{"rendered":"Documents de centre"},"content":{"rendered":"<ul>\n<li><a href=\"https:\/\/agora.xtec.cat\/esc-lamerce-tortosa\/projecte-educatiu\/infografies\/\" target=\"_blank\" rel=\"noopener\">Infografies<\/a><\/li>\n<li><a href=\"https:\/\/drive.google.com\/file\/d\/1_t7ZDd4P8HKmGOhHZJOTO30UpoXwjQMu\/view\" target=\"_blank\" rel=\"noopener\">Els Valors de la Merc\u00e8<\/a><\/li>\n<li><a href=\"https:\/\/agora.xtec.cat\/esc-lamerce-tortosa\/projecte-educatiu\/pla-dorganitzacio-del-centre\/\" target=\"_blank\" rel=\"noopener\">Pla d&#8217;organitzaci\u00f3 de centre<\/a><\/li>\n<li><a href=\"https:\/\/agora.xtec.cat\/esc-lamerce-tortosa\/projecte-educatiu\/projecte-convivencia\/\" target=\"_blank\" rel=\"noopener\">Projecte de conviv\u00e8ncia<\/a><\/li>\n<li><a href=\"https:\/\/agora.xtec.cat\/esc-lamerce-tortosa\/projecte-educatiu\/pla-acolliment-alumnat-nouvingut\/\" target=\"_blank\" rel=\"noopener\">Pla d&#8217;acollida alumnat nouvingut<\/a><\/li>\n<li><a href=\"https:\/\/agora.xtec.cat\/esc-lamerce-tortosa\/projecte-educatiu\/pla-dacollida-docent\/\" target=\"_blank\" rel=\"noopener\">Pla d&#8217;acollida docent<\/a><\/li>\n<li><a href=\"https:\/\/agora.xtec.cat\/esc-lamerce-tortosa\/projecte-educatiu\/pla-comunicacio-del-centre\/\" target=\"_blank\" rel=\"noopener\">Pla comunicaci\u00f3 del centre<\/a><\/li>\n<li><a href=\"https:\/\/agora.xtec.cat\/esc-lamerce-tortosa\/projecte-educatiu\/pla-daccio-tutorial\/\" target=\"_blank\" rel=\"noopener\">Pla d&#8217;acci\u00f3 tutorial (PAT)<\/a><\/li>\n<li><a href=\"https:\/\/agora.xtec.cat\/esc-lamerce-tortosa\/projecte-educatiu\/escola-restaurativa\/\" target=\"_blank\" rel=\"noopener\">Enfocament Restauratiu Global (ERG)<\/a><\/li>\n<li><a href=\"https:\/\/agora.xtec.cat\/esc-lamerce-tortosa\/projecte-educatiu\/pec\/\" target=\"_blank\" rel=\"noopener\">Projecte educatiu de centre (PEC)<\/a><\/li>\n<li><a href=\"https:\/\/agora.xtec.cat\/esc-lamerce-tortosa\/projecte-linguistic\/\" target=\"_blank\" rel=\"noopener\">Projecte ling\u00fc\u00edstic<\/a><\/li>\n<li><a href=\"https:\/\/agora.xtec.cat\/esc-lamerce-tortosa\/projecte-educatiu\/estrategia-digital-de-centre-edc\/\" target=\"_blank\" rel=\"noopener\">Estrat\u00e8gia digital de centre (EDC)\u00a0<\/a><\/li>\n<li><a href=\"https:\/\/agora.xtec.cat\/esc-lamerce-tortosa\/projecte-educatiu\/programacio-general-anual-pga\/\">Planificaci\u00f3 General Anual (PGA)<\/a><\/li>\n<li><a href=\"https:\/\/agora.xtec.cat\/esc-lamerce-tortosa\/projecte-educatiu\/normes-dorganitzacio-i-funcionament-del-centre\/\">Normes d&#8217;organitzaci\u00f3 i funcionament del centre (NOFC)<\/a><\/li>\n<\/ul>\n","protected":false},"excerpt":{"rendered":"<p>Infografies Els Valors de la Merc\u00e8 Pla d&#8217;organitzaci\u00f3 de centre Projecte de conviv\u00e8ncia Pla d&#8217;acollida alumnat nouvingut Pla d&#8217;acollida docent Pla comunicaci\u00f3 del centre Pla d&#8217;acci\u00f3 tutorial (PAT) Enfocament Restauratiu Global (ERG) Projecte educatiu de centre (PEC) Projecte ling\u00fc\u00edstic Estrat\u00e8gia digital de centre (EDC)\u00a0 Planificaci\u00f3 General Anual (PGA) Normes d&#8217;organitzaci\u00f3 i funcionament del centre (NOFC)<\/p>\n","protected":false},"author":1,"featured_media":0,"parent":0,"menu_order":0,"comment_status":"closed","ping_status":"closed","template":"page-templates\/side-menu.php","meta":{"_bbp_topic_count":0,"_bbp_reply_count":0,"_bbp_total_topic_count":0,"_bbp_total_reply_count":0,"_bbp_voice_count":0,"_bbp_anonymous_reply_count":0,"_bbp_topic_count_hidden":0,"_bbp_reply_count_hidden":0,"_bbp_forum_subforum_count":0,"site-sidebar-layout":"default","site-content-layout":"","ast-site-content-layout":"","site-content-style":"default","site-sidebar-style":"default","ast-global-header-display":"","ast-banner-title-visibility":"","ast-main-header-display":"","ast-hfb-above-header-display":"","ast-hfb-below-header-display":"","ast-hfb-mobile-header-display":"","site-post-title":"","ast-breadcrumbs-content":"","ast-featured-img":"","footer-sml-layout":"","theme-transparent-header-meta":"","adv-header-id-meta":"","stick-header-meta":"","header-above-stick-meta":"","header-main-stick-meta":"","header-below-stick-meta":"","astra-migrate-meta-layouts":"default","ast-page-background-enabled":"default","ast-page-background-meta":{"desktop":{"background-color":"var(--ast-global-color-4)","background-image":"","background-repeat":"repeat","background-position":"center center","background-size":"auto","background-attachment":"scroll","background-type":"","background-media":"","overlay-type":"","overlay-color":"","overlay-opacity":"","overlay-gradient":""},"tablet":{"background-color":"","background-image":"","background-repeat":"repeat","background-position":"center center","background-size":"auto","background-attachment":"scroll","background-type":"","background-media":"","overlay-type":"","overlay-color":"","overlay-opacity":"","overlay-gradient":""},"mobile":{"background-color":"","background-image":"","background-repeat":"repeat","background-position":"center center","background-size":"auto","background-attachment":"scroll","background-type":"","background-media":"","overlay-type":"","overlay-color":"","overlay-opacity":"","overlay-gradient":""}},"ast-content-background-meta":{"desktop":{"background-color":"var(--ast-global-color-5)","background-image":"","background-repeat":"repeat","background-position":"center center","background-size":"auto","background-attachment":"scroll","background-type":"","background-media":"","overlay-type":"","overlay-color":"","overlay-opacity":"","overlay-gradient":""},"tablet":{"background-color":"var(--ast-global-color-5)","background-image":"","background-repeat":"repeat","background-position":"center center","background-size":"auto","background-attachment":"scroll","background-type":"","background-media":"","overlay-type":"","overlay-color":"","overlay-opacity":"","overlay-gradient":""},"mobile":{"background-color":"var(--ast-global-color-5)","background-image":"","background-repeat":"repeat","background-position":"center center","background-size":"auto","background-attachment":"scroll","background-type":"","background-media":"","overlay-type":"","overlay-color":"","overlay-opacity":"","overlay-gradient":""}},"footnotes":""},"class_list":["post-64","page","type-page","status-publish","hentry"],"post_mailing_queue_ids":[],"_links":{"self":[{"href":"https:\/\/agora.xtec.cat\/esc-lamerce-tortosa\/wp-json\/wp\/v2\/pages\/64","targetHints":{"allow":["GET"]}}],"collection":[{"href":"https:\/\/agora.xtec.cat\/esc-lamerce-tortosa\/wp-json\/wp\/v2\/pages"}],"about":[{"href":"https:\/\/agora.xtec.cat\/esc-lamerce-tortosa\/wp-json\/wp\/v2\/types\/page"}],"author":[{"embeddable":true,"href":"https:\/\/agora.xtec.cat\/esc-lamerce-tortosa\/wp-json\/wp\/v2\/users\/1"}],"replies":[{"embeddable":true,"href":"https:\/\/agora.xtec.cat\/esc-lamerce-tortosa\/wp-json\/wp\/v2\/comments?post=64"}],"version-history":[{"count":6,"href":"https:\/\/agora.xtec.cat\/esc-lamerce-tortosa\/wp-json\/wp\/v2\/pages\/64\/revisions"}],"predecessor-version":[{"id":1393,"href":"https:\/\/agora.xtec.cat\/esc-lamerce-tortosa\/wp-json\/wp\/v2\/pages\/64\/revisions\/1393"}],"wp:attachment":[{"href":"https:\/\/agora.xtec.cat\/esc-lamerce-tortosa\/wp-json\/wp\/v2\/media?parent=64"}],"curies":[{"name":"wp","href":"https:\/\/api.w.org\/{rel}","templated":true}]}}