{"id":38,"date":"2014-09-18T12:34:08","date_gmt":"2014-09-18T11:34:08","guid":{"rendered":"http:\/\/agora.xtec.cat\/esc-lamerce-tortosa\/?page_id=38"},"modified":"2025-12-10T14:43:55","modified_gmt":"2025-12-10T13:43:55","slug":"salut","status":"publish","type":"page","link":"https:\/\/agora.xtec.cat\/esc-lamerce-tortosa\/lescola\/salut\/","title":{"rendered":"Salut"},"content":{"rendered":"<p>Correspon al coordinador\/a de prevenci\u00f3 de riscos laborals promoure i coordinar les actuacions en mat\u00e8ria de salut i seguretat en el centre i, per tant, exercint-ne les accions determinades en el c\u00e0rrec.<\/p>\n<p>Les relacions amb el Departament de Salut s\u00f3n canalitzades per l&#8217;equip directiu. L&#8217;objectiu b\u00e0sic \u00e9s facilitar l&#8217;organitzaci\u00f3 per portar a terme els plans proposats des d&#8217;aquest departament.<\/p>\n<p>Les actuacions previstes s\u00f3n:<\/p>\n<ul>\n<li>Vacunacions a 6\u00e8<\/li>\n<li>Revisions bucodentals<\/li>\n<li>Taller d\u2019higienitzaci\u00f3 de mans<\/li>\n<li>Esmorzars saludables<\/li>\n<li>Altres<\/li>\n<\/ul>\n<p>En els seg\u00fcents enlla\u00e7os es poden consultar els diferents protocols d&#8217;actuaci\u00f3 relacionats amb l&#8217;\u00e0mbit de la salut:<\/p>\n<ul>\n<li><a href=\"https:\/\/agora.xtec.cat\/esc-lamerce-tortosa\/wp-content\/uploads\/usu1747\/2025\/12\/Protocol_atencio_salut.pdf\">Atenci\u00f3 a les necessitats especials de salut d\u2019infants i de joves en l\u2019entorn educatiu<\/a><\/li>\n<li><a href=\"https:\/\/agora.xtec.cat\/esc-lamerce-tortosa\/wp-content\/uploads\/usu1747\/2025\/12\/Protocol_diabetis.pdf\">Protocol d\u2019atenci\u00f3 als infants amb diabetis en l\u2019entorn educatiu<\/a><\/li>\n<li><a href=\"https:\/\/agora.xtec.cat\/esc-lamerce-tortosa\/wp-content\/uploads\/usu1747\/2025\/12\/Protocol_allergies.pdf\">Model d\u2019atenci\u00f3 dels infants amb al\u00b7l\u00e8rgies aliment\u00e0ries i\/o al l\u00e0tex en l\u2019\u00e0mbit escolar<\/a><\/li>\n<li><a href=\"https:\/\/agora.xtec.cat\/esc-lamerce-tortosa\/wp-content\/uploads\/usu1747\/2025\/12\/guia-implementacio-salutescola.pdf\">Programa Salut i Escola<\/a><\/li>\n<li><a href=\"https:\/\/agora.xtec.cat\/esc-lamerce-tortosa\/wp-content\/uploads\/usu1747\/2025\/12\/2022-Guia-Abordatge-Conducta-Suicida-Autolesions-Suicides-Centres.pdf\">Guia per a l\u2019abordatge de la conducta su\u00efcida i de les autolesions no su\u00efcides en el centre educatiu<\/a><\/li>\n<\/ul>\n","protected":false},"excerpt":{"rendered":"<p>Correspon al coordinador\/a de prevenci\u00f3 de riscos laborals promoure i coordinar les actuacions en mat\u00e8ria de salut i seguretat en el centre i, per tant, exercint-ne les accions determinades en el c\u00e0rrec. Les relacions amb el Departament de Salut s\u00f3n canalitzades per l&#8217;equip directiu. L&#8217;objectiu b\u00e0sic \u00e9s facilitar l&#8217;organitzaci\u00f3 per portar a terme els plans [&hellip;]<\/p>\n","protected":false},"author":1,"featured_media":0,"parent":22,"menu_order":80,"comment_status":"closed","ping_status":"closed","template":"","meta":{"_bbp_topic_count":0,"_bbp_reply_count":0,"_bbp_total_topic_count":0,"_bbp_total_reply_count":0,"_bbp_voice_count":0,"_bbp_anonymous_reply_count":0,"_bbp_topic_count_hidden":0,"_bbp_reply_count_hidden":0,"_bbp_forum_subforum_count":0,"site-sidebar-layout":"default","site-content-layout":"","ast-site-content-layout":"default","site-content-style":"default","site-sidebar-style":"default","ast-global-header-display":"","ast-banner-title-visibility":"","ast-main-header-display":"","ast-hfb-above-header-display":"","ast-hfb-below-header-display":"","ast-hfb-mobile-header-display":"","site-post-title":"","ast-breadcrumbs-content":"","ast-featured-img":"","footer-sml-layout":"","theme-transparent-header-meta":"default","adv-header-id-meta":"","stick-header-meta":"","header-above-stick-meta":"","header-main-stick-meta":"","header-below-stick-meta":"","astra-migrate-meta-layouts":"set","ast-page-background-enabled":"default","ast-page-background-meta":{"desktop":{"background-color":"var(--ast-global-color-4)","background-image":"","background-repeat":"repeat","background-position":"center center","background-size":"auto","background-attachment":"scroll","background-type":"","background-media":"","overlay-type":"","overlay-color":"","overlay-opacity":"","overlay-gradient":""},"tablet":{"background-color":"","background-image":"","background-repeat":"repeat","background-position":"center center","background-size":"auto","background-attachment":"scroll","background-type":"","background-media":"","overlay-type":"","overlay-color":"","overlay-opacity":"","overlay-gradient":""},"mobile":{"background-color":"","background-image":"","background-repeat":"repeat","background-position":"center center","background-size":"auto","background-attachment":"scroll","background-type":"","background-media":"","overlay-type":"","overlay-color":"","overlay-opacity":"","overlay-gradient":""}},"ast-content-background-meta":{"desktop":{"background-color":"var(--ast-global-color-5)","background-image":"","background-repeat":"repeat","background-position":"center center","background-size":"auto","background-attachment":"scroll","background-type":"","background-media":"","overlay-type":"","overlay-color":"","overlay-opacity":"","overlay-gradient":""},"tablet":{"background-color":"var(--ast-global-color-5)","background-image":"","background-repeat":"repeat","background-position":"center center","background-size":"auto","background-attachment":"scroll","background-type":"","background-media":"","overlay-type":"","overlay-color":"","overlay-opacity":"","overlay-gradient":""},"mobile":{"background-color":"var(--ast-global-color-5)","background-image":"","background-repeat":"repeat","background-position":"center center","background-size":"auto","background-attachment":"scroll","background-type":"","background-media":"","overlay-type":"","overlay-color":"","overlay-opacity":"","overlay-gradient":""}},"footnotes":""},"class_list":["post-38","page","type-page","status-publish","hentry"],"post_mailing_queue_ids":[],"_links":{"self":[{"href":"https:\/\/agora.xtec.cat\/esc-lamerce-tortosa\/wp-json\/wp\/v2\/pages\/38","targetHints":{"allow":["GET"]}}],"collection":[{"href":"https:\/\/agora.xtec.cat\/esc-lamerce-tortosa\/wp-json\/wp\/v2\/pages"}],"about":[{"href":"https:\/\/agora.xtec.cat\/esc-lamerce-tortosa\/wp-json\/wp\/v2\/types\/page"}],"author":[{"embeddable":true,"href":"https:\/\/agora.xtec.cat\/esc-lamerce-tortosa\/wp-json\/wp\/v2\/users\/1"}],"replies":[{"embeddable":true,"href":"https:\/\/agora.xtec.cat\/esc-lamerce-tortosa\/wp-json\/wp\/v2\/comments?post=38"}],"version-history":[{"count":3,"href":"https:\/\/agora.xtec.cat\/esc-lamerce-tortosa\/wp-json\/wp\/v2\/pages\/38\/revisions"}],"predecessor-version":[{"id":1516,"href":"https:\/\/agora.xtec.cat\/esc-lamerce-tortosa\/wp-json\/wp\/v2\/pages\/38\/revisions\/1516"}],"up":[{"embeddable":true,"href":"https:\/\/agora.xtec.cat\/esc-lamerce-tortosa\/wp-json\/wp\/v2\/pages\/22"}],"wp:attachment":[{"href":"https:\/\/agora.xtec.cat\/esc-lamerce-tortosa\/wp-json\/wp\/v2\/media?parent=38"}],"curies":[{"name":"wp","href":"https:\/\/api.w.org\/{rel}","templated":true}]}}