{"id":599,"date":"2017-11-24T16:33:41","date_gmt":"2017-11-24T15:33:41","guid":{"rendered":"http:\/\/agora.xtec.cat\/esc-laginesta-segurdecalafell\/?page_id=599"},"modified":"2026-04-29T09:24:29","modified_gmt":"2026-04-29T07:24:29","slug":"fotos","status":"publish","type":"page","link":"https:\/\/agora.xtec.cat\/esc-laginesta-segurdecalafell\/","title":{"rendered":"Portada"},"content":{"rendered":"\n<p class=\"has-luminous-vivid-orange-color has-text-color has-background has-link-color wp-elements-ebd92f9fbbc1191fc8a1d1e3342ed13b\" style=\"background-color:#a5f2f2;font-size:25px\"><a href=\"https:\/\/agora.xtec.cat\/esc-laginesta-segurdecalafell\/preinscripcio-2020-21\/\"><strong>PREINSCRIPCI\u00d3 EDUCACI\u00d3 INFANTIL \/ PRIM\u00c0RIA &#8211; Curs 2026 \/ 2027<\/strong><\/a><\/p>\n\n\n\n<div class=\"wp-block-getwid-progress-bar\"><div class=\"wp-block-getwid-progress-bar__wrapper\" data-fill-amount=\"60\" data-is-animated=\"true\"><div class=\"wp-block-getwid-progress-bar__header has-no-title\"><span class=\"wp-block-getwid-progress-bar__percent\">60%<\/span><\/div><div class=\"wp-block-getwid-progress-bar__bar has-background\" style=\"background-color:#f99000\"><div class=\"wp-block-getwid-progress-bar__progress has-text-color\" style=\"color:#00cdd5;width:0%\"><\/div><\/div><\/div><\/div>\n\n\n\n<p>.<\/p>\n\n\n\n<h2 class=\"wp-block-heading has-text-align-center has-luminous-vivid-amber-color has-ast-global-color-1-background-color has-text-color has-background has-link-color wp-elements-1859810e0cc0464c2e8909ae2833fd27\"><strong>&#8211;INFORMACIONS VAGA EDUCATIVA&#8211;<\/strong><\/h2>\n\n\n\n<div class=\"wp-block-columns has-light-green-cyan-background-color has-background is-layout-flex wp-container-core-columns-is-layout-1 wp-block-columns-is-layout-flex\">\n<div class=\"wp-block-column is-layout-flow wp-block-column-is-layout-flow\">\n<figure class=\"wp-block-image size-full\"><a href=\"https:\/\/agora.xtec.cat\/esc-laginesta-segurdecalafell\/wp-content\/uploads\/usu578\/2026\/03\/Infografia.jpeg\"><img loading=\"lazy\" decoding=\"async\" width=\"686\" height=\"707\" src=\"https:\/\/agora.xtec.cat\/esc-laginesta-segurdecalafell\/wp-content\/uploads\/usu578\/2026\/03\/Infografia.jpeg\" alt=\"\" class=\"wp-image-3710\" srcset=\"https:\/\/agora.xtec.cat\/esc-laginesta-segurdecalafell\/wp-content\/uploads\/usu578\/2026\/03\/Infografia.jpeg 686w, https:\/\/agora.xtec.cat\/esc-laginesta-segurdecalafell\/wp-content\/uploads\/usu578\/2026\/03\/Infografia-291x300.jpeg 291w\" sizes=\"auto, (max-width: 686px) 100vw, 686px\" \/><\/a><\/figure>\n<\/div>\n\n\n\n<div class=\"wp-block-column is-layout-flow wp-block-column-is-layout-flow\">\n<div data-wp-interactive=\"core\/file\" class=\"wp-block-file\"><object data-wp-bind--hidden=\"!state.hasPdfPreview\" hidden class=\"wp-block-file__embed\" data=\"https:\/\/agora.xtec.cat\/esc-laginesta-segurdecalafell\/wp-content\/uploads\/usu578\/2026\/03\/Acords-CL-Direccions-Baix_Penedes.pdf\" type=\"application\/pdf\" style=\"width:100%;height:450px\" aria-label=\"Incrustaci\u00f3 del fitxer Acords CL + Direccions Baix_Penedes.\"><\/object><a id=\"wp-block-file--media-c2b93ebd-29a3-45e9-a19d-73ebc60595e6\" href=\"https:\/\/agora.xtec.cat\/esc-laginesta-segurdecalafell\/wp-content\/uploads\/usu578\/2026\/03\/Acords-CL-Direccions-Baix_Penedes.pdf\">Acords CL + Direccions Baix_Penedes<\/a><a href=\"https:\/\/agora.xtec.cat\/esc-laginesta-segurdecalafell\/wp-content\/uploads\/usu578\/2026\/03\/Acords-CL-Direccions-Baix_Penedes.pdf\" class=\"wp-block-file__button wp-element-button\" download aria-describedby=\"wp-block-file--media-c2b93ebd-29a3-45e9-a19d-73ebc60595e6\">Baixa<\/a><\/div>\n<\/div>\n<\/div>\n\n\n\n<p><\/p>\n\n\n\n        <div class=\"wp-block-getwid-post-slider custom-post-type-post alignwide has-arrows-inside has-dots-inside\">\n            <div data-slider-option=\"{&quot;getwid_fade_effect&quot;:&quot;slide&quot;,&quot;getwid_autoplay&quot;:false,&quot;getwid_pause_on_hover&quot;:false,&quot;getwid_autoplay_speed&quot;:6000,&quot;getwid_infinite&quot;:true,&quot;getwid_animation_speed&quot;:800,&quot;getwid_arrows&quot;:&quot;inside&quot;,&quot;getwid_dots&quot;:&quot;inside&quot;}\" class=\"wp-block-getwid-post-slider__content\">\n                \t\t\t\t\t\t\t<div class=\"wp-block-getwid-post-slider__slide\" style=\"\">\n\t\t\t\t\t\t\t\t\n<div class=\"wp-block-getwid-post-slider__post \">\n            <div class=\"wp-block-getwid-post-slider__post-thumbnail\">\n            <img loading=\"lazy\" decoding=\"async\" width=\"1600\" height=\"900\" src=\"https:\/\/agora.xtec.cat\/esc-laginesta-segurdecalafell\/wp-content\/uploads\/usu578\/2026\/03\/FLL-trofeu.jpeg\" class=\"attachment-post-thumbnail size-post-thumbnail wp-post-image\" alt=\"\" srcset=\"https:\/\/agora.xtec.cat\/esc-laginesta-segurdecalafell\/wp-content\/uploads\/usu578\/2026\/03\/FLL-trofeu.jpeg 1600w, https:\/\/agora.xtec.cat\/esc-laginesta-segurdecalafell\/wp-content\/uploads\/usu578\/2026\/03\/FLL-trofeu-300x169.jpeg 300w, https:\/\/agora.xtec.cat\/esc-laginesta-segurdecalafell\/wp-content\/uploads\/usu578\/2026\/03\/FLL-trofeu-1024x576.jpeg 1024w, https:\/\/agora.xtec.cat\/esc-laginesta-segurdecalafell\/wp-content\/uploads\/usu578\/2026\/03\/FLL-trofeu-768x432.jpeg 768w, https:\/\/agora.xtec.cat\/esc-laginesta-segurdecalafell\/wp-content\/uploads\/usu578\/2026\/03\/FLL-trofeu-1536x864.jpeg 1536w\" sizes=\"auto, (max-width: 1600px) 100vw, 1600px\" \/>        <\/div>\n        <div class=\"wp-block-getwid-post-slider__post-overlay \"><\/div>\n    <div class=\"wp-block-getwid-post-slider__post-content-wrapper\">\n        <h3 class=\"wp-block-getwid-post-slider__post-title\"><a href=\"https:\/\/agora.xtec.cat\/esc-laginesta-segurdecalafell\/general\/portada\/g-robotics-guanya-el-1r-premi-al-projecte-innovacio-educativa\/\">G-Robotics guanya el 1r Premi al Projecte d&#8217;Innovaci\u00f3 Educativa!<\/a><\/h3>        <div class=\"wp-block-getwid-post-slider__post-excerpt\"><p>El grup de rob\u00f2tica fa un gran paper al torneig celebrat a Reus El passat dissabte 28 de febrer, a la fira d\u2019events de Reus, va tenir lloc el torneig anual de la First Lego League de la secci\u00f3 Tarragona. La nostra escola va participar gr\u00e0cies tant a la col\u00b7laboraci\u00f3 de mestres com a mares [&hellip;]<\/p>\n<\/div>\n    <\/div>\n<\/div>\n\t\t\t\t\t\t\t<\/div>\n\t\t\t\t\t\t\t\t\t\t\t\t\t<div class=\"wp-block-getwid-post-slider__slide\" style=\"\">\n\t\t\t\t\t\t\t\t\n<div class=\"wp-block-getwid-post-slider__post \">\n            <div class=\"wp-block-getwid-post-slider__post-thumbnail\">\n            <img loading=\"lazy\" decoding=\"async\" width=\"1024\" height=\"768\" src=\"https:\/\/agora.xtec.cat\/esc-laginesta-segurdecalafell\/wp-content\/uploads\/usu578\/2025\/12\/PHOTO-2025-12-17-10-28-27.jpg\" class=\"attachment-post-thumbnail size-post-thumbnail wp-post-image\" alt=\"\" srcset=\"https:\/\/agora.xtec.cat\/esc-laginesta-segurdecalafell\/wp-content\/uploads\/usu578\/2025\/12\/PHOTO-2025-12-17-10-28-27.jpg 1024w, https:\/\/agora.xtec.cat\/esc-laginesta-segurdecalafell\/wp-content\/uploads\/usu578\/2025\/12\/PHOTO-2025-12-17-10-28-27-300x225.jpg 300w, https:\/\/agora.xtec.cat\/esc-laginesta-segurdecalafell\/wp-content\/uploads\/usu578\/2025\/12\/PHOTO-2025-12-17-10-28-27-768x576.jpg 768w\" sizes=\"auto, (max-width: 1024px) 100vw, 1024px\" \/>        <\/div>\n        <div class=\"wp-block-getwid-post-slider__post-overlay \"><\/div>\n    <div class=\"wp-block-getwid-post-slider__post-content-wrapper\">\n        <h3 class=\"wp-block-getwid-post-slider__post-title\"><a href=\"https:\/\/agora.xtec.cat\/esc-laginesta-segurdecalafell\/cicle-mitja\/lhivern-a-la-ginesta\/\">L&#8217;hivern a la Ginesta<\/a><\/h3>        <div class=\"wp-block-getwid-post-slider__post-excerpt\"><p>L&#8217;hivern a la Ginesta El Nadal ja ha arribat a l\u2019escola! A l\u2019escola ja es respira l\u2019esperit nadalenc! Aquests dies hem donat la benvinguda alNadal amb molta il\u00b7lusi\u00f3 i moments m\u00e0gics. Un dels moments m\u00e9s especials ha estat l\u2019entrega de la carta als Reis Mags.Els infants han pogut explicar els seus desitjos amb molta emoci\u00f3, [&hellip;]<\/p>\n<\/div>\n    <\/div>\n<\/div>\n\t\t\t\t\t\t\t<\/div>\n\t\t\t\t\t\t\t\t\t\t\t\t\t<div class=\"wp-block-getwid-post-slider__slide\" style=\"\">\n\t\t\t\t\t\t\t\t\n<div class=\"wp-block-getwid-post-slider__post \">\n            <div class=\"wp-block-getwid-post-slider__post-thumbnail\">\n            <img loading=\"lazy\" decoding=\"async\" width=\"1600\" height=\"1200\" src=\"https:\/\/agora.xtec.cat\/esc-laginesta-segurdecalafell\/wp-content\/uploads\/usu578\/2025\/11\/Imatge-de-WhatsApp-2025-11-13-a-les-13.19.28_70f2fc9c-1.jpg\" class=\"attachment-post-thumbnail size-post-thumbnail wp-post-image\" alt=\"\" srcset=\"https:\/\/agora.xtec.cat\/esc-laginesta-segurdecalafell\/wp-content\/uploads\/usu578\/2025\/11\/Imatge-de-WhatsApp-2025-11-13-a-les-13.19.28_70f2fc9c-1.jpg 1600w, https:\/\/agora.xtec.cat\/esc-laginesta-segurdecalafell\/wp-content\/uploads\/usu578\/2025\/11\/Imatge-de-WhatsApp-2025-11-13-a-les-13.19.28_70f2fc9c-1-300x225.jpg 300w, https:\/\/agora.xtec.cat\/esc-laginesta-segurdecalafell\/wp-content\/uploads\/usu578\/2025\/11\/Imatge-de-WhatsApp-2025-11-13-a-les-13.19.28_70f2fc9c-1-1024x768.jpg 1024w, https:\/\/agora.xtec.cat\/esc-laginesta-segurdecalafell\/wp-content\/uploads\/usu578\/2025\/11\/Imatge-de-WhatsApp-2025-11-13-a-les-13.19.28_70f2fc9c-1-768x576.jpg 768w, https:\/\/agora.xtec.cat\/esc-laginesta-segurdecalafell\/wp-content\/uploads\/usu578\/2025\/11\/Imatge-de-WhatsApp-2025-11-13-a-les-13.19.28_70f2fc9c-1-1536x1152.jpg 1536w\" sizes=\"auto, (max-width: 1600px) 100vw, 1600px\" \/>        <\/div>\n        <div class=\"wp-block-getwid-post-slider__post-overlay \"><\/div>\n    <div class=\"wp-block-getwid-post-slider__post-content-wrapper\">\n        <h3 class=\"wp-block-getwid-post-slider__post-title\"><a href=\"https:\/\/agora.xtec.cat\/esc-laginesta-segurdecalafell\/cicle-superior\/la-tardor-a-la-ginesta\/\">La tardor a la Ginesta<\/a><\/h3>        <div class=\"wp-block-getwid-post-slider__post-excerpt\"><p>La tardor a la Ginesta L\u2019estiu s\u2019acomiada i arriba la tardor, una estaci\u00f3 plena de colors, canvis i noves aventures!A l\u2019escola, hem celebrat l\u2019arribada de la tardor amb les seg\u00fcents activitats: Us deixem un recull de fotos com a recordatori d\u2019aquests dies.Salutacions.Cicle Superior.<\/p>\n<\/div>\n    <\/div>\n<\/div>\n\t\t\t\t\t\t\t<\/div>\n\t\t\t\t\t\t\t\t\t\t\t\t\t<div class=\"wp-block-getwid-post-slider__slide\" style=\"\">\n\t\t\t\t\t\t\t\t\n<div class=\"wp-block-getwid-post-slider__post \">\n            <div class=\"wp-block-getwid-post-slider__post-thumbnail\">\n            <img loading=\"lazy\" decoding=\"async\" width=\"1920\" height=\"2560\" src=\"https:\/\/agora.xtec.cat\/esc-laginesta-segurdecalafell\/wp-content\/uploads\/usu578\/2025\/09\/foto-primers-dies-de-cole-1-1-scaled.jpg\" class=\"attachment-post-thumbnail size-post-thumbnail wp-post-image\" alt=\"\" srcset=\"https:\/\/agora.xtec.cat\/esc-laginesta-segurdecalafell\/wp-content\/uploads\/usu578\/2025\/09\/foto-primers-dies-de-cole-1-1-scaled.jpg 1920w, https:\/\/agora.xtec.cat\/esc-laginesta-segurdecalafell\/wp-content\/uploads\/usu578\/2025\/09\/foto-primers-dies-de-cole-1-1-225x300.jpg 225w, https:\/\/agora.xtec.cat\/esc-laginesta-segurdecalafell\/wp-content\/uploads\/usu578\/2025\/09\/foto-primers-dies-de-cole-1-1-768x1024.jpg 768w, https:\/\/agora.xtec.cat\/esc-laginesta-segurdecalafell\/wp-content\/uploads\/usu578\/2025\/09\/foto-primers-dies-de-cole-1-1-1152x1536.jpg 1152w, https:\/\/agora.xtec.cat\/esc-laginesta-segurdecalafell\/wp-content\/uploads\/usu578\/2025\/09\/foto-primers-dies-de-cole-1-1-1536x2048.jpg 1536w\" sizes=\"auto, (max-width: 1920px) 100vw, 1920px\" \/>        <\/div>\n        <div class=\"wp-block-getwid-post-slider__post-overlay \"><\/div>\n    <div class=\"wp-block-getwid-post-slider__post-content-wrapper\">\n        <h3 class=\"wp-block-getwid-post-slider__post-title\"><a href=\"https:\/\/agora.xtec.cat\/esc-laginesta-segurdecalafell\/cicle-petits\/inici-de-curs-a-la-ginesta\/\">Inici de curs a la Ginesta<\/a><\/h3>        <div class=\"wp-block-getwid-post-slider__post-excerpt\"><p>Inici de curs a la Ginesta<\/p>\n<\/div>\n    <\/div>\n<\/div>\n\t\t\t\t\t\t\t<\/div>\n\t\t\t\t\t\t\t\t\t\t\t\t\t<div class=\"wp-block-getwid-post-slider__slide\" style=\"\">\n\t\t\t\t\t\t\t\t\n<div class=\"wp-block-getwid-post-slider__post \">\n            <div class=\"wp-block-getwid-post-slider__post-thumbnail\">\n            <img loading=\"lazy\" decoding=\"async\" width=\"800\" height=\"2000\" src=\"https:\/\/agora.xtec.cat\/esc-laginesta-segurdecalafell\/wp-content\/uploads\/usu578\/2018\/03\/Jornada-de-portes-obertes.png\" class=\"attachment-post-thumbnail size-post-thumbnail wp-post-image\" alt=\"\" srcset=\"https:\/\/agora.xtec.cat\/esc-laginesta-segurdecalafell\/wp-content\/uploads\/usu578\/2018\/03\/Jornada-de-portes-obertes.png 800w, https:\/\/agora.xtec.cat\/esc-laginesta-segurdecalafell\/wp-content\/uploads\/usu578\/2018\/03\/Jornada-de-portes-obertes-120x300.png 120w, https:\/\/agora.xtec.cat\/esc-laginesta-segurdecalafell\/wp-content\/uploads\/usu578\/2018\/03\/Jornada-de-portes-obertes-768x1920.png 768w, https:\/\/agora.xtec.cat\/esc-laginesta-segurdecalafell\/wp-content\/uploads\/usu578\/2018\/03\/Jornada-de-portes-obertes-410x1024.png 410w\" sizes=\"auto, (max-width: 800px) 100vw, 800px\" \/>        <\/div>\n        <div class=\"wp-block-getwid-post-slider__post-overlay \"><\/div>\n    <div class=\"wp-block-getwid-post-slider__post-content-wrapper\">\n        <h3 class=\"wp-block-getwid-post-slider__post-title\"><a href=\"https:\/\/agora.xtec.cat\/esc-laginesta-segurdecalafell\/general\/calendari-escolar-2019-2020\/\">Calendari escolar 2025-2026<\/a><\/h3>        <div class=\"wp-block-getwid-post-slider__post-excerpt\"><\/div>\n    <\/div>\n<\/div>\n\t\t\t\t\t\t\t<\/div>\n\t\t\t\t\t\t            <\/div>\n        <\/div>\n        ","protected":false},"excerpt":{"rendered":"<p>PREINSCRIPCI\u00d3 EDUCACI\u00d3 INFANTIL \/ PRIM\u00c0RIA &#8211; Curs 2026 \/ 2027 . &#8211;INFORMACIONS VAGA EDUCATIVA&#8211;<\/p>\n","protected":false},"author":1,"featured_media":0,"parent":0,"menu_order":0,"comment_status":"closed","ping_status":"closed","template":"","meta":{"_bbp_topic_count":0,"_bbp_reply_count":0,"_bbp_total_topic_count":0,"_bbp_total_reply_count":0,"_bbp_voice_count":0,"_bbp_anonymous_reply_count":0,"_bbp_topic_count_hidden":0,"_bbp_reply_count_hidden":0,"_bbp_forum_subforum_count":0,"site-sidebar-layout":"default","site-content-layout":"","ast-site-content-layout":"default","site-content-style":"default","site-sidebar-style":"default","ast-global-header-display":"","ast-banner-title-visibility":"","ast-main-header-display":"","ast-hfb-above-header-display":"","ast-hfb-below-header-display":"","ast-hfb-mobile-header-display":"","site-post-title":"disabled","ast-breadcrumbs-content":"","ast-featured-img":"","footer-sml-layout":"","theme-transparent-header-meta":"","adv-header-id-meta":"","stick-header-meta":"","header-above-stick-meta":"","header-main-stick-meta":"","header-below-stick-meta":"","astra-migrate-meta-layouts":"set","ast-page-background-enabled":"default","ast-page-background-meta":{"desktop":{"background-color":"var(--ast-global-color-5)","background-image":"","background-repeat":"repeat","background-position":"center center","background-size":"auto","background-attachment":"scroll","background-type":"","background-media":"","overlay-type":"","overlay-color":"","overlay-opacity":"","overlay-gradient":""},"tablet":{"background-color":"","background-image":"","background-repeat":"repeat","background-position":"center center","background-size":"auto","background-attachment":"scroll","background-type":"","background-media":"","overlay-type":"","overlay-color":"","overlay-opacity":"","overlay-gradient":""},"mobile":{"background-color":"","background-image":"","background-repeat":"repeat","background-position":"center center","background-size":"auto","background-attachment":"scroll","background-type":"","background-media":"","overlay-type":"","overlay-color":"","overlay-opacity":"","overlay-gradient":""}},"ast-content-background-meta":{"desktop":{"background-color":"var(--ast-global-color-4)","background-image":"","background-repeat":"repeat","background-position":"center center","background-size":"auto","background-attachment":"scroll","background-type":"","background-media":"","overlay-type":"","overlay-color":"","overlay-opacity":"","overlay-gradient":""},"tablet":{"background-color":"var(--ast-global-color-4)","background-image":"","background-repeat":"repeat","background-position":"center center","background-size":"auto","background-attachment":"scroll","background-type":"","background-media":"","overlay-type":"","overlay-color":"","overlay-opacity":"","overlay-gradient":""},"mobile":{"background-color":"var(--ast-global-color-4)","background-image":"","background-repeat":"repeat","background-position":"center center","background-size":"auto","background-attachment":"scroll","background-type":"","background-media":"","overlay-type":"","overlay-color":"","overlay-opacity":"","overlay-gradient":""}},"footnotes":""},"class_list":["post-599","page","type-page","status-publish","hentry"],"post_mailing_queue_ids":[],"_links":{"self":[{"href":"https:\/\/agora.xtec.cat\/esc-laginesta-segurdecalafell\/wp-json\/wp\/v2\/pages\/599","targetHints":{"allow":["GET"]}}],"collection":[{"href":"https:\/\/agora.xtec.cat\/esc-laginesta-segurdecalafell\/wp-json\/wp\/v2\/pages"}],"about":[{"href":"https:\/\/agora.xtec.cat\/esc-laginesta-segurdecalafell\/wp-json\/wp\/v2\/types\/page"}],"author":[{"embeddable":true,"href":"https:\/\/agora.xtec.cat\/esc-laginesta-segurdecalafell\/wp-json\/wp\/v2\/users\/1"}],"replies":[{"embeddable":true,"href":"https:\/\/agora.xtec.cat\/esc-laginesta-segurdecalafell\/wp-json\/wp\/v2\/comments?post=599"}],"version-history":[{"count":6,"href":"https:\/\/agora.xtec.cat\/esc-laginesta-segurdecalafell\/wp-json\/wp\/v2\/pages\/599\/revisions"}],"predecessor-version":[{"id":3737,"href":"https:\/\/agora.xtec.cat\/esc-laginesta-segurdecalafell\/wp-json\/wp\/v2\/pages\/599\/revisions\/3737"}],"wp:attachment":[{"href":"https:\/\/agora.xtec.cat\/esc-laginesta-segurdecalafell\/wp-json\/wp\/v2\/media?parent=599"}],"curies":[{"name":"wp","href":"https:\/\/api.w.org\/{rel}","templated":true}]}}