{"id":2508,"date":"2022-11-21T16:41:32","date_gmt":"2022-11-21T15:41:32","guid":{"rendered":"https:\/\/agora.xtec.cat\/esc-laginesta-segurdecalafell\/?page_id=2508"},"modified":"2022-11-21T16:49:01","modified_gmt":"2022-11-21T15:49:01","slug":"pati-primaria","status":"publish","type":"page","link":"https:\/\/agora.xtec.cat\/esc-laginesta-segurdecalafell\/projectes\/pati-primaria\/","title":{"rendered":"PATI PRIM\u00c0RIA"},"content":{"rendered":"<p>L\u2019escola ha realitzat la primera de les 3 fases de millora del pati de prim\u00e0ria. La primera fase comportava l\u2019incorporaci\u00f3 de 3 construccions gegants de fusta per tal de dotar al pati d\u2019una visi\u00f3 m\u00e9s l\u00fadica i global, on tots els nostres infants tinguessin m\u00e9s oportunitats a l\u2019hora de lleure. Aquestes construccions estan adaptades per tothom i compleixen totes les mesures de seguretat. Poc a poc seguirem millorant aquesta oferta, ja que com \u00e9s un material molt car, no podem hem pogut fer-ho tot a l\u2019hora. En aquesta primera fase em comptat amb la col\u00b7laboraci\u00f3 de la nostra AFA, de l\u2019Ajuntament i de diners propis de l\u2019escola. Adjunto pdf amb m\u00e9s informaci\u00f3.<\/p>\n<p><a href=\"https:\/\/drive.google.com\/file\/d\/1KhtIe70sIBECXF-VJeFCQorT6UNKT9oQ\/view?usp=sharing\"><img loading=\"lazy\" decoding=\"async\" class=\"wp-image-2514  alignleft\" src=\"https:\/\/agora.xtec.cat\/esc-laginesta-segurdecalafell\/wp-content\/uploads\/usu578\/2022\/11\/baixa.jpg\" alt=\"\" width=\"85\" height=\"85\" srcset=\"https:\/\/agora.xtec.cat\/esc-laginesta-segurdecalafell\/wp-content\/uploads\/usu578\/2022\/11\/baixa.jpg 225w, https:\/\/agora.xtec.cat\/esc-laginesta-segurdecalafell\/wp-content\/uploads\/usu578\/2022\/11\/baixa-150x150.jpg 150w\" sizes=\"auto, (max-width: 85px) 100vw, 85px\" \/><\/a><\/p>\n","protected":false},"excerpt":{"rendered":"<p>L\u2019escola ha realitzat la primera de les 3 fases de millora del pati de prim\u00e0ria. La primera fase comportava l\u2019incorporaci\u00f3 de 3 construccions gegants de fusta per tal de dotar al pati d\u2019una visi\u00f3 m\u00e9s l\u00fadica i global, on tots els nostres infants tinguessin m\u00e9s oportunitats a l\u2019hora de lleure. Aquestes construccions estan adaptades per [&hellip;]<\/p>\n","protected":false},"author":1,"featured_media":0,"parent":1377,"menu_order":0,"comment_status":"closed","ping_status":"closed","template":"page-templates\/side-menu.php","meta":{"_bbp_topic_count":0,"_bbp_reply_count":0,"_bbp_total_topic_count":0,"_bbp_total_reply_count":0,"_bbp_voice_count":0,"_bbp_anonymous_reply_count":0,"_bbp_topic_count_hidden":0,"_bbp_reply_count_hidden":0,"_bbp_forum_subforum_count":0,"site-sidebar-layout":"default","site-content-layout":"","ast-site-content-layout":"","site-content-style":"default","site-sidebar-style":"default","ast-global-header-display":"","ast-banner-title-visibility":"","ast-main-header-display":"","ast-hfb-above-header-display":"","ast-hfb-below-header-display":"","ast-hfb-mobile-header-display":"","site-post-title":"","ast-breadcrumbs-content":"","ast-featured-img":"","footer-sml-layout":"","theme-transparent-header-meta":"","adv-header-id-meta":"","stick-header-meta":"","header-above-stick-meta":"","header-main-stick-meta":"","header-below-stick-meta":"","astra-migrate-meta-layouts":"default","ast-page-background-enabled":"default","ast-page-background-meta":{"desktop":{"background-color":"var(--ast-global-color-5)","background-image":"","background-repeat":"repeat","background-position":"center center","background-size":"auto","background-attachment":"scroll","background-type":"","background-media":"","overlay-type":"","overlay-color":"","overlay-opacity":"","overlay-gradient":""},"tablet":{"background-color":"","background-image":"","background-repeat":"repeat","background-position":"center center","background-size":"auto","background-attachment":"scroll","background-type":"","background-media":"","overlay-type":"","overlay-color":"","overlay-opacity":"","overlay-gradient":""},"mobile":{"background-color":"","background-image":"","background-repeat":"repeat","background-position":"center center","background-size":"auto","background-attachment":"scroll","background-type":"","background-media":"","overlay-type":"","overlay-color":"","overlay-opacity":"","overlay-gradient":""}},"ast-content-background-meta":{"desktop":{"background-color":"var(--ast-global-color-4)","background-image":"","background-repeat":"repeat","background-position":"center center","background-size":"auto","background-attachment":"scroll","background-type":"","background-media":"","overlay-type":"","overlay-color":"","overlay-opacity":"","overlay-gradient":""},"tablet":{"background-color":"var(--ast-global-color-4)","background-image":"","background-repeat":"repeat","background-position":"center center","background-size":"auto","background-attachment":"scroll","background-type":"","background-media":"","overlay-type":"","overlay-color":"","overlay-opacity":"","overlay-gradient":""},"mobile":{"background-color":"var(--ast-global-color-4)","background-image":"","background-repeat":"repeat","background-position":"center center","background-size":"auto","background-attachment":"scroll","background-type":"","background-media":"","overlay-type":"","overlay-color":"","overlay-opacity":"","overlay-gradient":""}},"footnotes":""},"class_list":["post-2508","page","type-page","status-publish","hentry"],"post_mailing_queue_ids":[],"_links":{"self":[{"href":"https:\/\/agora.xtec.cat\/esc-laginesta-segurdecalafell\/wp-json\/wp\/v2\/pages\/2508","targetHints":{"allow":["GET"]}}],"collection":[{"href":"https:\/\/agora.xtec.cat\/esc-laginesta-segurdecalafell\/wp-json\/wp\/v2\/pages"}],"about":[{"href":"https:\/\/agora.xtec.cat\/esc-laginesta-segurdecalafell\/wp-json\/wp\/v2\/types\/page"}],"author":[{"embeddable":true,"href":"https:\/\/agora.xtec.cat\/esc-laginesta-segurdecalafell\/wp-json\/wp\/v2\/users\/1"}],"replies":[{"embeddable":true,"href":"https:\/\/agora.xtec.cat\/esc-laginesta-segurdecalafell\/wp-json\/wp\/v2\/comments?post=2508"}],"version-history":[{"count":3,"href":"https:\/\/agora.xtec.cat\/esc-laginesta-segurdecalafell\/wp-json\/wp\/v2\/pages\/2508\/revisions"}],"predecessor-version":[{"id":2512,"href":"https:\/\/agora.xtec.cat\/esc-laginesta-segurdecalafell\/wp-json\/wp\/v2\/pages\/2508\/revisions\/2512"}],"up":[{"embeddable":true,"href":"https:\/\/agora.xtec.cat\/esc-laginesta-segurdecalafell\/wp-json\/wp\/v2\/pages\/1377"}],"wp:attachment":[{"href":"https:\/\/agora.xtec.cat\/esc-laginesta-segurdecalafell\/wp-json\/wp\/v2\/media?parent=2508"}],"curies":[{"name":"wp","href":"https:\/\/api.w.org\/{rel}","templated":true}]}}

PATI PRIMÀRIA

<p>L’escola ha realitzat la primera de les 3 fases de millora del pati de primària. La primera fase comportava l’incorporació de 3 construccions gegants de fusta per tal de dotar al pati d’una visió més lúdica i global, on tots els nostres infants tinguessin més oportunitats a l’hora de lleure. Aquestes construccions estan adaptades per tothom i compleixen totes les mesures de seguretat. Poc a poc seguirem millorant aquesta oferta, ja que com és un material molt car, no podem hem pogut fer-ho tot a l’hora. En aquesta primera fase em comptat amb la col·laboració de la nostra AFA, de l’Ajuntament i de diners propis de l’escola. Adjunto pdf amb més informació.</p>
<p><a href="https://drive.google.com/file/d/1KhtIe70sIBECXF-VJeFCQorT6UNKT9oQ/view?usp=sharing"><img loading="lazy" decoding="async" class="wp-image-2514  alignleft" src="https://agora.xtec.cat/esc-laginesta-segurdecalafell/wp-content/uploads/usu578/2022/11/baixa.jpg" alt="" width="85" height="85" srcset="https://agora.xtec.cat/esc-laginesta-segurdecalafell/wp-content/uploads/usu578/2022/11/baixa.jpg 225w, https://agora.xtec.cat/esc-laginesta-segurdecalafell/wp-content/uploads/usu578/2022/11/baixa-150x150.jpg 150w" sizes="auto, (max-width: 85px) 100vw, 85px" /></a></p>

<p>L’escola ha realitzat la primera de les 3 fases de millora del pati de primària. La primera fase comportava l’incorporació de 3 construccions gegants de fusta per tal de dotar al pati d’una visió més lúdica i global, on tots els nostres infants tinguessin més oportunitats a l’hora de lleure. Aquestes construccions estan adaptades per [&hellip;]</p>
