{"id":1530,"date":"2021-02-03T13:21:25","date_gmt":"2021-02-03T12:21:25","guid":{"rendered":"http:\/\/agora.xtec.cat\/esc-laginesta-segurdecalafell\/?page_id=1530"},"modified":"2021-03-01T17:10:41","modified_gmt":"2021-03-01T16:10:41","slug":"bio-diversitat","status":"publish","type":"page","link":"https:\/\/agora.xtec.cat\/esc-laginesta-segurdecalafell\/projectes\/bio-diversitat\/","title":{"rendered":"BIO DIVERSITAT"},"content":{"rendered":"<p>Aquest curs hem iniciat un projecte molt bonic en el que volem transformar els espais verds de l\u2019escola en un gran hort.\u00a0 Un cop tinguem l\u2019hort en funcionament intentarem vincular-ho amb el nostre laboratori.<\/p>\n<p>\u00c9s un projecte a llarg termini on la participaci\u00f3 de tota la comunitat educativa, pares\/mares, mestres i alumnat de tots els cursos ( P3 fins 6\u00e8 de prim\u00e0ria) hauran de posar el seu granet de sorra.<\/p>\n<p>Tot el projecte estar\u00e0 dirigit pels mestres assignats a la comissi\u00f3 de biodiversitat i seran ells\/es qui decidiran i pautaran les accions a realitzar (reg, plantacions, activitats, recollida d\u2019aliments i el seu posterior estudi al laboratori de l\u2019escola).<\/p>\n<p>Des del punt de vista pedag\u00f2gic considerem que introduir un hort a la vida dels nostres infants t\u00e9 innumerables beneficis i ens permet posar en pr\u00e0ctica un gran nombre de compet\u00e8ncies i disciplines al mateix temps. A trav\u00e9s de diferents tipus de preguntes podem suscitar la curiositat dels estudiants i promoure el seu inter\u00e8s per aprendre conceptes, habilitats, actituds i valors que amb un m\u00e8tode tradicional podrien resultar m\u00e9s avorrits i menys efica\u00e7os.<\/p>\n<p>Alguns dels <strong>beneficis<\/strong> que podem destacar s\u00f3n:<\/p>\n<ul>\n<li>Fomentar\u00a0valors\u00a0com la paci\u00e8ncia, la responsabilitat i treball en equ<\/li>\n<li>Con\u00e8ixer els\u00a0productes aut\u00f2ctons\u00a0i identificar els que s\u00f3n\u00a0propis de cada estaci\u00f3.<\/li>\n<li>Fomentar\u00a0la participaci\u00f3 de les fam\u00edlies i de tota la comunitat educativa.<\/li>\n<li>Afavorir\u00a0una alimentaci\u00f3 saludable i equilibrada, ja que el saber el seu cicle fa que el nen\/a apreci\u00ef molt m\u00e9s els seus beneficis saludables.<\/li>\n<li>Promoure una\u00a0consci\u00e8ncia de cura i respecte\u00a0pel medi ambient.<\/li>\n<\/ul>\n\r\n\t<div class=\"slideshow_container slideshow_container_style-light\" style=\" \" data-slideshow-id=\"1706\" data-style-name=\"style-light\" data-style-version=\"2.3.1\" >\r\n\r\n\t\t\t\t\t<div class=\"slideshow_loading_icon\"><\/div>\r\n\t\t\r\n\t\t<div class=\"slideshow_content\" style=\"display: none;\">\r\n\r\n\t\t\t<div class=\"slideshow_view\">\r\n\t\t\t\t<div class=\"slideshow_slide slideshow_slide_image\">\r\n\t\t\t\t\t\t\t\t\t\t\t<img src=\"https:\/\/agora.xtec.cat\/esc-laginesta-segurdecalafell\/wp-content\/uploads\/usu578\/2021\/02\/IMG_20210219_152216-min.jpg\" alt=\"IMG_20210219_152216-min\" width=\"4640\" height=\"3472\" \/>\r\n\t\t\t\t\t\t\t\t\t\t<div class=\"slideshow_description_box slideshow_transparent\">\r\n\t\t\t\t\t\t<div class=\"slideshow_title\">IMG_20210219_152216-min<\/div>\t\t\t\t\t\t\t\t\t\t\t<\/div>\r\n\t\t\t\t<\/div>\r\n\r\n\t\t\t\t\t\t<div style=\"clear: both;\"><\/div><\/div><div class=\"slideshow_view\">\r\n\t\t\t\t<div class=\"slideshow_slide slideshow_slide_image\">\r\n\t\t\t\t\t\t\t\t\t\t\t<img src=\"https:\/\/agora.xtec.cat\/esc-laginesta-segurdecalafell\/wp-content\/uploads\/usu578\/2021\/02\/b15d40de-17b3-4d0a-9a64-33fc0c376053-min.jpg\" alt=\"b15d40de-17b3-4d0a-9a64-33fc0c376053-min\" width=\"1600\" height=\"1200\" \/>\r\n\t\t\t\t\t\t\t\t\t\t<div class=\"slideshow_description_box slideshow_transparent\">\r\n\t\t\t\t\t\t<div class=\"slideshow_title\">b15d40de-17b3-4d0a-9a64-33fc0c376053-min<\/div>\t\t\t\t\t\t\t\t\t\t\t<\/div>\r\n\t\t\t\t<\/div>\r\n\r\n\t\t\t\t\t\t<div style=\"clear: both;\"><\/div><\/div><div class=\"slideshow_view\">\r\n\t\t\t\t<div class=\"slideshow_slide slideshow_slide_image\">\r\n\t\t\t\t\t\t\t\t\t\t\t<img src=\"https:\/\/agora.xtec.cat\/esc-laginesta-segurdecalafell\/wp-content\/uploads\/usu578\/2021\/02\/20210218_115113-min.jpg\" alt=\"20210218_115113-min\" width=\"4032\" height=\"3024\" \/>\r\n\t\t\t\t\t\t\t\t\t\t<div class=\"slideshow_description_box slideshow_transparent\">\r\n\t\t\t\t\t\t<div class=\"slideshow_title\">20210218_115113-min<\/div>\t\t\t\t\t\t\t\t\t\t\t<\/div>\r\n\t\t\t\t<\/div>\r\n\r\n\t\t\t\t\t\t<div style=\"clear: both;\"><\/div><\/div><div class=\"slideshow_view\">\r\n\t\t\t\t<div class=\"slideshow_slide slideshow_slide_image\">\r\n\t\t\t\t\t\t\t\t\t\t\t<img src=\"https:\/\/agora.xtec.cat\/esc-laginesta-segurdecalafell\/wp-content\/uploads\/usu578\/2021\/02\/291bb43a-2038-48cc-b869-a8206f1c1ef0-C\u00f2pia-min.jpg\" alt=\"291bb43a-2038-48cc-b869-a8206f1c1ef0 - C\u00f2pia-min\" width=\"1600\" height=\"902\" \/>\r\n\t\t\t\t\t\t\t\t\t\t<div class=\"slideshow_description_box slideshow_transparent\">\r\n\t\t\t\t\t\t<div class=\"slideshow_title\">291bb43a-2038-48cc-b869-a8206f1c1ef0 - C\u00f2pia-min<\/div>\t\t\t\t\t\t\t\t\t\t\t<\/div>\r\n\t\t\t\t<\/div>\r\n\r\n\t\t\t\t\t\t<div style=\"clear: both;\"><\/div><\/div><div class=\"slideshow_view\">\r\n\t\t\t\t<div class=\"slideshow_slide slideshow_slide_image\">\r\n\t\t\t\t\t\t\t\t\t\t\t<img src=\"https:\/\/agora.xtec.cat\/esc-laginesta-segurdecalafell\/wp-content\/uploads\/usu578\/2021\/02\/8ce77b92-52bc-4c9f-8c73-053c2770b012-min.jpg\" alt=\"8ce77b92-52bc-4c9f-8c73-053c2770b012-min\" width=\"1200\" height=\"1600\" \/>\r\n\t\t\t\t\t\t\t\t\t\t<div class=\"slideshow_description_box slideshow_transparent\">\r\n\t\t\t\t\t\t<div class=\"slideshow_title\">8ce77b92-52bc-4c9f-8c73-053c2770b012-min<\/div>\t\t\t\t\t\t\t\t\t\t\t<\/div>\r\n\t\t\t\t<\/div>\r\n\r\n\t\t\t\t\t\t<div style=\"clear: both;\"><\/div><\/div><div class=\"slideshow_view\">\r\n\t\t\t\t<div class=\"slideshow_slide slideshow_slide_image\">\r\n\t\t\t\t\t\t\t\t\t\t\t<img src=\"https:\/\/agora.xtec.cat\/esc-laginesta-segurdecalafell\/wp-content\/uploads\/usu578\/2021\/02\/4e3f5b41-24bc-49a6-bd4e-54c5fd253950-C\u00f2pia-min.jpg\" alt=\"4e3f5b41-24bc-49a6-bd4e-54c5fd253950 - C\u00f2pia-min\" width=\"1600\" height=\"902\" \/>\r\n\t\t\t\t\t\t\t\t\t\t<div class=\"slideshow_description_box slideshow_transparent\">\r\n\t\t\t\t\t\t<div class=\"slideshow_title\">4e3f5b41-24bc-49a6-bd4e-54c5fd253950 - C\u00f2pia-min<\/div>\t\t\t\t\t\t\t\t\t\t\t<\/div>\r\n\t\t\t\t<\/div>\r\n\r\n\t\t\t\t\t\t<div style=\"clear: both;\"><\/div><\/div><div class=\"slideshow_view\">\r\n\t\t\t\t<div class=\"slideshow_slide slideshow_slide_image\">\r\n\t\t\t\t\t\t\t\t\t\t\t<img src=\"https:\/\/agora.xtec.cat\/esc-laginesta-segurdecalafell\/wp-content\/uploads\/usu578\/2021\/02\/1a9229ca-b741-4d53-b12c-444758870ddd-min.jpg\" alt=\"1a9229ca-b741-4d53-b12c-444758870ddd-min\" width=\"1600\" height=\"1200\" \/>\r\n\t\t\t\t\t\t\t\t\t\t<div class=\"slideshow_description_box slideshow_transparent\">\r\n\t\t\t\t\t\t<div class=\"slideshow_title\">1a9229ca-b741-4d53-b12c-444758870ddd-min<\/div>\t\t\t\t\t\t\t\t\t\t\t<\/div>\r\n\t\t\t\t<\/div>\r\n\r\n\t\t\t\t\t\t<div style=\"clear: both;\"><\/div><\/div>\r\n\t\t<\/div>\r\n\r\n\t\t<div class=\"slideshow_controlPanel slideshow_transparent\" style=\"display: none;\"><ul><li class=\"slideshow_togglePlay\" data-play-text=\"Visualitza\" data-pause-text=\"Pausa\"><\/li><\/ul><\/div>\r\n\r\n\t\t<div class=\"slideshow_button slideshow_previous slideshow_transparent\" role=\"button\" data-previous-text=\"Anterior\" style=\"display: none;\"><\/div>\r\n\t\t<div class=\"slideshow_button slideshow_next slideshow_transparent\" role=\"button\" data-next-text=\"Seg\u00fcent\" style=\"display: none;\"><\/div>\r\n\r\n\t\t<div class=\"slideshow_pagination\" style=\"display: none;\" data-go-to-text=\"V\u00e9s a la diapositiva\"><div class=\"slideshow_pagination_center\"><\/div><\/div>\r\n\r\n\t\t<!-- WordPress Slideshow Version 2.3.1 -->\r\n\r\n\t\t\t<\/div>\r\n\r\n\n","protected":false},"excerpt":{"rendered":"<p>Aquest curs hem iniciat un projecte molt bonic en el que volem transformar els espais verds de l\u2019escola en un gran hort.\u00a0 Un cop tinguem l\u2019hort en funcionament intentarem vincular-ho amb el nostre laboratori. \u00c9s un projecte a llarg termini on la participaci\u00f3 de tota la comunitat educativa, pares\/mares, mestres i alumnat de tots els [&hellip;]<\/p>\n","protected":false},"author":1,"featured_media":0,"parent":1377,"menu_order":2,"comment_status":"closed","ping_status":"closed","template":"page-templates\/side-menu.php","meta":{"_bbp_topic_count":0,"_bbp_reply_count":0,"_bbp_total_topic_count":0,"_bbp_total_reply_count":0,"_bbp_voice_count":0,"_bbp_anonymous_reply_count":0,"_bbp_topic_count_hidden":0,"_bbp_reply_count_hidden":0,"_bbp_forum_subforum_count":0,"site-sidebar-layout":"default","site-content-layout":"","ast-site-content-layout":"","site-content-style":"default","site-sidebar-style":"default","ast-global-header-display":"","ast-banner-title-visibility":"","ast-main-header-display":"","ast-hfb-above-header-display":"","ast-hfb-below-header-display":"","ast-hfb-mobile-header-display":"","site-post-title":"","ast-breadcrumbs-content":"","ast-featured-img":"","footer-sml-layout":"","theme-transparent-header-meta":"","adv-header-id-meta":"","stick-header-meta":"","header-above-stick-meta":"","header-main-stick-meta":"","header-below-stick-meta":"","astra-migrate-meta-layouts":"default","ast-page-background-enabled":"default","ast-page-background-meta":{"desktop":{"background-color":"var(--ast-global-color-5)","background-image":"","background-repeat":"repeat","background-position":"center center","background-size":"auto","background-attachment":"scroll","background-type":"","background-media":"","overlay-type":"","overlay-color":"","overlay-opacity":"","overlay-gradient":""},"tablet":{"background-color":"","background-image":"","background-repeat":"repeat","background-position":"center center","background-size":"auto","background-attachment":"scroll","background-type":"","background-media":"","overlay-type":"","overlay-color":"","overlay-opacity":"","overlay-gradient":""},"mobile":{"background-color":"","background-image":"","background-repeat":"repeat","background-position":"center center","background-size":"auto","background-attachment":"scroll","background-type":"","background-media":"","overlay-type":"","overlay-color":"","overlay-opacity":"","overlay-gradient":""}},"ast-content-background-meta":{"desktop":{"background-color":"var(--ast-global-color-4)","background-image":"","background-repeat":"repeat","background-position":"center center","background-size":"auto","background-attachment":"scroll","background-type":"","background-media":"","overlay-type":"","overlay-color":"","overlay-opacity":"","overlay-gradient":""},"tablet":{"background-color":"var(--ast-global-color-4)","background-image":"","background-repeat":"repeat","background-position":"center center","background-size":"auto","background-attachment":"scroll","background-type":"","background-media":"","overlay-type":"","overlay-color":"","overlay-opacity":"","overlay-gradient":""},"mobile":{"background-color":"var(--ast-global-color-4)","background-image":"","background-repeat":"repeat","background-position":"center center","background-size":"auto","background-attachment":"scroll","background-type":"","background-media":"","overlay-type":"","overlay-color":"","overlay-opacity":"","overlay-gradient":""}},"footnotes":""},"class_list":["post-1530","page","type-page","status-publish","hentry"],"post_mailing_queue_ids":[],"_links":{"self":[{"href":"https:\/\/agora.xtec.cat\/esc-laginesta-segurdecalafell\/wp-json\/wp\/v2\/pages\/1530","targetHints":{"allow":["GET"]}}],"collection":[{"href":"https:\/\/agora.xtec.cat\/esc-laginesta-segurdecalafell\/wp-json\/wp\/v2\/pages"}],"about":[{"href":"https:\/\/agora.xtec.cat\/esc-laginesta-segurdecalafell\/wp-json\/wp\/v2\/types\/page"}],"author":[{"embeddable":true,"href":"https:\/\/agora.xtec.cat\/esc-laginesta-segurdecalafell\/wp-json\/wp\/v2\/users\/1"}],"replies":[{"embeddable":true,"href":"https:\/\/agora.xtec.cat\/esc-laginesta-segurdecalafell\/wp-json\/wp\/v2\/comments?post=1530"}],"version-history":[{"count":3,"href":"https:\/\/agora.xtec.cat\/esc-laginesta-segurdecalafell\/wp-json\/wp\/v2\/pages\/1530\/revisions"}],"predecessor-version":[{"id":1985,"href":"https:\/\/agora.xtec.cat\/esc-laginesta-segurdecalafell\/wp-json\/wp\/v2\/pages\/1530\/revisions\/1985"}],"up":[{"embeddable":true,"href":"https:\/\/agora.xtec.cat\/esc-laginesta-segurdecalafell\/wp-json\/wp\/v2\/pages\/1377"}],"wp:attachment":[{"href":"https:\/\/agora.xtec.cat\/esc-laginesta-segurdecalafell\/wp-json\/wp\/v2\/media?parent=1530"}],"curies":[{"name":"wp","href":"https:\/\/api.w.org\/{rel}","templated":true}]}}

<p>Aquest curs hem iniciat un projecte molt bonic en el que volem transformar els espais verds de l’escola en un gran hort.  Un cop tinguem l’hort en funcionament intentarem vincular-ho amb el nostre laboratori.</p>
<p>És un projecte a llarg termini on la participació de tota la comunitat educativa, pares/mares, mestres i alumnat de tots els cursos ( P3 fins 6è de primària) hauran de posar el seu granet de sorra.</p>
<p>Tot el projecte estarà dirigit pels mestres assignats a la comissió de biodiversitat i seran ells/es qui decidiran i pautaran les accions a realitzar (reg, plantacions, activitats, recollida d’aliments i el seu posterior estudi al laboratori de l’escola).</p>
<p>Des del punt de vista pedagògic considerem que introduir un hort a la vida dels nostres infants té innumerables beneficis i ens permet posar en pràctica un gran nombre de competències i disciplines al mateix temps. A través de diferents tipus de preguntes podem suscitar la curiositat dels estudiants i promoure el seu interès per aprendre conceptes, habilitats, actituds i valors que amb un mètode tradicional podrien resultar més avorrits i menys eficaços.</p>
<p>Alguns dels <strong>beneficis</strong> que podem destacar són:</p>
<ul>
<li>Fomentar valors com la paciència, la responsabilitat i treball en equ</li>
<li>Conèixer els productes autòctons i identificar els que són propis de cada estació.</li>
<li>Fomentar la participació de les famílies i de tota la comunitat educativa.</li>
<li>Afavorir una alimentació saludable i equilibrada, ja que el saber el seu cicle fa que el nen/a apreciï molt més els seus beneficis saludables.</li>
<li>Promoure una consciència de cura i respecte pel medi ambient.</li>
</ul>

	<div class="slideshow_container slideshow_container_style-light" style=" " data-slideshow-id="1706" data-style-name="style-light" data-style-version="2.3.1" >

					<div class="slideshow_loading_icon"></div>
		
		<div class="slideshow_content" style="display: none;">

			<div class="slideshow_view">
				<div class="slideshow_slide slideshow_slide_image">
											<img src="https://agora.xtec.cat/esc-laginesta-segurdecalafell/wp-content/uploads/usu578/2021/02/IMG_20210219_152216-min.jpg" alt="IMG_20210219_152216-min" width="4640" height="3472" />
										<div class="slideshow_description_box slideshow_transparent">
						<div class="slideshow_title">IMG_20210219_152216-min</div>											</div>
				</div>

						<div style="clear: both;"></div></div><div class="slideshow_view">
				<div class="slideshow_slide slideshow_slide_image">
											<img src="https://agora.xtec.cat/esc-laginesta-segurdecalafell/wp-content/uploads/usu578/2021/02/b15d40de-17b3-4d0a-9a64-33fc0c376053-min.jpg" alt="b15d40de-17b3-4d0a-9a64-33fc0c376053-min" width="1600" height="1200" />
										<div class="slideshow_description_box slideshow_transparent">
						<div class="slideshow_title">b15d40de-17b3-4d0a-9a64-33fc0c376053-min</div>											</div>
				</div>

						<div style="clear: both;"></div></div><div class="slideshow_view">
				<div class="slideshow_slide slideshow_slide_image">
											<img src="https://agora.xtec.cat/esc-laginesta-segurdecalafell/wp-content/uploads/usu578/2021/02/20210218_115113-min.jpg" alt="20210218_115113-min" width="4032" height="3024" />
										<div class="slideshow_description_box slideshow_transparent">
						<div class="slideshow_title">20210218_115113-min</div>											</div>
				</div>

						<div style="clear: both;"></div></div><div class="slideshow_view">
				<div class="slideshow_slide slideshow_slide_image">
											<img src="https://agora.xtec.cat/esc-laginesta-segurdecalafell/wp-content/uploads/usu578/2021/02/291bb43a-2038-48cc-b869-a8206f1c1ef0-Còpia-min.jpg" alt="291bb43a-2038-48cc-b869-a8206f1c1ef0 - Còpia-min" width="1600" height="902" />
										<div class="slideshow_description_box slideshow_transparent">
						<div class="slideshow_title">291bb43a-2038-48cc-b869-a8206f1c1ef0 - Còpia-min</div>											</div>
				</div>

						<div style="clear: both;"></div></div><div class="slideshow_view">
				<div class="slideshow_slide slideshow_slide_image">
											<img src="https://agora.xtec.cat/esc-laginesta-segurdecalafell/wp-content/uploads/usu578/2021/02/8ce77b92-52bc-4c9f-8c73-053c2770b012-min.jpg" alt="8ce77b92-52bc-4c9f-8c73-053c2770b012-min" width="1200" height="1600" />
										<div class="slideshow_description_box slideshow_transparent">
						<div class="slideshow_title">8ce77b92-52bc-4c9f-8c73-053c2770b012-min</div>											</div>
				</div>

						<div style="clear: both;"></div></div><div class="slideshow_view">
				<div class="slideshow_slide slideshow_slide_image">
											<img src="https://agora.xtec.cat/esc-laginesta-segurdecalafell/wp-content/uploads/usu578/2021/02/4e3f5b41-24bc-49a6-bd4e-54c5fd253950-Còpia-min.jpg" alt="4e3f5b41-24bc-49a6-bd4e-54c5fd253950 - Còpia-min" width="1600" height="902" />
										<div class="slideshow_description_box slideshow_transparent">
						<div class="slideshow_title">4e3f5b41-24bc-49a6-bd4e-54c5fd253950 - Còpia-min</div>											</div>
				</div>

						<div style="clear: both;"></div></div><div class="slideshow_view">
				<div class="slideshow_slide slideshow_slide_image">
											<img src="https://agora.xtec.cat/esc-laginesta-segurdecalafell/wp-content/uploads/usu578/2021/02/1a9229ca-b741-4d53-b12c-444758870ddd-min.jpg" alt="1a9229ca-b741-4d53-b12c-444758870ddd-min" width="1600" height="1200" />
										<div class="slideshow_description_box slideshow_transparent">
						<div class="slideshow_title">1a9229ca-b741-4d53-b12c-444758870ddd-min</div>											</div>
				</div>

						<div style="clear: both;"></div></div>
		</div>

		<div class="slideshow_controlPanel slideshow_transparent" style="display: none;"><ul><li class="slideshow_togglePlay" data-play-text="Visualitza" data-pause-text="Pausa"></li></ul></div>

		<div class="slideshow_button slideshow_previous slideshow_transparent" role="button" data-previous-text="Anterior" style="display: none;"></div>
		<div class="slideshow_button slideshow_next slideshow_transparent" role="button" data-next-text="Següent" style="display: none;"></div>

		<div class="slideshow_pagination" style="display: none;" data-go-to-text="Vés a la diapositiva"><div class="slideshow_pagination_center"></div></div>

		<!-- WordPress Slideshow Version 2.3.1 -->

			</div>

<p>Aquest curs hem iniciat un projecte molt bonic en el que volem transformar els espais verds de l’escola en un gran hort.  Un cop tinguem l’hort en funcionament intentarem vincular-ho amb el nostre laboratori. És un projecte a llarg termini on la participació de tota la comunitat educativa, pares/mares, mestres i alumnat de tots els [&hellip;]</p>
