{"id":1528,"date":"2021-02-03T13:20:48","date_gmt":"2021-02-03T12:20:48","guid":{"rendered":"http:\/\/agora.xtec.cat\/esc-laginesta-segurdecalafell\/?page_id=1528"},"modified":"2025-12-01T17:19:20","modified_gmt":"2025-12-01T16:19:20","slug":"biblioteca-escolar","status":"publish","type":"page","link":"https:\/\/agora.xtec.cat\/esc-laginesta-segurdecalafell\/projectes\/biblioteca-escolar\/","title":{"rendered":"BIBLIOTECA ESCOLAR"},"content":{"rendered":"<p>La nostra BIBLIOTECA ESCOLAR ha quedat definida en tres zones ben diferenciades:<\/p>\n<ul>\n<li><strong>Rac\u00f3 d\u2019animaci\u00f3 a la lectura:<\/strong><\/li>\n<\/ul>\n<p>Aquest espai est\u00e0 destinat especialment als nens i nenes d\u2019educaci\u00f3 infantil i cicle inicial. \u00c9s un espai pensat perqu\u00e8 els nens (amb un m\u00e0xim de 30) estiguin asseguts c\u00f2modament i puguin escoltar literatura oral.<\/p>\n<p>Quan no s\u2019expliquen contes, un grup redu\u00eft de nens poden fer-lo servir per llegir llibres, ja sigui a nivell d\u2019imatges o de paraules.<\/p>\n<ul>\n<li><strong>Espai de lectura, consulta i estudi.<\/strong><\/li>\n<\/ul>\n<p>\u00c9s un espai destinat a tot l\u2019alumnat on poden llegir, estudiar, consultar informaci\u00f3 dels llibres de coneixements o enciclop\u00e8dies, o fer treballs en grups. Aquest espai consta de 6 taules amb 4 seients cada una, que permet el treball a 25 alumnes.<\/p>\n<p>En aquesta zona tamb\u00e9 hi haur\u00e0 ( programat per aquest curs) dos ordinadors multim\u00e8dia, per fer consultes amb suport multim\u00e8dia.<\/p>\n<ul>\n<li><strong>Zona de bibliotecari\/a.<\/strong><\/li>\n<\/ul>\n<p>Aquesta zona tant la pot fer servir un bibliotecari mestre o un bibliotecari alumne. \u00c9s un espai destinat per fer les tasques pr\u00f2pies d\u2019una biblioteca.<\/p>\n<p>L\u2019escola compta amb un servei de pr\u00e9stec de llibres per tot l\u2019alumnat i professorat de l\u2019escola i \u00e9s un espai per incitar al nostre alumnat a trobar el seu gust per la lectura.<\/p>\n<p><img loading=\"lazy\" decoding=\"async\" class=\"aligncenter wp-image-1914\" src=\"https:\/\/agora.xtec.cat\/esc-laginesta-segurdecalafell\/wp-content\/uploads\/usu578\/2021\/02\/IMG_4184-min-1024x768.jpg\" alt=\"\" width=\"352\" height=\"264\" srcset=\"https:\/\/agora.xtec.cat\/esc-laginesta-segurdecalafell\/wp-content\/uploads\/usu578\/2021\/02\/IMG_4184-min-1024x768.jpg 1024w, https:\/\/agora.xtec.cat\/esc-laginesta-segurdecalafell\/wp-content\/uploads\/usu578\/2021\/02\/IMG_4184-min-300x225.jpg 300w, https:\/\/agora.xtec.cat\/esc-laginesta-segurdecalafell\/wp-content\/uploads\/usu578\/2021\/02\/IMG_4184-min-768x576.jpg 768w, https:\/\/agora.xtec.cat\/esc-laginesta-segurdecalafell\/wp-content\/uploads\/usu578\/2021\/02\/IMG_4184-min-200x150.jpg 200w\" sizes=\"auto, (max-width: 352px) 100vw, 352px\" \/><\/p>\n\n\n<p><\/p>\n\n\n\n<p class=\"has-large-font-size\"><strong>A la biblioteca passen coses!<\/strong><\/p>\n\n\n\n<p class=\"has-medium-font-size\">La nostra biblioteca s\u2019ha convertit en un petit univers m\u00e0gic que obre les portes els dimarts i dijous durant l\u2019hora del pati. All\u00e0 dins, els llibres cobren vida, els personatges s\u2019escapen de les p\u00e0gines i les paraules ballen entre prestatges!<\/p>\n\n\n\n<p class=\"has-medium-font-size\">Tenim un espai perqu\u00e8 tots els nens i nenes que vulguin fer una pausa del soroll del pati puguin endinsar-se en noves aventures.&nbsp;<\/p>\n\n\n\n<p class=\"has-medium-font-size\">Els espera un m\u00f3n ple de m\u00e0gia\u2026 nom\u00e9s han de creuar la porta!&nbsp;<\/p>\n\n\n\n<figure class=\"wp-block-image size-large\"><a href=\"https:\/\/agora.xtec.cat\/esc-laginesta-segurdecalafell\/wp-content\/uploads\/usu578\/2025\/12\/1764169604067.jpg\"><img loading=\"lazy\" decoding=\"async\" width=\"1024\" height=\"461\" src=\"https:\/\/agora.xtec.cat\/esc-laginesta-segurdecalafell\/wp-content\/uploads\/usu578\/2025\/12\/1764169604067-1024x461.jpg\" alt=\"\" class=\"wp-image-3393\" srcset=\"https:\/\/agora.xtec.cat\/esc-laginesta-segurdecalafell\/wp-content\/uploads\/usu578\/2025\/12\/1764169604067-1024x461.jpg 1024w, https:\/\/agora.xtec.cat\/esc-laginesta-segurdecalafell\/wp-content\/uploads\/usu578\/2025\/12\/1764169604067-300x135.jpg 300w, https:\/\/agora.xtec.cat\/esc-laginesta-segurdecalafell\/wp-content\/uploads\/usu578\/2025\/12\/1764169604067-768x346.jpg 768w, https:\/\/agora.xtec.cat\/esc-laginesta-segurdecalafell\/wp-content\/uploads\/usu578\/2025\/12\/1764169604067-1536x691.jpg 1536w, https:\/\/agora.xtec.cat\/esc-laginesta-segurdecalafell\/wp-content\/uploads\/usu578\/2025\/12\/1764169604067.jpg 2000w\" sizes=\"auto, (max-width: 1024px) 100vw, 1024px\" \/><\/a><\/figure>\n","protected":false},"excerpt":{"rendered":"<p>La nostra BIBLIOTECA ESCOLAR ha quedat definida en tres zones ben diferenciades: Rac\u00f3 d\u2019animaci\u00f3 a la lectura: Aquest espai est\u00e0 destinat especialment als nens i nenes d\u2019educaci\u00f3 infantil i cicle inicial. \u00c9s un espai pensat perqu\u00e8 els nens (amb un m\u00e0xim de 30) estiguin asseguts c\u00f2modament i puguin escoltar literatura oral. Quan no s\u2019expliquen contes, [&hellip;]<\/p>\n","protected":false},"author":1,"featured_media":0,"parent":1377,"menu_order":0,"comment_status":"closed","ping_status":"closed","template":"page-templates\/side-menu.php","meta":{"_bbp_topic_count":0,"_bbp_reply_count":0,"_bbp_total_topic_count":0,"_bbp_total_reply_count":0,"_bbp_voice_count":0,"_bbp_anonymous_reply_count":0,"_bbp_topic_count_hidden":0,"_bbp_reply_count_hidden":0,"_bbp_forum_subforum_count":0,"site-sidebar-layout":"default","site-content-layout":"","ast-site-content-layout":"default","site-content-style":"default","site-sidebar-style":"default","ast-global-header-display":"","ast-banner-title-visibility":"","ast-main-header-display":"","ast-hfb-above-header-display":"","ast-hfb-below-header-display":"","ast-hfb-mobile-header-display":"","site-post-title":"","ast-breadcrumbs-content":"","ast-featured-img":"","footer-sml-layout":"","theme-transparent-header-meta":"","adv-header-id-meta":"","stick-header-meta":"","header-above-stick-meta":"","header-main-stick-meta":"","header-below-stick-meta":"","astra-migrate-meta-layouts":"set","ast-page-background-enabled":"default","ast-page-background-meta":{"desktop":{"background-color":"var(--ast-global-color-5)","background-image":"","background-repeat":"repeat","background-position":"center center","background-size":"auto","background-attachment":"scroll","background-type":"","background-media":"","overlay-type":"","overlay-color":"","overlay-opacity":"","overlay-gradient":""},"tablet":{"background-color":"","background-image":"","background-repeat":"repeat","background-position":"center center","background-size":"auto","background-attachment":"scroll","background-type":"","background-media":"","overlay-type":"","overlay-color":"","overlay-opacity":"","overlay-gradient":""},"mobile":{"background-color":"","background-image":"","background-repeat":"repeat","background-position":"center center","background-size":"auto","background-attachment":"scroll","background-type":"","background-media":"","overlay-type":"","overlay-color":"","overlay-opacity":"","overlay-gradient":""}},"ast-content-background-meta":{"desktop":{"background-color":"var(--ast-global-color-4)","background-image":"","background-repeat":"repeat","background-position":"center center","background-size":"auto","background-attachment":"scroll","background-type":"","background-media":"","overlay-type":"","overlay-color":"","overlay-opacity":"","overlay-gradient":""},"tablet":{"background-color":"var(--ast-global-color-4)","background-image":"","background-repeat":"repeat","background-position":"center center","background-size":"auto","background-attachment":"scroll","background-type":"","background-media":"","overlay-type":"","overlay-color":"","overlay-opacity":"","overlay-gradient":""},"mobile":{"background-color":"var(--ast-global-color-4)","background-image":"","background-repeat":"repeat","background-position":"center center","background-size":"auto","background-attachment":"scroll","background-type":"","background-media":"","overlay-type":"","overlay-color":"","overlay-opacity":"","overlay-gradient":""}},"footnotes":""},"class_list":["post-1528","page","type-page","status-publish","hentry"],"post_mailing_queue_ids":[],"_links":{"self":[{"href":"https:\/\/agora.xtec.cat\/esc-laginesta-segurdecalafell\/wp-json\/wp\/v2\/pages\/1528","targetHints":{"allow":["GET"]}}],"collection":[{"href":"https:\/\/agora.xtec.cat\/esc-laginesta-segurdecalafell\/wp-json\/wp\/v2\/pages"}],"about":[{"href":"https:\/\/agora.xtec.cat\/esc-laginesta-segurdecalafell\/wp-json\/wp\/v2\/types\/page"}],"author":[{"embeddable":true,"href":"https:\/\/agora.xtec.cat\/esc-laginesta-segurdecalafell\/wp-json\/wp\/v2\/users\/1"}],"replies":[{"embeddable":true,"href":"https:\/\/agora.xtec.cat\/esc-laginesta-segurdecalafell\/wp-json\/wp\/v2\/comments?post=1528"}],"version-history":[{"count":5,"href":"https:\/\/agora.xtec.cat\/esc-laginesta-segurdecalafell\/wp-json\/wp\/v2\/pages\/1528\/revisions"}],"predecessor-version":[{"id":3395,"href":"https:\/\/agora.xtec.cat\/esc-laginesta-segurdecalafell\/wp-json\/wp\/v2\/pages\/1528\/revisions\/3395"}],"up":[{"embeddable":true,"href":"https:\/\/agora.xtec.cat\/esc-laginesta-segurdecalafell\/wp-json\/wp\/v2\/pages\/1377"}],"wp:attachment":[{"href":"https:\/\/agora.xtec.cat\/esc-laginesta-segurdecalafell\/wp-json\/wp\/v2\/media?parent=1528"}],"curies":[{"name":"wp","href":"https:\/\/api.w.org\/{rel}","templated":true}]}}

<p>La nostra BIBLIOTECA ESCOLAR ha quedat definida en tres zones ben diferenciades:</p>
<ul>
<li><strong>Racó d’animació a la lectura:</strong></li>
</ul>
<p>Aquest espai està destinat especialment als nens i nenes d’educació infantil i cicle inicial. És un espai pensat perquè els nens (amb un màxim de 30) estiguin asseguts còmodament i puguin escoltar literatura oral.</p>
<p>Quan no s’expliquen contes, un grup reduït de nens poden fer-lo servir per llegir llibres, ja sigui a nivell d’imatges o de paraules.</p>
<ul>
<li><strong>Espai de lectura, consulta i estudi.</strong></li>
</ul>
<p>És un espai destinat a tot l’alumnat on poden llegir, estudiar, consultar informació dels llibres de coneixements o enciclopèdies, o fer treballs en grups. Aquest espai consta de 6 taules amb 4 seients cada una, que permet el treball a 25 alumnes.</p>
<p>En aquesta zona també hi haurà ( programat per aquest curs) dos ordinadors multimèdia, per fer consultes amb suport multimèdia.</p>
<ul>
<li><strong>Zona de bibliotecari/a.</strong></li>
</ul>
<p>Aquesta zona tant la pot fer servir un bibliotecari mestre o un bibliotecari alumne. És un espai destinat per fer les tasques pròpies d’una biblioteca.</p>
<p>L’escola compta amb un servei de préstec de llibres per tot l’alumnat i professorat de l’escola i és un espai per incitar al nostre alumnat a trobar el seu gust per la lectura.</p>
<p><img loading="lazy" decoding="async" class="aligncenter wp-image-1914" src="https://agora.xtec.cat/esc-laginesta-segurdecalafell/wp-content/uploads/usu578/2021/02/IMG_4184-min-1024x768.jpg" alt="" width="352" height="264" srcset="https://agora.xtec.cat/esc-laginesta-segurdecalafell/wp-content/uploads/usu578/2021/02/IMG_4184-min-1024x768.jpg 1024w, https://agora.xtec.cat/esc-laginesta-segurdecalafell/wp-content/uploads/usu578/2021/02/IMG_4184-min-300x225.jpg 300w, https://agora.xtec.cat/esc-laginesta-segurdecalafell/wp-content/uploads/usu578/2021/02/IMG_4184-min-768x576.jpg 768w, https://agora.xtec.cat/esc-laginesta-segurdecalafell/wp-content/uploads/usu578/2021/02/IMG_4184-min-200x150.jpg 200w" sizes="auto, (max-width: 352px) 100vw, 352px" /></p>


<p></p>



<p class="has-large-font-size"><strong>A la biblioteca passen coses!</strong></p>



<p class="has-medium-font-size">La nostra biblioteca s’ha convertit en un petit univers màgic que obre les portes els dimarts i dijous durant l’hora del pati. Allà dins, els llibres cobren vida, els personatges s’escapen de les pàgines i les paraules ballen entre prestatges!</p>



<p class="has-medium-font-size">Tenim un espai perquè tots els nens i nenes que vulguin fer una pausa del soroll del pati puguin endinsar-se en noves aventures.&nbsp;</p>



<p class="has-medium-font-size">Els espera un món ple de màgia… només han de creuar la porta!&nbsp;</p>



<figure class="wp-block-image size-large"><a href="https://agora.xtec.cat/esc-laginesta-segurdecalafell/wp-content/uploads/usu578/2025/12/1764169604067.jpg"><img loading="lazy" decoding="async" width="1024" height="461" src="https://agora.xtec.cat/esc-laginesta-segurdecalafell/wp-content/uploads/usu578/2025/12/1764169604067-1024x461.jpg" alt="" class="wp-image-3393" srcset="https://agora.xtec.cat/esc-laginesta-segurdecalafell/wp-content/uploads/usu578/2025/12/1764169604067-1024x461.jpg 1024w, https://agora.xtec.cat/esc-laginesta-segurdecalafell/wp-content/uploads/usu578/2025/12/1764169604067-300x135.jpg 300w, https://agora.xtec.cat/esc-laginesta-segurdecalafell/wp-content/uploads/usu578/2025/12/1764169604067-768x346.jpg 768w, https://agora.xtec.cat/esc-laginesta-segurdecalafell/wp-content/uploads/usu578/2025/12/1764169604067-1536x691.jpg 1536w, https://agora.xtec.cat/esc-laginesta-segurdecalafell/wp-content/uploads/usu578/2025/12/1764169604067.jpg 2000w" sizes="auto, (max-width: 1024px) 100vw, 1024px" /></a></figure>

<p>La nostra BIBLIOTECA ESCOLAR ha quedat definida en tres zones ben diferenciades: Racó d’animació a la lectura: Aquest espai està destinat especialment als nens i nenes d’educació infantil i cicle inicial. És un espai pensat perquè els nens (amb un màxim de 30) estiguin asseguts còmodament i puguin escoltar literatura oral. Quan no s’expliquen contes, [&hellip;]</p>
