{"id":1515,"date":"2021-02-03T13:04:43","date_gmt":"2021-02-03T12:04:43","guid":{"rendered":"http:\/\/agora.xtec.cat\/esc-laginesta-segurdecalafell\/?page_id=1515"},"modified":"2023-05-17T13:13:21","modified_gmt":"2023-05-17T11:13:21","slug":"col%c2%b7laboracio-en-festes","status":"publish","type":"page","link":"https:\/\/agora.xtec.cat\/esc-laginesta-segurdecalafell\/afa\/col%c2%b7laboracio-en-festes\/","title":{"rendered":"COL\u00b7LABORACI\u00d3 EN FESTES"},"content":{"rendered":"<p style=\"text-align: center;\"><strong>SANT JORDI 2023<\/strong><\/p>\n<p style=\"text-align: center;\">Un any m\u00e9s la hist\u00f2ria de Sant Jordi ens ha demostrat qu\u00e8 les llegendes existeixen i poden ser ben originals.<\/p>\n<div class=\"ast-oembed-container \" style=\"height: 100%;\"><iframe loading=\"lazy\" title=\"Santjordi23 afa\" width=\"500\" height=\"281\" src=\"https:\/\/www.youtube.com\/embed\/wkYXM0RCcEY?feature=oembed\" frameborder=\"0\" allow=\"accelerometer; autoplay; clipboard-write; encrypted-media; gyroscope; picture-in-picture; web-share\" referrerpolicy=\"strict-origin-when-cross-origin\" allowfullscreen><\/iframe><\/div>\n<p>&nbsp;<\/p>\n<p style=\"text-align: center;\"><strong> CARNESTOLTES 2023<\/strong><\/p>\n<p>Carnestoltes quinze voltes, la Quaresma mai vingu\u00e9s&#8230;<\/p>\n<p>Ens agrada la festa, la gresca i tamb\u00e9 molt fer esport! Ja sabeu que l&#8217;esport \u00e9s SALUT!<\/p>\n<p><img loading=\"lazy\" decoding=\"async\" class=\"aligncenter wp-image-2570\" src=\"https:\/\/agora.xtec.cat\/esc-laginesta-segurdecalafell\/wp-content\/uploads\/usu578\/2023\/02\/WhatsApp-Image-2023-02-22-at-14.10.18-1024x768.jpeg\" alt=\"\" width=\"317\" height=\"238\" srcset=\"https:\/\/agora.xtec.cat\/esc-laginesta-segurdecalafell\/wp-content\/uploads\/usu578\/2023\/02\/WhatsApp-Image-2023-02-22-at-14.10.18-1024x768.jpeg 1024w, https:\/\/agora.xtec.cat\/esc-laginesta-segurdecalafell\/wp-content\/uploads\/usu578\/2023\/02\/WhatsApp-Image-2023-02-22-at-14.10.18-300x225.jpeg 300w, https:\/\/agora.xtec.cat\/esc-laginesta-segurdecalafell\/wp-content\/uploads\/usu578\/2023\/02\/WhatsApp-Image-2023-02-22-at-14.10.18-768x576.jpeg 768w, https:\/\/agora.xtec.cat\/esc-laginesta-segurdecalafell\/wp-content\/uploads\/usu578\/2023\/02\/WhatsApp-Image-2023-02-22-at-14.10.18-1536x1152.jpeg 1536w, https:\/\/agora.xtec.cat\/esc-laginesta-segurdecalafell\/wp-content\/uploads\/usu578\/2023\/02\/WhatsApp-Image-2023-02-22-at-14.10.18-200x150.jpeg 200w, https:\/\/agora.xtec.cat\/esc-laginesta-segurdecalafell\/wp-content\/uploads\/usu578\/2023\/02\/WhatsApp-Image-2023-02-22-at-14.10.18.jpeg 2048w\" sizes=\"auto, (max-width: 317px) 100vw, 317px\" \/> <img loading=\"lazy\" decoding=\"async\" class=\"wp-image-2571 alignright\" src=\"https:\/\/agora.xtec.cat\/esc-laginesta-segurdecalafell\/wp-content\/uploads\/usu578\/2023\/02\/WhatsApp-Image-2023-02-22-at-14.10.17-1024x768.jpeg\" alt=\"\" width=\"311\" height=\"234\" srcset=\"https:\/\/agora.xtec.cat\/esc-laginesta-segurdecalafell\/wp-content\/uploads\/usu578\/2023\/02\/WhatsApp-Image-2023-02-22-at-14.10.17-1024x768.jpeg 1024w, https:\/\/agora.xtec.cat\/esc-laginesta-segurdecalafell\/wp-content\/uploads\/usu578\/2023\/02\/WhatsApp-Image-2023-02-22-at-14.10.17-300x225.jpeg 300w, https:\/\/agora.xtec.cat\/esc-laginesta-segurdecalafell\/wp-content\/uploads\/usu578\/2023\/02\/WhatsApp-Image-2023-02-22-at-14.10.17-768x576.jpeg 768w, https:\/\/agora.xtec.cat\/esc-laginesta-segurdecalafell\/wp-content\/uploads\/usu578\/2023\/02\/WhatsApp-Image-2023-02-22-at-14.10.17-1536x1152.jpeg 1536w, https:\/\/agora.xtec.cat\/esc-laginesta-segurdecalafell\/wp-content\/uploads\/usu578\/2023\/02\/WhatsApp-Image-2023-02-22-at-14.10.17-200x150.jpeg 200w, https:\/\/agora.xtec.cat\/esc-laginesta-segurdecalafell\/wp-content\/uploads\/usu578\/2023\/02\/WhatsApp-Image-2023-02-22-at-14.10.17.jpeg 2048w\" sizes=\"auto, (max-width: 311px) 100vw, 311px\" \/> <img loading=\"lazy\" decoding=\"async\" class=\"aligncenter wp-image-2572\" src=\"https:\/\/agora.xtec.cat\/esc-laginesta-segurdecalafell\/wp-content\/uploads\/usu578\/2023\/02\/WhatsApp-Image-2023-02-22-at-14.10.16-1024x768.jpeg\" alt=\"\" width=\"332\" height=\"249\" srcset=\"https:\/\/agora.xtec.cat\/esc-laginesta-segurdecalafell\/wp-content\/uploads\/usu578\/2023\/02\/WhatsApp-Image-2023-02-22-at-14.10.16-1024x768.jpeg 1024w, https:\/\/agora.xtec.cat\/esc-laginesta-segurdecalafell\/wp-content\/uploads\/usu578\/2023\/02\/WhatsApp-Image-2023-02-22-at-14.10.16-300x225.jpeg 300w, https:\/\/agora.xtec.cat\/esc-laginesta-segurdecalafell\/wp-content\/uploads\/usu578\/2023\/02\/WhatsApp-Image-2023-02-22-at-14.10.16-768x576.jpeg 768w, https:\/\/agora.xtec.cat\/esc-laginesta-segurdecalafell\/wp-content\/uploads\/usu578\/2023\/02\/WhatsApp-Image-2023-02-22-at-14.10.16-1536x1152.jpeg 1536w, https:\/\/agora.xtec.cat\/esc-laginesta-segurdecalafell\/wp-content\/uploads\/usu578\/2023\/02\/WhatsApp-Image-2023-02-22-at-14.10.16-200x150.jpeg 200w, https:\/\/agora.xtec.cat\/esc-laginesta-segurdecalafell\/wp-content\/uploads\/usu578\/2023\/02\/WhatsApp-Image-2023-02-22-at-14.10.16.jpeg 2048w\" sizes=\"auto, (max-width: 332px) 100vw, 332px\" \/><\/p>\n<p style=\"text-align: center;\"><strong>NADAL 2022<\/strong><\/p>\n<p>Un any m\u00e9s torna a ser Nadal, i el nostre desig \u00e9s que sigueu ben feli\u00e7os.<\/p>\n<div class=\"ast-oembed-container \" style=\"height: 100%;\"><iframe loading=\"lazy\" title=\"Nadal a la Ginesta 22 23\" width=\"500\" height=\"281\" src=\"https:\/\/www.youtube.com\/embed\/M7eCh8DLv5E?feature=oembed\" frameborder=\"0\" allow=\"accelerometer; autoplay; clipboard-write; encrypted-media; gyroscope; picture-in-picture; web-share\" referrerpolicy=\"strict-origin-when-cross-origin\" allowfullscreen><\/iframe><\/div>\n<p>&nbsp;<\/p>\n<p>&nbsp;<\/p>\n<p style=\"text-align: center;\"><strong>CASTANYADA 2022<\/strong><\/p>\n<p>En aquests dies que hauria de fer fred, hi ha una tradici\u00f3 que diu que s\u00f3n bones les hist\u00f2ries i les castanyes torrades, per\u00f2 vigileu que no vingui quelcom amb dolenteria i faci una trapelleria i us quedeu sense CASTANYES TORRADES!<\/p>\n<div class=\"ast-oembed-container \" style=\"height: 100%;\"><iframe loading=\"lazy\" title=\"Castanyera a la Ginesta 2022\/23\" width=\"500\" height=\"281\" src=\"https:\/\/www.youtube.com\/embed\/JgCpZ0G3l48?feature=oembed\" frameborder=\"0\" allow=\"accelerometer; autoplay; clipboard-write; encrypted-media; gyroscope; picture-in-picture; web-share\" referrerpolicy=\"strict-origin-when-cross-origin\" allowfullscreen><\/iframe><\/div>\n<p>&nbsp;<\/p>\n<p style=\"text-align: center;\"><strong>SANT JORDI 2022<\/strong><\/p>\n<p>&#8230; Sant Jordi arriba com un cavaller, amb la seva llan\u00e7a travessa el carrer&#8230;<\/p>\n<p>El divendres 22 l&#8217;AFA de l&#8217;escola va representar una nova versi\u00f3 de la llegenda, ens ho vam passar molt b\u00e9 i podeu veure una mostra.<\/p>\n<div class=\"ast-oembed-container \" style=\"height: 100%;\"><iframe loading=\"lazy\" title=\"STJORDIA LA GINESTA\" width=\"500\" height=\"375\" src=\"https:\/\/www.youtube.com\/embed\/k4lf2QaXX_w?feature=oembed\" frameborder=\"0\" allow=\"accelerometer; autoplay; clipboard-write; encrypted-media; gyroscope; picture-in-picture; web-share\" referrerpolicy=\"strict-origin-when-cross-origin\" allowfullscreen><\/iframe><\/div>\n<p>&nbsp;<\/p>\n<p>&nbsp;<\/p>\n<p style=\"text-align: center;\"><strong>CARNESTOLTES 2022<\/strong><\/p>\n<p>Carnestoltes quinze voltes, la quaresma mai vingu\u00e9s.<\/p>\n<p>Aquest any hem tingut la sort de comptar amb la patrulla canina, que ens ha ajudat a rescatar el carnestoltes segrestat. Tamb\u00e9 ens han acompanyat els nens i nenes que fan batucada a l&#8217;escola.<\/p>\n<p style=\"padding-left: 200px;\"><iframe loading=\"lazy\" title=\"YouTube video player\" src=\"https:\/\/www.youtube.com\/embed\/Kloe3ZC0IdQ\" width=\"360\" height=\"215\" frameborder=\"0\" allowfullscreen=\"allowfullscreen\"><span data-mce-type=\"bookmark\" style=\"display: inline-block; width: 0px; overflow: hidden; line-height: 0;\" class=\"mce_SELRES_start\">\ufeff<\/span><span data-mce-type=\"bookmark\" style=\"display: inline-block; width: 0px; overflow: hidden; line-height: 0;\" class=\"mce_SELRES_start\">\ufeff<\/span><span data-mce-type=\"bookmark\" style=\"display: inline-block; width: 0px; overflow: hidden; line-height: 0;\" class=\"mce_SELRES_start\">\ufeff<\/span><\/iframe><br \/>\n<iframe loading=\"lazy\" title=\"YouTube video player\" src=\"https:\/\/www.youtube.com\/embed\/fji48hLlQjU\" width=\"360\" height=\"215\" frameborder=\"0\" allowfullscreen=\"allowfullscreen\"><span data-mce-type=\"bookmark\" style=\"display: inline-block; width: 0px; overflow: hidden; line-height: 0;\" class=\"mce_SELRES_start\">\ufeff<\/span><\/iframe><\/p>\n<p style=\"text-align: center;\"><strong>NADAL 2022<\/strong><\/p>\n<p>Aquesta vegada hem estat col\u00b7laboradors de la m\u00e0gia del Nadal. Acompanyant a buscar el ti\u00f3, preparats per l&#8217;entrega de la carta al patge reial, i de l&#8217;espectacle nadalec teatralitzat.<\/p>\n<p>El voleu veure? Gaudiu-lo molt<\/p>\n<div class=\"ast-oembed-container \" style=\"height: 100%;\"><iframe loading=\"lazy\" title=\"Arriba el Nadal, Escola la Ginesta_AFA\" width=\"500\" height=\"375\" src=\"https:\/\/www.youtube.com\/embed\/lVOWXarFTTk?feature=oembed\" frameborder=\"0\" allow=\"accelerometer; autoplay; clipboard-write; encrypted-media; gyroscope; picture-in-picture; web-share\" referrerpolicy=\"strict-origin-when-cross-origin\" allowfullscreen><\/iframe><\/div>\n<p>&nbsp;<\/p>\n<p style=\"text-align: center;\"><strong>HALLOWEEN 2021<\/strong><\/p>\n<p>A pesar de la situaci\u00f3 de pand\u00e8mia que estem vivint, l&#8217;AFA continua ofertant diferents propostes per amenitzar i presentar les festes als nens i nenes de l&#8217;escola. Seguint les mesures recomanades s&#8217;ha pogut realitzar el tradicional T\u00fanel del Terror.<\/p>\n<div class=\"ast-oembed-container \" style=\"height: 100%;\"><iframe loading=\"lazy\" title=\"T\u00fanel del Terror_Halloween 2021\" width=\"500\" height=\"375\" src=\"https:\/\/www.youtube.com\/embed\/RoeOos90fCc?feature=oembed\" frameborder=\"0\" allow=\"accelerometer; autoplay; clipboard-write; encrypted-media; gyroscope; picture-in-picture; web-share\" referrerpolicy=\"strict-origin-when-cross-origin\" allowfullscreen><\/iframe><\/div>\n<p>&nbsp;<\/p>\n<p style=\"text-align: center;\"><strong>CARNAVAL 2021<\/strong><\/p>\n<p>A pesar de la situaci\u00f3 de pand\u00e8mia que estem vivint, l&#8217;AFA continua ofertant diferents propostes per amenitzar i presentar les festes als nens i nenes de l&#8217;escola. Aquesta vegada hem fet un v\u00eddeo del Carnestoltes presentant les consignes de la setmana de carnaval. Mireu que divertides que s\u00f3n!!!<\/p>\n<p style=\"text-align: center;\"><strong>Podeu accedir al v\u00eddeo clicant sobre la imatge!<\/strong><\/p>\n<p><a href=\"https:\/\/drive.google.com\/file\/d\/1C-CfqBZZW6NdXSGu5H_s_Dp-_YOu5nuV\/view?usp=sharing\"><img loading=\"lazy\" decoding=\"async\" class=\"aligncenter wp-image-2055\" src=\"https:\/\/agora.xtec.cat\/esc-laginesta-segurdecalafell\/wp-content\/uploads\/usu578\/2021\/04\/carnaval-portada.png\" alt=\"\" width=\"582\" height=\"263\" srcset=\"https:\/\/agora.xtec.cat\/esc-laginesta-segurdecalafell\/wp-content\/uploads\/usu578\/2021\/04\/carnaval-portada.png 533w, https:\/\/agora.xtec.cat\/esc-laginesta-segurdecalafell\/wp-content\/uploads\/usu578\/2021\/04\/carnaval-portada-300x136.png 300w\" sizes=\"auto, (max-width: 582px) 100vw, 582px\" \/><\/a><\/p>\n","protected":false},"excerpt":{"rendered":"<p>SANT JORDI 2023 Un any m\u00e9s la hist\u00f2ria de Sant Jordi ens ha demostrat qu\u00e8 les llegendes existeixen i poden ser ben originals. &nbsp; CARNESTOLTES 2023 Carnestoltes quinze voltes, la Quaresma mai vingu\u00e9s&#8230; Ens agrada la festa, la gresca i tamb\u00e9 molt fer esport! Ja sabeu que l&#8217;esport \u00e9s SALUT! NADAL 2022 Un any m\u00e9s [&hellip;]<\/p>\n","protected":false},"author":1,"featured_media":0,"parent":1679,"menu_order":4,"comment_status":"closed","ping_status":"closed","template":"page-templates\/side-menu.php","meta":{"_bbp_topic_count":0,"_bbp_reply_count":0,"_bbp_total_topic_count":0,"_bbp_total_reply_count":0,"_bbp_voice_count":0,"_bbp_anonymous_reply_count":0,"_bbp_topic_count_hidden":0,"_bbp_reply_count_hidden":0,"_bbp_forum_subforum_count":0,"site-sidebar-layout":"default","site-content-layout":"","ast-site-content-layout":"","site-content-style":"default","site-sidebar-style":"default","ast-global-header-display":"","ast-banner-title-visibility":"","ast-main-header-display":"","ast-hfb-above-header-display":"","ast-hfb-below-header-display":"","ast-hfb-mobile-header-display":"","site-post-title":"","ast-breadcrumbs-content":"","ast-featured-img":"","footer-sml-layout":"","theme-transparent-header-meta":"","adv-header-id-meta":"","stick-header-meta":"","header-above-stick-meta":"","header-main-stick-meta":"","header-below-stick-meta":"","astra-migrate-meta-layouts":"default","ast-page-background-enabled":"default","ast-page-background-meta":{"desktop":{"background-color":"var(--ast-global-color-5)","background-image":"","background-repeat":"repeat","background-position":"center center","background-size":"auto","background-attachment":"scroll","background-type":"","background-media":"","overlay-type":"","overlay-color":"","overlay-opacity":"","overlay-gradient":""},"tablet":{"background-color":"","background-image":"","background-repeat":"repeat","background-position":"center center","background-size":"auto","background-attachment":"scroll","background-type":"","background-media":"","overlay-type":"","overlay-color":"","overlay-opacity":"","overlay-gradient":""},"mobile":{"background-color":"","background-image":"","background-repeat":"repeat","background-position":"center center","background-size":"auto","background-attachment":"scroll","background-type":"","background-media":"","overlay-type":"","overlay-color":"","overlay-opacity":"","overlay-gradient":""}},"ast-content-background-meta":{"desktop":{"background-color":"var(--ast-global-color-4)","background-image":"","background-repeat":"repeat","background-position":"center center","background-size":"auto","background-attachment":"scroll","background-type":"","background-media":"","overlay-type":"","overlay-color":"","overlay-opacity":"","overlay-gradient":""},"tablet":{"background-color":"var(--ast-global-color-4)","background-image":"","background-repeat":"repeat","background-position":"center center","background-size":"auto","background-attachment":"scroll","background-type":"","background-media":"","overlay-type":"","overlay-color":"","overlay-opacity":"","overlay-gradient":""},"mobile":{"background-color":"var(--ast-global-color-4)","background-image":"","background-repeat":"repeat","background-position":"center center","background-size":"auto","background-attachment":"scroll","background-type":"","background-media":"","overlay-type":"","overlay-color":"","overlay-opacity":"","overlay-gradient":""}},"footnotes":""},"class_list":["post-1515","page","type-page","status-publish","hentry"],"post_mailing_queue_ids":[],"_links":{"self":[{"href":"https:\/\/agora.xtec.cat\/esc-laginesta-segurdecalafell\/wp-json\/wp\/v2\/pages\/1515","targetHints":{"allow":["GET"]}}],"collection":[{"href":"https:\/\/agora.xtec.cat\/esc-laginesta-segurdecalafell\/wp-json\/wp\/v2\/pages"}],"about":[{"href":"https:\/\/agora.xtec.cat\/esc-laginesta-segurdecalafell\/wp-json\/wp\/v2\/types\/page"}],"author":[{"embeddable":true,"href":"https:\/\/agora.xtec.cat\/esc-laginesta-segurdecalafell\/wp-json\/wp\/v2\/users\/1"}],"replies":[{"embeddable":true,"href":"https:\/\/agora.xtec.cat\/esc-laginesta-segurdecalafell\/wp-json\/wp\/v2\/comments?post=1515"}],"version-history":[{"count":3,"href":"https:\/\/agora.xtec.cat\/esc-laginesta-segurdecalafell\/wp-json\/wp\/v2\/pages\/1515\/revisions"}],"predecessor-version":[{"id":2688,"href":"https:\/\/agora.xtec.cat\/esc-laginesta-segurdecalafell\/wp-json\/wp\/v2\/pages\/1515\/revisions\/2688"}],"up":[{"embeddable":true,"href":"https:\/\/agora.xtec.cat\/esc-laginesta-segurdecalafell\/wp-json\/wp\/v2\/pages\/1679"}],"wp:attachment":[{"href":"https:\/\/agora.xtec.cat\/esc-laginesta-segurdecalafell\/wp-json\/wp\/v2\/media?parent=1515"}],"curies":[{"name":"wp","href":"https:\/\/api.w.org\/{rel}","templated":true}]}}