{"id":34,"date":"2014-09-18T12:32:18","date_gmt":"2014-09-18T11:32:18","guid":{"rendered":"http:\/\/agora.xtec.cat\/esc-la-cabana\/?page_id=34"},"modified":"2025-11-17T13:36:21","modified_gmt":"2025-11-17T12:36:21","slug":"oferta-educativa","status":"publish","type":"page","link":"https:\/\/agora.xtec.cat\/esc-la-cabana\/lescola\/oferta-educativa\/","title":{"rendered":"Oferta educativa"},"content":{"rendered":"<p><span style=\"font-family: inherit; font-size: 1em;\">Degut a la tipologia i ideologia d&#8217;escola el nostre alumnat s&#8217;organitza de forma c\u00edclica, \u00e9s a dir, dos cursos en una sola aula. Amb tot, aquest curs 2025-26 a educaci\u00f3 infantil s&#8217;ha optat per fer agrupacions per nivell.<\/span><\/p>\n<p>Com cada curs escolar l&#8217;equip docent escull una tem\u00e0tica perqu\u00e8 l&#8217;alumnat esculli el seu nom per a la classe. Enguany, la tem\u00e0tica est\u00e0 relacionada amb l&#8217;Any Gaud\u00ed; coincidint amb el centenari de la mort d&#8217;un dels m\u00e0xims exponents del modernisme i un dels arquitectes m\u00e9s influents de la hist\u00f2ria de l\u2019arquitectura mundial a casa nostra: Antoni Gaud\u00ed i Cornet.<\/p>\n<p>Les agrupacions d&#8217;aquest curs 2025-2026 amb el\/la docent de refer\u00e8ncia i els respectius noms de la classe s\u00f3n:<\/p>\n<p><img loading=\"lazy\" decoding=\"async\" class=\" wp-image-20931 alignleft\" src=\"https:\/\/agora.xtec.cat\/esc-la-cabana\/wp-content\/uploads\/usu849\/2025\/02\/Educacio-infantil-300x139.png\" alt=\"\" width=\"401\" height=\"186\" srcset=\"https:\/\/agora.xtec.cat\/esc-la-cabana\/wp-content\/uploads\/usu849\/2025\/02\/Educacio-infantil-300x139.png 300w, https:\/\/agora.xtec.cat\/esc-la-cabana\/wp-content\/uploads\/usu849\/2025\/02\/Educacio-infantil-1024x474.png 1024w, https:\/\/agora.xtec.cat\/esc-la-cabana\/wp-content\/uploads\/usu849\/2025\/02\/Educacio-infantil-768x355.png 768w, https:\/\/agora.xtec.cat\/esc-la-cabana\/wp-content\/uploads\/usu849\/2025\/02\/Educacio-infantil-1536x711.png 1536w, https:\/\/agora.xtec.cat\/esc-la-cabana\/wp-content\/uploads\/usu849\/2025\/02\/Educacio-infantil.png 1843w\" sizes=\"auto, (max-width: 401px) 100vw, 401px\" \/><\/p>\n<p><strong>I3:<\/strong> Conchi Ruiz (Classe de la Casa Batll\u00f3)<\/p>\n<p><strong>I4:<\/strong> Elisabet Ferran (Classe del Parc G\u00fcell)<\/p>\n<p><strong>I5:<\/strong> Cristina Garcia (Classe de La Sagrada Fam\u00edlia)<\/p>\n<p>&nbsp;<\/p>\n<p>&nbsp;<\/p>\n<p><img loading=\"lazy\" decoding=\"async\" class=\"wp-image-20934 aligncenter\" src=\"https:\/\/agora.xtec.cat\/esc-la-cabana\/wp-content\/uploads\/usu849\/2025\/02\/Educacio-Primaria-300x139.png\" alt=\"\" width=\"401\" height=\"186\" srcset=\"https:\/\/agora.xtec.cat\/esc-la-cabana\/wp-content\/uploads\/usu849\/2025\/02\/Educacio-Primaria-300x139.png 300w, https:\/\/agora.xtec.cat\/esc-la-cabana\/wp-content\/uploads\/usu849\/2025\/02\/Educacio-Primaria-1024x475.png 1024w, https:\/\/agora.xtec.cat\/esc-la-cabana\/wp-content\/uploads\/usu849\/2025\/02\/Educacio-Primaria-768x356.png 768w, https:\/\/agora.xtec.cat\/esc-la-cabana\/wp-content\/uploads\/usu849\/2025\/02\/Educacio-Primaria-1536x713.png 1536w, https:\/\/agora.xtec.cat\/esc-la-cabana\/wp-content\/uploads\/usu849\/2025\/02\/Educacio-Primaria.png 1801w\" sizes=\"auto, (max-width: 401px) 100vw, 401px\" \/><\/p>\n<p><strong>Primer Cicle A:<\/strong> Elisabet Faura (Classe de la Col\u00f2nia G\u00fcell i la Cripta)<\/p>\n<p><strong>Primer Cicle B: <\/strong>Mayca Gonz\u00e1lez (Classe de La Pedrera)<\/p>\n<p><strong>Segon Cicle B:<\/strong> Iv\u00e1n Ortiz i Ana Sala (Classe dels ceramistes)<\/p>\n<p><strong>Tercer Cicle A:<\/strong> Marisol Rodr\u00edguez (Classe dels Dracs)<\/p>\n<p><strong>Tercer Cicle B:<\/strong> Esther Jim\u00e9nez (Classe del Trencad\u00eds)<\/p>\n<p><span style=\"text-decoration: underline;\"><strong>ESPECIALITATS<\/strong><\/span><\/p>\n<p><strong>Especialista de Psicomotricitat<\/strong>: Montse Rico<\/p>\n<p><strong>Especialista d&#8217;educaci\u00f3 f\u00edsica:\u00a0<\/strong> Iv\u00e1n Ortiz i Montse Rico<\/p>\n<p><strong>Especialista d&#8217;angl\u00e8s:<\/strong> No\u00e8lia Callau\u00a0 i Esther Jim\u00e9nez<\/p>\n<p><img loading=\"lazy\" decoding=\"async\" class=\"wp-image-20815 alignright\" src=\"https:\/\/agora.xtec.cat\/esc-la-cabana\/wp-content\/uploads\/usu849\/2025\/02\/oferta-educativa-300x248.jpg\" alt=\"\" width=\"336\" height=\"278\" srcset=\"https:\/\/agora.xtec.cat\/esc-la-cabana\/wp-content\/uploads\/usu849\/2025\/02\/oferta-educativa-300x248.jpg 300w, https:\/\/agora.xtec.cat\/esc-la-cabana\/wp-content\/uploads\/usu849\/2025\/02\/oferta-educativa-768x635.jpg 768w, https:\/\/agora.xtec.cat\/esc-la-cabana\/wp-content\/uploads\/usu849\/2025\/02\/oferta-educativa.jpg 1024w\" sizes=\"auto, (max-width: 336px) 100vw, 336px\" \/><\/p>\n<p><strong>Especialista de m\u00fasica:<\/strong> Leo Tejedor<\/p>\n<p><strong>Especialista d&#8217;educaci\u00f3 especial:<\/strong> Laia Card\u00fas<\/p>\n","protected":false},"excerpt":{"rendered":"<p>Degut a la tipologia i ideologia d&#8217;escola el nostre alumnat s&#8217;organitza de forma c\u00edclica, \u00e9s a dir, dos cursos en una sola aula. Amb tot, aquest curs 2025-26 a educaci\u00f3 infantil s&#8217;ha optat per fer agrupacions per nivell. Com cada curs escolar l&#8217;equip docent escull una tem\u00e0tica perqu\u00e8 l&#8217;alumnat esculli el seu nom per a [&hellip;]<\/p>\n","protected":false},"author":1,"featured_media":0,"parent":22,"menu_order":60,"comment_status":"closed","ping_status":"closed","template":"page-templates\/side-menu.php","meta":{"_bbp_topic_count":0,"_bbp_reply_count":0,"_bbp_total_topic_count":0,"_bbp_total_reply_count":0,"_bbp_voice_count":0,"_bbp_anonymous_reply_count":0,"_bbp_topic_count_hidden":0,"_bbp_reply_count_hidden":0,"_bbp_forum_subforum_count":0,"site-sidebar-layout":"default","site-content-layout":"","ast-site-content-layout":"","site-content-style":"default","site-sidebar-style":"default","ast-global-header-display":"","ast-banner-title-visibility":"","ast-main-header-display":"","ast-hfb-above-header-display":"","ast-hfb-below-header-display":"","ast-hfb-mobile-header-display":"","site-post-title":"","ast-breadcrumbs-content":"","ast-featured-img":"","footer-sml-layout":"","theme-transparent-header-meta":"","adv-header-id-meta":"","stick-header-meta":"","header-above-stick-meta":"","header-main-stick-meta":"","header-below-stick-meta":"","astra-migrate-meta-layouts":"default","ast-page-background-enabled":"default","ast-page-background-meta":{"desktop":{"background-color":"var(--ast-global-color-4)","background-image":"","background-repeat":"repeat","background-position":"center center","background-size":"auto","background-attachment":"scroll","background-type":"","background-media":"","overlay-type":"","overlay-color":"","overlay-opacity":"","overlay-gradient":""},"tablet":{"background-color":"","background-image":"","background-repeat":"repeat","background-position":"center center","background-size":"auto","background-attachment":"scroll","background-type":"","background-media":"","overlay-type":"","overlay-color":"","overlay-opacity":"","overlay-gradient":""},"mobile":{"background-color":"","background-image":"","background-repeat":"repeat","background-position":"center center","background-size":"auto","background-attachment":"scroll","background-type":"","background-media":"","overlay-type":"","overlay-color":"","overlay-opacity":"","overlay-gradient":""}},"ast-content-background-meta":{"desktop":{"background-color":"var(--ast-global-color-5)","background-image":"","background-repeat":"repeat","background-position":"center center","background-size":"auto","background-attachment":"scroll","background-type":"","background-media":"","overlay-type":"","overlay-color":"","overlay-opacity":"","overlay-gradient":""},"tablet":{"background-color":"var(--ast-global-color-5)","background-image":"","background-repeat":"repeat","background-position":"center center","background-size":"auto","background-attachment":"scroll","background-type":"","background-media":"","overlay-type":"","overlay-color":"","overlay-opacity":"","overlay-gradient":""},"mobile":{"background-color":"var(--ast-global-color-5)","background-image":"","background-repeat":"repeat","background-position":"center center","background-size":"auto","background-attachment":"scroll","background-type":"","background-media":"","overlay-type":"","overlay-color":"","overlay-opacity":"","overlay-gradient":""}},"footnotes":""},"class_list":["post-34","page","type-page","status-publish","hentry"],"post_mailing_queue_ids":[],"_links":{"self":[{"href":"https:\/\/agora.xtec.cat\/esc-la-cabana\/wp-json\/wp\/v2\/pages\/34","targetHints":{"allow":["GET"]}}],"collection":[{"href":"https:\/\/agora.xtec.cat\/esc-la-cabana\/wp-json\/wp\/v2\/pages"}],"about":[{"href":"https:\/\/agora.xtec.cat\/esc-la-cabana\/wp-json\/wp\/v2\/types\/page"}],"author":[{"embeddable":true,"href":"https:\/\/agora.xtec.cat\/esc-la-cabana\/wp-json\/wp\/v2\/users\/1"}],"replies":[{"embeddable":true,"href":"https:\/\/agora.xtec.cat\/esc-la-cabana\/wp-json\/wp\/v2\/comments?post=34"}],"version-history":[{"count":7,"href":"https:\/\/agora.xtec.cat\/esc-la-cabana\/wp-json\/wp\/v2\/pages\/34\/revisions"}],"predecessor-version":[{"id":21573,"href":"https:\/\/agora.xtec.cat\/esc-la-cabana\/wp-json\/wp\/v2\/pages\/34\/revisions\/21573"}],"up":[{"embeddable":true,"href":"https:\/\/agora.xtec.cat\/esc-la-cabana\/wp-json\/wp\/v2\/pages\/22"}],"wp:attachment":[{"href":"https:\/\/agora.xtec.cat\/esc-la-cabana\/wp-json\/wp\/v2\/media?parent=34"}],"curies":[{"name":"wp","href":"https:\/\/api.w.org\/{rel}","templated":true}]}}

<p><span style="font-family: inherit; font-size: 1em;">Degut a la tipologia i ideologia d&#8217;escola el nostre alumnat s&#8217;organitza de forma cíclica, és a dir, dos cursos en una sola aula. Amb tot, aquest curs 2025-26 a educació infantil s&#8217;ha optat per fer agrupacions per nivell.</span></p>
<p>Com cada curs escolar l&#8217;equip docent escull una temàtica perquè l&#8217;alumnat esculli el seu nom per a la classe. Enguany, la temàtica està relacionada amb l&#8217;Any Gaudí; coincidint amb el centenari de la mort d&#8217;un dels màxims exponents del modernisme i un dels arquitectes més influents de la història de l’arquitectura mundial a casa nostra: Antoni Gaudí i Cornet.</p>
<p>Les agrupacions d&#8217;aquest curs 2025-2026 amb el/la docent de referència i els respectius noms de la classe són:</p>
<p><img loading="lazy" decoding="async" class=" wp-image-20931 alignleft" src="https://agora.xtec.cat/esc-la-cabana/wp-content/uploads/usu849/2025/02/Educacio-infantil-300x139.png" alt="" width="401" height="186" srcset="https://agora.xtec.cat/esc-la-cabana/wp-content/uploads/usu849/2025/02/Educacio-infantil-300x139.png 300w, https://agora.xtec.cat/esc-la-cabana/wp-content/uploads/usu849/2025/02/Educacio-infantil-1024x474.png 1024w, https://agora.xtec.cat/esc-la-cabana/wp-content/uploads/usu849/2025/02/Educacio-infantil-768x355.png 768w, https://agora.xtec.cat/esc-la-cabana/wp-content/uploads/usu849/2025/02/Educacio-infantil-1536x711.png 1536w, https://agora.xtec.cat/esc-la-cabana/wp-content/uploads/usu849/2025/02/Educacio-infantil.png 1843w" sizes="auto, (max-width: 401px) 100vw, 401px" /></p>
<p><strong>I3:</strong> Conchi Ruiz (Classe de la Casa Batlló)</p>
<p><strong>I4:</strong> Elisabet Ferran (Classe del Parc Güell)</p>
<p><strong>I5:</strong> Cristina Garcia (Classe de La Sagrada Família)</p>
<p>&nbsp;</p>
<p>&nbsp;</p>
<p><img loading="lazy" decoding="async" class="wp-image-20934 aligncenter" src="https://agora.xtec.cat/esc-la-cabana/wp-content/uploads/usu849/2025/02/Educacio-Primaria-300x139.png" alt="" width="401" height="186" srcset="https://agora.xtec.cat/esc-la-cabana/wp-content/uploads/usu849/2025/02/Educacio-Primaria-300x139.png 300w, https://agora.xtec.cat/esc-la-cabana/wp-content/uploads/usu849/2025/02/Educacio-Primaria-1024x475.png 1024w, https://agora.xtec.cat/esc-la-cabana/wp-content/uploads/usu849/2025/02/Educacio-Primaria-768x356.png 768w, https://agora.xtec.cat/esc-la-cabana/wp-content/uploads/usu849/2025/02/Educacio-Primaria-1536x713.png 1536w, https://agora.xtec.cat/esc-la-cabana/wp-content/uploads/usu849/2025/02/Educacio-Primaria.png 1801w" sizes="auto, (max-width: 401px) 100vw, 401px" /></p>
<p><strong>Primer Cicle A:</strong> Elisabet Faura (Classe de la Colònia Güell i la Cripta)</p>
<p><strong>Primer Cicle B: </strong>Mayca González (Classe de La Pedrera)</p>
<p><strong>Segon Cicle B:</strong> Iván Ortiz i Ana Sala (Classe dels ceramistes)</p>
<p><strong>Tercer Cicle A:</strong> Marisol Rodríguez (Classe dels Dracs)</p>
<p><strong>Tercer Cicle B:</strong> Esther Jiménez (Classe del Trencadís)</p>
<p><span style="text-decoration: underline;"><strong>ESPECIALITATS</strong></span></p>
<p><strong>Especialista de Psicomotricitat</strong>: Montse Rico</p>
<p><strong>Especialista d&#8217;educació física: </strong> Iván Ortiz i Montse Rico</p>
<p><strong>Especialista d&#8217;anglès:</strong> Noèlia Callau  i Esther Jiménez</p>
<p><img loading="lazy" decoding="async" class="wp-image-20815 alignright" src="https://agora.xtec.cat/esc-la-cabana/wp-content/uploads/usu849/2025/02/oferta-educativa-300x248.jpg" alt="" width="336" height="278" srcset="https://agora.xtec.cat/esc-la-cabana/wp-content/uploads/usu849/2025/02/oferta-educativa-300x248.jpg 300w, https://agora.xtec.cat/esc-la-cabana/wp-content/uploads/usu849/2025/02/oferta-educativa-768x635.jpg 768w, https://agora.xtec.cat/esc-la-cabana/wp-content/uploads/usu849/2025/02/oferta-educativa.jpg 1024w" sizes="auto, (max-width: 336px) 100vw, 336px" /></p>
<p><strong>Especialista de música:</strong> Leo Tejedor</p>
<p><strong>Especialista d&#8217;educació especial:</strong> Laia Cardús</p>

<p>Degut a la tipologia i ideologia d&#8217;escola el nostre alumnat s&#8217;organitza de forma cíclica, és a dir, dos cursos en una sola aula. Amb tot, aquest curs 2025-26 a educació infantil s&#8217;ha optat per fer agrupacions per nivell. Com cada curs escolar l&#8217;equip docent escull una temàtica perquè l&#8217;alumnat esculli el seu nom per a [&hellip;]</p>
